{"id":2780,"date":"2012-02-08T22:34:39","date_gmt":"2012-02-08T21:34:39","guid":{"rendered":"http:\/\/cesin.net.pl\/Blog\/?post_type=tribe_events&#038;p=2780"},"modified":"2020-11-06T13:31:50","modified_gmt":"2020-11-06T12:31:50","slug":"o-pozytywnej-pamieci-na-uniwersytecie-trzeciego-wieku-spotkanie-z-dr-ewa-woydyllo","status":"publish","type":"tribe_events","link":"https:\/\/shalom.org.pl\/en\/event\/o-pozytywnej-pamieci-na-uniwersytecie-trzeciego-wieku-spotkanie-z-dr-ewa-woydyllo\/","title":{"rendered":"O pozytywnej pami\u0119ci na Uniwersytecie Trzeciego Wieku &#8211; spotkanie z dr. Ew\u0105 Woydy\u0142\u0142o"},"content":{"rendered":"<p class=\"qtranxs-available-languages-message qtranxs-available-languages-message-en\">Sorry, this entry is only available in <a href=\"https:\/\/shalom.org.pl\/pl\/wp-json\/wp\/v2\/tribe_events\/2780\" class=\"qtranxs-available-language-link qtranxs-available-language-link-pl\" title=\"Polski\">Polski<\/a>.<\/p>","protected":false},"excerpt":{"rendered":"<p>Sorry, this entry is only available in Polski.<\/p>\n","protected":false},"author":1,"featured_media":2781,"comment_status":"closed","ping_status":"closed","template":"","meta":{"_acf_changed":false,"ngg_post_thumbnail":0,"_tribe_events_status":"","_tribe_events_status_reason":"","footnotes":""},"tags":[],"tribe_events_cat":[346],"class_list":["post-2780","tribe_events","type-tribe_events","status-publish","has-post-thumbnail","hentry","tribe_events_cat-edukacja-pl","cat_edukacja-pl"],"acf":[],"_links":{"self":[{"href":"https:\/\/shalom.org.pl\/en\/wp-json\/wp\/v2\/tribe_events\/2780","targetHints":{"allow":["GET"]}}],"collection":[{"href":"https:\/\/shalom.org.pl\/en\/wp-json\/wp\/v2\/tribe_events"}],"about":[{"href":"https:\/\/shalom.org.pl\/en\/wp-json\/wp\/v2\/types\/tribe_events"}],"author":[{"embeddable":true,"href":"https:\/\/shalom.org.pl\/en\/wp-json\/wp\/v2\/users\/1"}],"replies":[{"embeddable":true,"href":"https:\/\/shalom.org.pl\/en\/wp-json\/wp\/v2\/comments?post=2780"}],"version-history":[{"count":1,"href":"https:\/\/shalom.org.pl\/en\/wp-json\/wp\/v2\/tribe_events\/2780\/revisions"}],"predecessor-version":[{"id":12489,"href":"https:\/\/shalom.org.pl\/en\/wp-json\/wp\/v2\/tribe_events\/2780\/revisions\/12489"}],"wp:featuredmedia":[{"embeddable":true,"href":"https:\/\/shalom.org.pl\/en\/wp-json\/wp\/v2\/media\/2781"}],"wp:attachment":[{"href":"https:\/\/shalom.org.pl\/en\/wp-json\/wp\/v2\/media?parent=2780"}],"wp:term":[{"taxonomy":"post_tag","embeddable":true,"href":"https:\/\/shalom.org.pl\/en\/wp-json\/wp\/v2\/tags?post=2780"},{"taxonomy":"tribe_events_cat","embeddable":true,"href":"https:\/\/shalom.org.pl\/en\/wp-json\/wp\/v2\/tribe_events_cat?post=2780"}],"curies":[{"name":"wp","href":"https:\/\/api.w.org\/{rel}","templated":true}]}}

O pozytywnej pamięci na Uniwersytecie Trzeciego Wieku &#8211; spotkanie z dr. Ewą Woydyłło
