{"id":2720,"date":"2012-10-06T21:57:07","date_gmt":"2012-10-06T20:57:07","guid":{"rendered":"http:\/\/cesin.net.pl\/Blog\/?post_type=tribe_events&#038;p=2720"},"modified":"2020-11-06T13:31:48","modified_gmt":"2020-11-06T12:31:48","slug":"otwarcie-wystawy-we-wlodawie-muzeum-pojezierza-leczynsko-wlodawskiego","status":"publish","type":"tribe_events","link":"https:\/\/shalom.org.pl\/en\/event\/otwarcie-wystawy-we-wlodawie-muzeum-pojezierza-leczynsko-wlodawskiego\/","title":{"rendered":"Otwarcie wystawy we W\u0142odawie, Muzeum Pojezierza \u0141\u0119czy\u0144sko-W\u0142odawskiego"},"content":{"rendered":"<p class=\"qtranxs-available-languages-message qtranxs-available-languages-message-en\">Sorry, this entry is only available in <a href=\"https:\/\/shalom.org.pl\/pl\/wp-json\/wp\/v2\/tribe_events\/2720\" class=\"qtranxs-available-language-link qtranxs-available-language-link-pl\" title=\"Polski\">Polski<\/a>.<\/p>","protected":false},"excerpt":{"rendered":"<p>Sorry, this entry is only available in Polski.<\/p>\n","protected":false},"author":1,"featured_media":2721,"comment_status":"closed","ping_status":"closed","template":"","meta":{"_acf_changed":false,"ngg_post_thumbnail":0,"_tribe_events_status":"","_tribe_events_status_reason":"","footnotes":""},"tags":[],"tribe_events_cat":[358,362],"class_list":["post-2720","tribe_events","type-tribe_events","status-publish","has-post-thumbnail","hentry","tribe_events_cat-kultura-pl","tribe_events_cat-pamiec-pl","cat_kultura-pl","cat_pamiec-pl"],"acf":[],"_links":{"self":[{"href":"https:\/\/shalom.org.pl\/en\/wp-json\/wp\/v2\/tribe_events\/2720","targetHints":{"allow":["GET"]}}],"collection":[{"href":"https:\/\/shalom.org.pl\/en\/wp-json\/wp\/v2\/tribe_events"}],"about":[{"href":"https:\/\/shalom.org.pl\/en\/wp-json\/wp\/v2\/types\/tribe_events"}],"author":[{"embeddable":true,"href":"https:\/\/shalom.org.pl\/en\/wp-json\/wp\/v2\/users\/1"}],"replies":[{"embeddable":true,"href":"https:\/\/shalom.org.pl\/en\/wp-json\/wp\/v2\/comments?post=2720"}],"version-history":[{"count":1,"href":"https:\/\/shalom.org.pl\/en\/wp-json\/wp\/v2\/tribe_events\/2720\/revisions"}],"predecessor-version":[{"id":5970,"href":"https:\/\/shalom.org.pl\/en\/wp-json\/wp\/v2\/tribe_events\/2720\/revisions\/5970"}],"wp:featuredmedia":[{"embeddable":true,"href":"https:\/\/shalom.org.pl\/en\/wp-json\/wp\/v2\/media\/2721"}],"wp:attachment":[{"href":"https:\/\/shalom.org.pl\/en\/wp-json\/wp\/v2\/media?parent=2720"}],"wp:term":[{"taxonomy":"post_tag","embeddable":true,"href":"https:\/\/shalom.org.pl\/en\/wp-json\/wp\/v2\/tags?post=2720"},{"taxonomy":"tribe_events_cat","embeddable":true,"href":"https:\/\/shalom.org.pl\/en\/wp-json\/wp\/v2\/tribe_events_cat?post=2720"}],"curies":[{"name":"wp","href":"https:\/\/api.w.org\/{rel}","templated":true}]}}

Otwarcie wystawy we Włodawie, Muzeum Pojezierza Łęczyńsko-Włodawskiego
