{"id":21719,"date":"2025-05-29T22:59:38","date_gmt":"2025-05-29T20:59:38","guid":{"rendered":"https:\/\/shalom.org.pl\/?post_type=tribe_events&#038;p=21719"},"modified":"2025-05-30T11:22:28","modified_gmt":"2025-05-30T09:22:28","slug":"rusza-final-xiv-edycji-ogolnopolskiego-konkursu-dla-mlodziezy-historia-i-kultura-zydow-polskich","status":"publish","type":"tribe_events","link":"https:\/\/shalom.org.pl\/en\/event\/rusza-final-xiv-edycji-ogolnopolskiego-konkursu-dla-mlodziezy-historia-i-kultura-zydow-polskich\/","title":{"rendered":"Rusza fina\u0142 XIV edycji og\u00f3lnopolskiego konkursu dla m\u0142odzie\u017cy  \u201eHistoria i Kultura \u017byd\u00f3w Polskich&#8221;"},"content":{"rendered":"<h3 data-start=\"261\" data-end=\"328\">Ju\u017c 7 czerwca w Warszawie odb\u0119dzie si\u0119 fina\u0142 XIV edycji og\u00f3lnopolskiego konkursu \u201eHistoria i Kultura \u017byd\u00f3w Polskich\u201d, organizowanego przez Fundacj\u0119 Shalom. Do etapu ustnego zakwalifikowali si\u0119 autorzy najlepszych prac z ca\u0142ej Polski \u2013 m\u0142odzi pasjonaci historii, kt\u00f3rych wiedza, zaanga\u017cowanie i poziom refleksji zdecydowanie wyr\u00f3\u017cniaj\u0105 ich na tle r\u00f3wie\u015bnik\u00f3w.<\/h3>\n<p data-start=\"730\" data-end=\"1061\">Finali\u015bci przyje\u017cd\u017caj\u0105 z najdalszych zak\u0105tk\u00f3w kraju \u2013 z ma\u0142ych miejscowo\u015bci i wsi, gdzie dost\u0119p do specjalistycznych \u017ar\u00f3de\u0142 i bibliotek jest ograniczony. Mimo to wielu z nich dotar\u0142o do nieznanych wcze\u015bniej materia\u0142\u00f3w \u017ar\u00f3d\u0142owych, przeprowadzi\u0142o dojrza\u0142e badania, a ich prace \u015bwiadcz\u0105 o niezwyk\u0142ej wra\u017cliwo\u015bci i talencie literackim.<\/p>\n<p data-start=\"1063\" data-end=\"1434\">\ud83d\udccd <strong data-start=\"1066\" data-end=\"1165\">Egzaminy ustne odb\u0119d\u0105 si\u0119 7 czerwca 2025 r. (sobota) od godz. 10:00 w siedzibie Fundacji Shalom<\/strong> \u2013 ul. Senatorska 35 w Warszawie.<br data-start=\"1198\" data-end=\"1201\">\ud83c\udf89 <strong data-start=\"1204\" data-end=\"1280\">Uroczysto\u015b\u0107 wr\u0119czenia nagr\u00f3d, otwarta dla publiczno\u015bci, zaplanowana jest na 8 czerwca o godz. 14:00<\/strong> na tymczasowej scenie Teatru \u017bydowskiego w Klubie Dow\u00f3dztwa Garnizonu Warszawa, Al. Niepodleg\u0142o\u015bci 141a.<br data-start=\"1385\" data-end=\"1388\">Nad pracami jury czuwa dr hab. <strong>Jolanta \u017byndul<\/strong>.<\/p>\n<p data-start=\"1436\" data-end=\"1670\">Pomys\u0142odawczyni\u0105 konkursu jest <strong data-start=\"1467\" data-end=\"1483\">Go\u0142da Tencer<\/strong> \u2013 aktorka, re\u017cyserka, dyrektorka Teatru \u017bydowskiego i za\u0142o\u017cycielka Fundacji Shalom. Od lat z pasj\u0105 anga\u017cuje si\u0119 w dzia\u0142ania na rzecz zachowania pami\u0119ci o \u017cydowskim dziedzictwie w Polsce.<\/p>\n<p data-start=\"1672\" data-end=\"2004\">Konkurs powsta\u0142 w 1993 roku \u2013 w 50. rocznic\u0119 powstania w getcie warszawskim \u2013 i od tego czasu inspiruje kolejne pokolenia uczni\u00f3w szk\u00f3\u0142 ponadpodstawowych. Dotychczas wzi\u0119\u0142o w nim udzia\u0142 blisko 20 tysi\u0119cy m\u0142odych ludzi. Wielu z nich dzi\u0119ki udzia\u0142owi w konkursie rozpocz\u0119\u0142o edukacj\u0119 zwi\u0105zan\u0105 z histori\u0105, kultur\u0105 i literatur\u0105 \u017cydowsk\u0105.<\/p>\n<p data-start=\"2006\" data-end=\"2305\">Laureaci konkursu otrzymuj\u0105 atrakcyjne nagrody. Dodatkowo maj\u0105 zapewniony wst\u0119p na studia w wybranych jednostkach akademickich:<br data-start=\"2133\" data-end=\"2136\">\u2013 Wydziale Polonistyki i Historii Uniwersytetu Warszawskiego,<br data-start=\"2197\" data-end=\"2200\">\u2013 Instytucie Judaistyki Uniwersytetu Jagiello\u0144skiego,<br data-start=\"2253\" data-end=\"2256\">\u2013 Katedrze Judaistyki Uniwersytetu Wroc\u0142awskiego.<\/p>\n<p data-start=\"2307\" data-end=\"2662\">Organizatorem konkursu jest <strong data-start=\"2335\" data-end=\"2354\">Fundacja Shalom<\/strong>, a partnerem g\u0142\u00f3wnym \u2013 <strong data-start=\"2378\" data-end=\"2436\">\u017bydowski Instytut Historyczny im. Emanuela Ringelbluma<\/strong>.<br data-start=\"2437\" data-end=\"2440\">Konkurs odbywa si\u0119 pod honorowym patronatem <strong data-start=\"2484\" data-end=\"2519\">Ministerstwa Edukacji Narodowej<\/strong>, a patronat naukowy sprawuj\u0105:<br data-start=\"2549\" data-end=\"2552\"><strong>Instytut Judaistyki UJ, Katedra Judaistyki UWr, Wydzia\u0142 Historii UW oraz Muzeum Historii \u017byd\u00f3w Polskich POLIN.<\/strong><\/p>\n<p data-start=\"2307\" data-end=\"2662\">&nbsp;<\/p>\n<p data-start=\"2307\" data-end=\"2662\"><img fetchpriority=\"high\" decoding=\"async\" class=\"alignnone size-medium wp-image-21722\" src=\"https:\/\/shalom.org.pl\/wp-content\/uploads\/2025\/05\/konk2-300x196.jpg\" alt=\"Cztery osoby siedz\u0105 przy okr\u0105g\u0142ym stole. M\u0142oda dziewczyna m\u00f3wi, u\u015bmiechni\u0119te osoby, starsze od niej s\u0142uchaj\u0105\" width=\"300\" height=\"196\" srcset=\"https:\/\/shalom.org.pl\/wp-content\/uploads\/2025\/05\/konk2-300x196.jpg 300w, https:\/\/shalom.org.pl\/wp-content\/uploads\/2025\/05\/konk2-1024x668.jpg 1024w, https:\/\/shalom.org.pl\/wp-content\/uploads\/2025\/05\/konk2-768x501.jpg 768w, https:\/\/shalom.org.pl\/wp-content\/uploads\/2025\/05\/konk2-1536x1002.jpg 1536w, https:\/\/shalom.org.pl\/wp-content\/uploads\/2025\/05\/konk2-2048x1336.jpg 2048w, https:\/\/shalom.org.pl\/wp-content\/uploads\/2025\/05\/konk2-391x255.jpg 391w, https:\/\/shalom.org.pl\/wp-content\/uploads\/2025\/05\/konk2-200x130.jpg 200w, https:\/\/shalom.org.pl\/wp-content\/uploads\/2025\/05\/konk2-350x228.jpg 350w\" sizes=\"(max-width: 300px) 100vw, 300px\" \/><\/p>\n<h3 data-start=\"2664\" data-end=\"2900\">Serdecznie zapraszamy do udzia\u0142u!<\/h3>\n<p data-start=\"2664\" data-end=\"2900\">B\u0119dzie nam mi\u0142o, je\u015bli przyjd\u0105 Pa\u0144stwo okaza\u0107 wsparcie m\u0142odzie\u017cy. Mo\u017cna ich pozna\u0107 zar\u00f3wno podczas egzamin\u00f3w 7 czerwca, jak i uroczysto\u015bci fina\u0142owej 8 czerwca. To wyj\u0105tkowa okazja, by spotka\u0107 m\u0142odzie\u017c, kt\u00f3ra z pasj\u0105 odkrywa przesz\u0142o\u015b\u0107 i buduje mosty mi\u0119dzy histori\u0105 a wsp\u00f3\u0142czesno\u015bci\u0105.<\/p>\n<p data-start=\"2902\" data-end=\"2998\">Kontakt: Fundacja Shalom \u2013 tel. 22 620 30 36<br data-start=\"2949\" data-end=\"2952\">\ud83c\udf10 <a class=\"\" href=\"http:\/\/www.shalom.org.pl\" target=\"_new\" rel=\"noopener\" data-start=\"2955\" data-end=\"2972\">www.shalom.org.pl<\/a><br data-start=\"2972\" data-end=\"2975\">\ud83d\udce7 <a class=\"cursor-pointer\" rel=\"noopener\" data-start=\"2978\" data-end=\"2998\">shalom@shalom.org.pl<\/a><\/p>\n<p data-start=\"2902\" data-end=\"2998\">&nbsp;<\/p>\n<h3 data-start=\"2902\" data-end=\"2998\">Projekt dofinansowany ze \u015brodk\u00f3w dotacji Ministra Spraw Wewn\u0119trznych i Administracji<\/h3>\n<p><img decoding=\"async\" class=\"alignnone  wp-image-21727\" src=\"https:\/\/shalom.org.pl\/wp-content\/uploads\/2025\/05\/mswia-300x194.png\" alt=\"Orze\u0142 w koronie i napis Ministerstwo Spraw Wewn\u0119trznych i Administracji\" width=\"179\" height=\"116\" srcset=\"https:\/\/shalom.org.pl\/wp-content\/uploads\/2025\/05\/mswia-300x194.png 300w, https:\/\/shalom.org.pl\/wp-content\/uploads\/2025\/05\/mswia-1024x662.png 1024w, https:\/\/shalom.org.pl\/wp-content\/uploads\/2025\/05\/mswia-768x497.png 768w, https:\/\/shalom.org.pl\/wp-content\/uploads\/2025\/05\/mswia-1536x993.png 1536w, https:\/\/shalom.org.pl\/wp-content\/uploads\/2025\/05\/mswia-394x255.png 394w, https:\/\/shalom.org.pl\/wp-content\/uploads\/2025\/05\/mswia-200x129.png 200w, https:\/\/shalom.org.pl\/wp-content\/uploads\/2025\/05\/mswia-350x226.png 350w, https:\/\/shalom.org.pl\/wp-content\/uploads\/2025\/05\/mswia.png 1636w\" sizes=\"(max-width: 179px) 100vw, 179px\" \/><\/p>\n","protected":false},"excerpt":{"rendered":"<p>Ju\u017c 7 czerwca w Warszawie odb\u0119dzie si\u0119 fina\u0142 XIV edycji og\u00f3lnopolskiego konkursu \u201eHistoria i Kultura \u017byd\u00f3w Polskich\u201d, organizowanego przez Fundacj\u0119 [&hellip;]<\/p>\n","protected":false},"author":8,"featured_media":21720,"comment_status":"open","ping_status":"closed","template":"","meta":{"_acf_changed":false,"ngg_post_thumbnail":0,"_tribe_events_status":"","_tribe_events_status_reason":"","footnotes":""},"tags":[],"tribe_events_cat":[13,346,15,350],"class_list":["post-21719","tribe_events","type-tribe_events","status-publish","has-post-thumbnail","hentry","tribe_events_cat-edukacja","tribe_events_cat-edukacja-pl","tribe_events_cat-instytucja","tribe_events_cat-instytucja-pl","cat_edukacja","cat_edukacja-pl","cat_instytucja","cat_instytucja-pl"],"acf":[],"_links":{"self":[{"href":"https:\/\/shalom.org.pl\/en\/wp-json\/wp\/v2\/tribe_events\/21719","targetHints":{"allow":["GET"]}}],"collection":[{"href":"https:\/\/shalom.org.pl\/en\/wp-json\/wp\/v2\/tribe_events"}],"about":[{"href":"https:\/\/shalom.org.pl\/en\/wp-json\/wp\/v2\/types\/tribe_events"}],"author":[{"embeddable":true,"href":"https:\/\/shalom.org.pl\/en\/wp-json\/wp\/v2\/users\/8"}],"replies":[{"embeddable":true,"href":"https:\/\/shalom.org.pl\/en\/wp-json\/wp\/v2\/comments?post=21719"}],"version-history":[{"count":5,"href":"https:\/\/shalom.org.pl\/en\/wp-json\/wp\/v2\/tribe_events\/21719\/revisions"}],"predecessor-version":[{"id":21728,"href":"https:\/\/shalom.org.pl\/en\/wp-json\/wp\/v2\/tribe_events\/21719\/revisions\/21728"}],"wp:featuredmedia":[{"embeddable":true,"href":"https:\/\/shalom.org.pl\/en\/wp-json\/wp\/v2\/media\/21720"}],"wp:attachment":[{"href":"https:\/\/shalom.org.pl\/en\/wp-json\/wp\/v2\/media?parent=21719"}],"wp:term":[{"taxonomy":"post_tag","embeddable":true,"href":"https:\/\/shalom.org.pl\/en\/wp-json\/wp\/v2\/tags?post=21719"},{"taxonomy":"tribe_events_cat","embeddable":true,"href":"https:\/\/shalom.org.pl\/en\/wp-json\/wp\/v2\/tribe_events_cat?post=21719"}],"curies":[{"name":"wp","href":"https:\/\/api.w.org\/{rel}","templated":true}]}}

Rusza finał XIV edycji ogólnopolskiego konkursu dla młodzieży  „Historia i Kultura Żydów Polskich&#8221;

<h3 data-start="261" data-end="328">Już 7 czerwca w Warszawie odbędzie się finał XIV edycji ogólnopolskiego konkursu „Historia i Kultura Żydów Polskich”, organizowanego przez Fundację Shalom. Do etapu ustnego zakwalifikowali się autorzy najlepszych prac z całej Polski – młodzi pasjonaci historii, których wiedza, zaangażowanie i poziom refleksji zdecydowanie wyróżniają ich na tle rówieśników.</h3>
<p data-start="730" data-end="1061">Finaliści przyjeżdżają z najdalszych zakątków kraju – z małych miejscowości i wsi, gdzie dostęp do specjalistycznych źródeł i bibliotek jest ograniczony. Mimo to wielu z nich dotarło do nieznanych wcześniej materiałów źródłowych, przeprowadziło dojrzałe badania, a ich prace świadczą o niezwykłej wrażliwości i talencie literackim.</p>
<p data-start="1063" data-end="1434">📍 <strong data-start="1066" data-end="1165">Egzaminy ustne odbędą się 7 czerwca 2025 r. (sobota) od godz. 10:00 w siedzibie Fundacji Shalom</strong> – ul. Senatorska 35 w Warszawie.<br data-start="1198" data-end="1201">🎉 <strong data-start="1204" data-end="1280">Uroczystość wręczenia nagród, otwarta dla publiczności, zaplanowana jest na 8 czerwca o godz. 14:00</strong> na tymczasowej scenie Teatru Żydowskiego w Klubie Dowództwa Garnizonu Warszawa, Al. Niepodległości 141a.<br data-start="1385" data-end="1388">Nad pracami jury czuwa dr hab. <strong>Jolanta Żyndul</strong>.</p>
<p data-start="1436" data-end="1670">Pomysłodawczynią konkursu jest <strong data-start="1467" data-end="1483">Gołda Tencer</strong> – aktorka, reżyserka, dyrektorka Teatru Żydowskiego i założycielka Fundacji Shalom. Od lat z pasją angażuje się w działania na rzecz zachowania pamięci o żydowskim dziedzictwie w Polsce.</p>
<p data-start="1672" data-end="2004">Konkurs powstał w 1993 roku – w 50. rocznicę powstania w getcie warszawskim – i od tego czasu inspiruje kolejne pokolenia uczniów szkół ponadpodstawowych. Dotychczas wzięło w nim udział blisko 20 tysięcy młodych ludzi. Wielu z nich dzięki udziałowi w konkursie rozpoczęło edukację związaną z historią, kulturą i literaturą żydowską.</p>
<p data-start="2006" data-end="2305">Laureaci konkursu otrzymują atrakcyjne nagrody. Dodatkowo mają zapewniony wstęp na studia w wybranych jednostkach akademickich:<br data-start="2133" data-end="2136">– Wydziale Polonistyki i Historii Uniwersytetu Warszawskiego,<br data-start="2197" data-end="2200">– Instytucie Judaistyki Uniwersytetu Jagiellońskiego,<br data-start="2253" data-end="2256">– Katedrze Judaistyki Uniwersytetu Wrocławskiego.</p>
<p data-start="2307" data-end="2662">Organizatorem konkursu jest <strong data-start="2335" data-end="2354">Fundacja Shalom</strong>, a partnerem głównym – <strong data-start="2378" data-end="2436">Żydowski Instytut Historyczny im. Emanuela Ringelbluma</strong>.<br data-start="2437" data-end="2440">Konkurs odbywa się pod honorowym patronatem <strong data-start="2484" data-end="2519">Ministerstwa Edukacji Narodowej</strong>, a patronat naukowy sprawują:<br data-start="2549" data-end="2552"><strong>Instytut Judaistyki UJ, Katedra Judaistyki UWr, Wydział Historii UW oraz Muzeum Historii Żydów Polskich POLIN.</strong></p>
<p data-start="2307" data-end="2662">&nbsp;</p>
<p data-start="2307" data-end="2662"><img fetchpriority="high" decoding="async" class="alignnone size-medium wp-image-21722" src="https://shalom.org.pl/wp-content/uploads/2025/05/konk2-300x196.jpg" alt="Cztery osoby siedzą przy okrągłym stole. Młoda dziewczyna mówi, uśmiechnięte osoby, starsze od niej słuchają" width="300" height="196" srcset="https://shalom.org.pl/wp-content/uploads/2025/05/konk2-300x196.jpg 300w, https://shalom.org.pl/wp-content/uploads/2025/05/konk2-1024x668.jpg 1024w, https://shalom.org.pl/wp-content/uploads/2025/05/konk2-768x501.jpg 768w, https://shalom.org.pl/wp-content/uploads/2025/05/konk2-1536x1002.jpg 1536w, https://shalom.org.pl/wp-content/uploads/2025/05/konk2-2048x1336.jpg 2048w, https://shalom.org.pl/wp-content/uploads/2025/05/konk2-391x255.jpg 391w, https://shalom.org.pl/wp-content/uploads/2025/05/konk2-200x130.jpg 200w, https://shalom.org.pl/wp-content/uploads/2025/05/konk2-350x228.jpg 350w" sizes="(max-width: 300px) 100vw, 300px" /></p>
<h3 data-start="2664" data-end="2900">Serdecznie zapraszamy do udziału!</h3>
<p data-start="2664" data-end="2900">Będzie nam miło, jeśli przyjdą Państwo okazać wsparcie młodzieży. Można ich poznać zarówno podczas egzaminów 7 czerwca, jak i uroczystości finałowej 8 czerwca. To wyjątkowa okazja, by spotkać młodzież, która z pasją odkrywa przeszłość i buduje mosty między historią a współczesnością.</p>
<p data-start="2902" data-end="2998">Kontakt: Fundacja Shalom – tel. 22 620 30 36<br data-start="2949" data-end="2952">🌐 <a class="" href="http://www.shalom.org.pl" target="_new" rel="noopener" data-start="2955" data-end="2972">www.shalom.org.pl</a><br data-start="2972" data-end="2975">📧 <a class="cursor-pointer" rel="noopener" data-start="2978" data-end="2998">shalom@shalom.org.pl</a></p>
<p data-start="2902" data-end="2998">&nbsp;</p>
<h3 data-start="2902" data-end="2998">Projekt dofinansowany ze środków dotacji Ministra Spraw Wewnętrznych i Administracji</h3>
<p><img decoding="async" class="alignnone  wp-image-21727" src="https://shalom.org.pl/wp-content/uploads/2025/05/mswia-300x194.png" alt="Orzeł w koronie i napis Ministerstwo Spraw Wewnętrznych i Administracji" width="179" height="116" srcset="https://shalom.org.pl/wp-content/uploads/2025/05/mswia-300x194.png 300w, https://shalom.org.pl/wp-content/uploads/2025/05/mswia-1024x662.png 1024w, https://shalom.org.pl/wp-content/uploads/2025/05/mswia-768x497.png 768w, https://shalom.org.pl/wp-content/uploads/2025/05/mswia-1536x993.png 1536w, https://shalom.org.pl/wp-content/uploads/2025/05/mswia-394x255.png 394w, https://shalom.org.pl/wp-content/uploads/2025/05/mswia-200x129.png 200w, https://shalom.org.pl/wp-content/uploads/2025/05/mswia-350x226.png 350w, https://shalom.org.pl/wp-content/uploads/2025/05/mswia.png 1636w" sizes="(max-width: 179px) 100vw, 179px" /></p>

<p>Już 7 czerwca w Warszawie odbędzie się finał XIV edycji ogólnopolskiego konkursu „Historia i Kultura Żydów Polskich”, organizowanego przez Fundację [&hellip;]</p>
