{"id":21651,"date":"2025-05-10T22:41:46","date_gmt":"2025-05-10T20:41:46","guid":{"rendered":"https:\/\/shalom.org.pl\/?post_type=tribe_events&#038;p=21651"},"modified":"2025-05-10T22:42:03","modified_gmt":"2025-05-10T20:42:03","slug":"kantor-tzudik-greenwald-na-festiwalu-warszawa-singera","status":"publish","type":"tribe_events","link":"https:\/\/shalom.org.pl\/en\/event\/kantor-tzudik-greenwald-na-festiwalu-warszawa-singera\/","title":{"rendered":"Kantor Tzudik Greenwald na Festiwalu Warszawa Singera"},"content":{"rendered":"<div class=\"xdj266r x11i5rnm xat24cr x1mh8g0r x1vvkbs x126k92a\">\n<h2 dir=\"auto\">OG\u0141ASZAMY PIERWSZ\u0104 GWIAZD\u0118 FESTIWALU SINGERA<\/h2>\n<\/div>\n<div class=\"x11i5rnm xat24cr x1mh8g0r x1vvkbs xtlvy1s x126k92a\">\n<div dir=\"auto\">Uchylamy r\u0105bka tajemnicy zwi\u0105zanej z Koncertem Kantoralnym. W tym roku jednym z wykonawc\u00f3w podczas tego wyj\u0105tkowego wydarzeni b\u0119dzie Tzudik Greenwald \u2013 kantor obdarzony czystym, lirycznym tenorem!<\/div>\n<\/div>\n<div class=\"x11i5rnm xat24cr x1mh8g0r x1vvkbs xtlvy1s x126k92a\">\n<div dir=\"auto\">Tzudik Greenwald wychowany w tradycyjnej spo\u0142eczno\u015bci ortodoksyjnej Nowego Jorku, od najm\u0142odszych lat zachwyca\u0142 niezwyk\u0142ym talentem muzycznym. Jego trzyoktawowy g\u0142os porywa pe\u0142ni\u0105 brzmienia, duchowo\u015bci\u0105 i techniczn\u0105 maestri\u0105. Od 2007 roku pe\u0142ni funkcj\u0119 Naczelnego Kantora Wielkiej Synagogi we Frankfurcie.<\/div>\n<\/div>\n<div class=\"x11i5rnm xat24cr x1mh8g0r x1vvkbs xtlvy1s x126k92a\">\n<div dir=\"auto\">&nbsp;Podczas Festiwalu Warszawa Singera b\u0119dziecie mieli wyj\u0105tkow\u0105 okazj\u0119 us\u0142ysze\u0107 na \u017cywo zar\u00f3wno tradycyjne pie\u015bni kantoralne, jak i chasydzkie utwory w jego niezwyk\u0142ej interpretacji<\/div>\n<\/div>\n","protected":false},"excerpt":{"rendered":"<p>OG\u0141ASZAMY PIERWSZ\u0104 GWIAZD\u0118 FESTIWALU SINGERA Uchylamy r\u0105bka tajemnicy zwi\u0105zanej z Koncertem Kantoralnym. W tym roku jednym z wykonawc\u00f3w podczas tego [&hellip;]<\/p>\n","protected":false},"author":8,"featured_media":21652,"comment_status":"open","ping_status":"closed","template":"","meta":{"_acf_changed":false,"ngg_post_thumbnail":0,"_tribe_events_status":"","_tribe_events_status_reason":"","footnotes":""},"tags":[695],"tribe_events_cat":[14,356],"class_list":["post-21651","tribe_events","type-tribe_events","status-publish","has-post-thumbnail","hentry","tag-festiwal","tribe_events_cat-festiwal","tribe_events_cat-festiwal-pl","cat_festiwal","cat_festiwal-pl"],"acf":[],"_links":{"self":[{"href":"https:\/\/shalom.org.pl\/en\/wp-json\/wp\/v2\/tribe_events\/21651","targetHints":{"allow":["GET"]}}],"collection":[{"href":"https:\/\/shalom.org.pl\/en\/wp-json\/wp\/v2\/tribe_events"}],"about":[{"href":"https:\/\/shalom.org.pl\/en\/wp-json\/wp\/v2\/types\/tribe_events"}],"author":[{"embeddable":true,"href":"https:\/\/shalom.org.pl\/en\/wp-json\/wp\/v2\/users\/8"}],"replies":[{"embeddable":true,"href":"https:\/\/shalom.org.pl\/en\/wp-json\/wp\/v2\/comments?post=21651"}],"version-history":[{"count":1,"href":"https:\/\/shalom.org.pl\/en\/wp-json\/wp\/v2\/tribe_events\/21651\/revisions"}],"predecessor-version":[{"id":21653,"href":"https:\/\/shalom.org.pl\/en\/wp-json\/wp\/v2\/tribe_events\/21651\/revisions\/21653"}],"wp:featuredmedia":[{"embeddable":true,"href":"https:\/\/shalom.org.pl\/en\/wp-json\/wp\/v2\/media\/21652"}],"wp:attachment":[{"href":"https:\/\/shalom.org.pl\/en\/wp-json\/wp\/v2\/media?parent=21651"}],"wp:term":[{"taxonomy":"post_tag","embeddable":true,"href":"https:\/\/shalom.org.pl\/en\/wp-json\/wp\/v2\/tags?post=21651"},{"taxonomy":"tribe_events_cat","embeddable":true,"href":"https:\/\/shalom.org.pl\/en\/wp-json\/wp\/v2\/tribe_events_cat?post=21651"}],"curies":[{"name":"wp","href":"https:\/\/api.w.org\/{rel}","templated":true}]}}

<div class="xdj266r x11i5rnm xat24cr x1mh8g0r x1vvkbs x126k92a">
<h2 dir="auto">OGŁASZAMY PIERWSZĄ GWIAZDĘ FESTIWALU SINGERA</h2>
</div>
<div class="x11i5rnm xat24cr x1mh8g0r x1vvkbs xtlvy1s x126k92a">
<div dir="auto">Uchylamy rąbka tajemnicy związanej z Koncertem Kantoralnym. W tym roku jednym z wykonawców podczas tego wyjątkowego wydarzeni będzie Tzudik Greenwald – kantor obdarzony czystym, lirycznym tenorem!</div>
</div>
<div class="x11i5rnm xat24cr x1mh8g0r x1vvkbs xtlvy1s x126k92a">
<div dir="auto">Tzudik Greenwald wychowany w tradycyjnej społeczności ortodoksyjnej Nowego Jorku, od najmłodszych lat zachwycał niezwykłym talentem muzycznym. Jego trzyoktawowy głos porywa pełnią brzmienia, duchowością i techniczną maestrią. Od 2007 roku pełni funkcję Naczelnego Kantora Wielkiej Synagogi we Frankfurcie.</div>
</div>
<div class="x11i5rnm xat24cr x1mh8g0r x1vvkbs xtlvy1s x126k92a">
<div dir="auto">&nbsp;Podczas Festiwalu Warszawa Singera będziecie mieli wyjątkową okazję usłyszeć na żywo zarówno tradycyjne pieśni kantoralne, jak i chasydzkie utwory w jego niezwykłej interpretacji</div>
</div>

<p>OGŁASZAMY PIERWSZĄ GWIAZDĘ FESTIWALU SINGERA Uchylamy rąbka tajemnicy związanej z Koncertem Kantoralnym. W tym roku jednym z wykonawców podczas tego [&hellip;]</p>
