{"id":21635,"date":"2025-03-13T21:24:22","date_gmt":"2025-03-13T20:24:22","guid":{"rendered":"https:\/\/shalom.org.pl\/?post_type=tribe_events&#038;p=21635"},"modified":"2025-03-13T21:24:22","modified_gmt":"2025-03-13T20:24:22","slug":"wesolego-purim-chag-purim-sameach","status":"publish","type":"tribe_events","link":"https:\/\/shalom.org.pl\/en\/event\/wesolego-purim-chag-purim-sameach\/","title":{"rendered":"Weso\u0142ego Purim! Chag Purim Sameach!"},"content":{"rendered":"<p>Weso\u0142ego Purim! Chag Purim Sameach!&nbsp;<br \/>\nZ okazji \u015bwi\u0119ta Purim Go\u0142da Tencer i Fundacja Shalom \u017cycz\u0105 Wam rado\u015bci, \u015bmiechu i mn\u00f3stwa s\u0142odkich chwil!&nbsp;<\/p>\n<div id=\"attachment_21636\" style=\"width: 310px\" class=\"wp-caption alignnone\"><img fetchpriority=\"high\" decoding=\"async\" aria-describedby=\"caption-attachment-21636\" class=\"size-medium wp-image-21636\" src=\"https:\/\/shalom.org.pl\/wp-content\/uploads\/2025\/03\/Purim_by_Arthur_Szyk-300x232.jpg\" alt=\"\" width=\"300\" height=\"232\" srcset=\"https:\/\/shalom.org.pl\/wp-content\/uploads\/2025\/03\/Purim_by_Arthur_Szyk-300x232.jpg 300w, https:\/\/shalom.org.pl\/wp-content\/uploads\/2025\/03\/Purim_by_Arthur_Szyk-768x594.jpg 768w, https:\/\/shalom.org.pl\/wp-content\/uploads\/2025\/03\/Purim_by_Arthur_Szyk-330x255.jpg 330w, https:\/\/shalom.org.pl\/wp-content\/uploads\/2025\/03\/Purim_by_Arthur_Szyk-200x155.jpg 200w, https:\/\/shalom.org.pl\/wp-content\/uploads\/2025\/03\/Purim_by_Arthur_Szyk-350x271.jpg 350w, https:\/\/shalom.org.pl\/wp-content\/uploads\/2025\/03\/Purim_by_Arthur_Szyk.jpg 1024w\" sizes=\"(max-width: 300px) 100vw, 300px\" \/><p id=\"caption-attachment-21636\" class=\"wp-caption-text\">ilustracja Arthur Szyk<\/p><\/div>\n<p>Purim to jedno z najrado\u015bniejszych \u015bwi\u0105t \u017cydowskich. Upami\u0119tnia cudowne ocalenie \u017byd\u00f3w w staro\u017cytnej Persji, opisane w Ksi\u0119dze Estery. Podczas \u015bwi\u0119ta czyta si\u0119 Megilat Ester (Zw\u00f3j Estery), obdarowuje potrzebuj\u0105cych ja\u0142mu\u017cn\u0105 i daje si\u0119 prezenty przyjacio\u0142om i s\u0105siadom. Na przyj\u0119ciu purimowym nie mo\u017ce zabrakn\u0105\u0107 hamantaszy czyli uszu Hamana &#8211; tr\u00f3jk\u0105tnych ciasteczek dro\u017cd\u017cowych z nadzieniem z maku, bakalii lub powide\u0142.<\/p>\n","protected":false},"excerpt":{"rendered":"<p>Weso\u0142ego Purim! Chag Purim Sameach!&nbsp; Z okazji \u015bwi\u0119ta Purim Go\u0142da Tencer i Fundacja Shalom \u017cycz\u0105 Wam rado\u015bci, \u015bmiechu i mn\u00f3stwa [&hellip;]<\/p>\n","protected":false},"author":8,"featured_media":21638,"comment_status":"open","ping_status":"closed","template":"","meta":{"_acf_changed":false,"ngg_post_thumbnail":0,"_tribe_events_status":"","_tribe_events_status_reason":"","footnotes":""},"tags":[],"tribe_events_cat":[9,358],"class_list":["post-21635","tribe_events","type-tribe_events","status-publish","has-post-thumbnail","hentry","tribe_events_cat-kultura","tribe_events_cat-kultura-pl","cat_kultura","cat_kultura-pl"],"acf":[],"_links":{"self":[{"href":"https:\/\/shalom.org.pl\/en\/wp-json\/wp\/v2\/tribe_events\/21635","targetHints":{"allow":["GET"]}}],"collection":[{"href":"https:\/\/shalom.org.pl\/en\/wp-json\/wp\/v2\/tribe_events"}],"about":[{"href":"https:\/\/shalom.org.pl\/en\/wp-json\/wp\/v2\/types\/tribe_events"}],"author":[{"embeddable":true,"href":"https:\/\/shalom.org.pl\/en\/wp-json\/wp\/v2\/users\/8"}],"replies":[{"embeddable":true,"href":"https:\/\/shalom.org.pl\/en\/wp-json\/wp\/v2\/comments?post=21635"}],"version-history":[{"count":1,"href":"https:\/\/shalom.org.pl\/en\/wp-json\/wp\/v2\/tribe_events\/21635\/revisions"}],"predecessor-version":[{"id":21639,"href":"https:\/\/shalom.org.pl\/en\/wp-json\/wp\/v2\/tribe_events\/21635\/revisions\/21639"}],"wp:featuredmedia":[{"embeddable":true,"href":"https:\/\/shalom.org.pl\/en\/wp-json\/wp\/v2\/media\/21638"}],"wp:attachment":[{"href":"https:\/\/shalom.org.pl\/en\/wp-json\/wp\/v2\/media?parent=21635"}],"wp:term":[{"taxonomy":"post_tag","embeddable":true,"href":"https:\/\/shalom.org.pl\/en\/wp-json\/wp\/v2\/tags?post=21635"},{"taxonomy":"tribe_events_cat","embeddable":true,"href":"https:\/\/shalom.org.pl\/en\/wp-json\/wp\/v2\/tribe_events_cat?post=21635"}],"curies":[{"name":"wp","href":"https:\/\/api.w.org\/{rel}","templated":true}]}}

Wesołego Purim! Chag Purim Sameach!

<p>Wesołego Purim! Chag Purim Sameach!&nbsp;<br />
Z okazji święta Purim Gołda Tencer i Fundacja Shalom życzą Wam radości, śmiechu i mnóstwa słodkich chwil!&nbsp;</p>
<div id="attachment_21636" style="width: 310px" class="wp-caption alignnone"><img fetchpriority="high" decoding="async" aria-describedby="caption-attachment-21636" class="size-medium wp-image-21636" src="https://shalom.org.pl/wp-content/uploads/2025/03/Purim_by_Arthur_Szyk-300x232.jpg" alt="" width="300" height="232" srcset="https://shalom.org.pl/wp-content/uploads/2025/03/Purim_by_Arthur_Szyk-300x232.jpg 300w, https://shalom.org.pl/wp-content/uploads/2025/03/Purim_by_Arthur_Szyk-768x594.jpg 768w, https://shalom.org.pl/wp-content/uploads/2025/03/Purim_by_Arthur_Szyk-330x255.jpg 330w, https://shalom.org.pl/wp-content/uploads/2025/03/Purim_by_Arthur_Szyk-200x155.jpg 200w, https://shalom.org.pl/wp-content/uploads/2025/03/Purim_by_Arthur_Szyk-350x271.jpg 350w, https://shalom.org.pl/wp-content/uploads/2025/03/Purim_by_Arthur_Szyk.jpg 1024w" sizes="(max-width: 300px) 100vw, 300px" /><p id="caption-attachment-21636" class="wp-caption-text">ilustracja Arthur Szyk</p></div>
<p>Purim to jedno z najradośniejszych świąt żydowskich. Upamiętnia cudowne ocalenie Żydów w starożytnej Persji, opisane w Księdze Estery. Podczas święta czyta się Megilat Ester (Zwój Estery), obdarowuje potrzebujących jałmużną i daje się prezenty przyjaciołom i sąsiadom. Na przyjęciu purimowym nie może zabraknąć hamantaszy czyli uszu Hamana &#8211; trójkątnych ciasteczek drożdżowych z nadzieniem z maku, bakalii lub powideł.</p>

<p>Wesołego Purim! Chag Purim Sameach!&nbsp; Z okazji święta Purim Gołda Tencer i Fundacja Shalom życzą Wam radości, śmiechu i mnóstwa [&hellip;]</p>
