{"id":21625,"date":"2025-03-01T18:16:11","date_gmt":"2025-03-01T17:16:11","guid":{"rendered":"https:\/\/shalom.org.pl\/?post_type=tribe_events&#038;p=21625"},"modified":"2025-03-01T18:21:56","modified_gmt":"2025-03-01T17:21:56","slug":"57-rocznica-marca-68","status":"publish","type":"tribe_events","link":"https:\/\/shalom.org.pl\/en\/event\/57-rocznica-marca-68\/","title":{"rendered":"57. rocznica Marca &#8217;68"},"content":{"rendered":"<h3 class=\"xdj266r x11i5rnm xat24cr x1mh8g0r x1vvkbs\">Z okazji 57. rocznicy Marca &#8217;68 Go\u0142da Tencer wraz z Fundacj\u0105 Shalom, Teatrem \u017bydowskim i Centrum Kultury Jidysz zapraszaj\u0105 wszystkich 8 marca o godzinie 12:00 na spotkanie na Dworcu Gda\u0144skim w Warszawie.<\/h3>\n<h3 class=\"x11i5rnm xat24cr x1mh8g0r x1vvkbs xtlvy1s\">Spotkajmy si\u0119 pod tablic\u0105 upami\u0119tniaj\u0105c\u0105 to wydarzenie, aby wsp\u00f3lnie wspomina\u0107 tych, kt\u00f3rzy w Marcu 1968 roku zostali zmuszeni do opuszczenia Polski.<\/h3>\n<div>&nbsp;<\/div>\n<div><img fetchpriority=\"high\" decoding=\"async\" class=\"alignnone wp-image-21629 aligncenter\" src=\"https:\/\/shalom.org.pl\/wp-content\/uploads\/2025\/03\/paszport-baner-2025-v3-300x148.jpg\" alt=\"\" width=\"631\" height=\"311\" srcset=\"https:\/\/shalom.org.pl\/wp-content\/uploads\/2025\/03\/paszport-baner-2025-v3-300x148.jpg 300w, https:\/\/shalom.org.pl\/wp-content\/uploads\/2025\/03\/paszport-baner-2025-v3-1024x506.jpg 1024w, https:\/\/shalom.org.pl\/wp-content\/uploads\/2025\/03\/paszport-baner-2025-v3-768x380.jpg 768w, https:\/\/shalom.org.pl\/wp-content\/uploads\/2025\/03\/paszport-baner-2025-v3-1536x759.jpg 1536w, https:\/\/shalom.org.pl\/wp-content\/uploads\/2025\/03\/paszport-baner-2025-v3-2048x1012.jpg 2048w, https:\/\/shalom.org.pl\/wp-content\/uploads\/2025\/03\/paszport-baner-2025-v3-498x246.jpg 498w, https:\/\/shalom.org.pl\/wp-content\/uploads\/2025\/03\/paszport-baner-2025-v3-200x99.jpg 200w, https:\/\/shalom.org.pl\/wp-content\/uploads\/2025\/03\/paszport-baner-2025-v3-350x173.jpg 350w\" sizes=\"(max-width: 631px) 100vw, 631px\" \/><\/div>\n<div>\n<p data-start=\"0\" data-end=\"422\">&nbsp;<\/p>\n<p data-start=\"0\" data-end=\"422\">Wydarzenie znane&nbsp; jako Marzec &#8217;68 to&nbsp; antysemicka kampania propagandowa, maskowana jako \u201eantysyjonistyczna\u201d, rozpocz\u0119\u0142a si\u0119 w lutym 1968 r. od ulotek pi\u0119tnuj\u0105cych \u201eniew\u0142a\u015bciwe\u201d pochodzenie cz\u0119\u015bci student\u00f3w. Wkr\u00f3tce sta\u0142a si\u0119 jednym z g\u0142\u00f3wnych w\u0105tk\u00f3w propagandy, oskar\u017caj\u0105c \u017byd\u00f3w o inspirowanie protest\u00f3w. W prasie i na masowych wiecach podkre\u015blano ich rzekome powi\u0105zania z Izraelem oraz Zachodem, oskar\u017caj\u0105c o \u201ezdrad\u0119 interes\u00f3w narodu polskiego\u201d.<\/p>\n<p data-start=\"424\" data-end=\"830\" data-is-last-node=\"\" data-is-only-node=\"\">\u201eSyjonist\u00f3w\u201d usuwano z PZPR i urz\u0119d\u00f3w, pi\u0119tnowano publicznie, a s\u0142owa \u201e\u017byd\u201d unikano, zast\u0119puj\u0105c je eufemizmami. W atmosferze nagonki organizowano wielogodzinne zebrania, podczas kt\u00f3rych pada\u0142y zar\u00f3wno prawdziwe, jak i fa\u0142szywe oskar\u017cenia. Polityczna czystka obj\u0119\u0142a tak\u017ce \u015brodowiska akademickie i kulturalne. W efekcie ponad 13 tys. os\u00f3b zosta\u0142o zmuszonych do emigracji, trac\u0105c obywatelstwo i dorobek \u017cycia.<\/p>\n<p data-start=\"424\" data-end=\"830\" data-is-last-node=\"\" data-is-only-node=\"\">8 marca wspomnimy tych, kt\u00f3rzy zostali zmuszeni do opuszczenia wszystkiego, co znali i kochali &#8211; by z dokumentem podr\u00f3\u017cy na zawsze opu\u015bci\u0107 Polsk\u0119.&nbsp;<\/p>\n<\/div>\n","protected":false},"excerpt":{"rendered":"<p>Z okazji 57. rocznicy Marca &#8217;68 Go\u0142da Tencer wraz z Fundacj\u0105 Shalom, Teatrem \u017bydowskim i Centrum Kultury Jidysz zapraszaj\u0105 wszystkich [&hellip;]<\/p>\n","protected":false},"author":8,"featured_media":21628,"comment_status":"open","ping_status":"closed","template":"","meta":{"_acf_changed":false,"ngg_post_thumbnail":0,"_tribe_events_status":"","_tribe_events_status_reason":"","footnotes":""},"tags":[],"tribe_events_cat":[8,362],"class_list":["post-21625","tribe_events","type-tribe_events","status-publish","has-post-thumbnail","hentry","tribe_events_cat-pamiec","tribe_events_cat-pamiec-pl","cat_pamiec","cat_pamiec-pl"],"acf":[],"_links":{"self":[{"href":"https:\/\/shalom.org.pl\/en\/wp-json\/wp\/v2\/tribe_events\/21625","targetHints":{"allow":["GET"]}}],"collection":[{"href":"https:\/\/shalom.org.pl\/en\/wp-json\/wp\/v2\/tribe_events"}],"about":[{"href":"https:\/\/shalom.org.pl\/en\/wp-json\/wp\/v2\/types\/tribe_events"}],"author":[{"embeddable":true,"href":"https:\/\/shalom.org.pl\/en\/wp-json\/wp\/v2\/users\/8"}],"replies":[{"embeddable":true,"href":"https:\/\/shalom.org.pl\/en\/wp-json\/wp\/v2\/comments?post=21625"}],"version-history":[{"count":5,"href":"https:\/\/shalom.org.pl\/en\/wp-json\/wp\/v2\/tribe_events\/21625\/revisions"}],"predecessor-version":[{"id":21633,"href":"https:\/\/shalom.org.pl\/en\/wp-json\/wp\/v2\/tribe_events\/21625\/revisions\/21633"}],"wp:featuredmedia":[{"embeddable":true,"href":"https:\/\/shalom.org.pl\/en\/wp-json\/wp\/v2\/media\/21628"}],"wp:attachment":[{"href":"https:\/\/shalom.org.pl\/en\/wp-json\/wp\/v2\/media?parent=21625"}],"wp:term":[{"taxonomy":"post_tag","embeddable":true,"href":"https:\/\/shalom.org.pl\/en\/wp-json\/wp\/v2\/tags?post=21625"},{"taxonomy":"tribe_events_cat","embeddable":true,"href":"https:\/\/shalom.org.pl\/en\/wp-json\/wp\/v2\/tribe_events_cat?post=21625"}],"curies":[{"name":"wp","href":"https:\/\/api.w.org\/{rel}","templated":true}]}}

<h3 class="xdj266r x11i5rnm xat24cr x1mh8g0r x1vvkbs">Z okazji 57. rocznicy Marca &#8217;68 Gołda Tencer wraz z Fundacją Shalom, Teatrem Żydowskim i Centrum Kultury Jidysz zapraszają wszystkich 8 marca o godzinie 12:00 na spotkanie na Dworcu Gdańskim w Warszawie.</h3>
<h3 class="x11i5rnm xat24cr x1mh8g0r x1vvkbs xtlvy1s">Spotkajmy się pod tablicą upamiętniającą to wydarzenie, aby wspólnie wspominać tych, którzy w Marcu 1968 roku zostali zmuszeni do opuszczenia Polski.</h3>
<div>&nbsp;</div>
<div><img fetchpriority="high" decoding="async" class="alignnone wp-image-21629 aligncenter" src="https://shalom.org.pl/wp-content/uploads/2025/03/paszport-baner-2025-v3-300x148.jpg" alt="" width="631" height="311" srcset="https://shalom.org.pl/wp-content/uploads/2025/03/paszport-baner-2025-v3-300x148.jpg 300w, https://shalom.org.pl/wp-content/uploads/2025/03/paszport-baner-2025-v3-1024x506.jpg 1024w, https://shalom.org.pl/wp-content/uploads/2025/03/paszport-baner-2025-v3-768x380.jpg 768w, https://shalom.org.pl/wp-content/uploads/2025/03/paszport-baner-2025-v3-1536x759.jpg 1536w, https://shalom.org.pl/wp-content/uploads/2025/03/paszport-baner-2025-v3-2048x1012.jpg 2048w, https://shalom.org.pl/wp-content/uploads/2025/03/paszport-baner-2025-v3-498x246.jpg 498w, https://shalom.org.pl/wp-content/uploads/2025/03/paszport-baner-2025-v3-200x99.jpg 200w, https://shalom.org.pl/wp-content/uploads/2025/03/paszport-baner-2025-v3-350x173.jpg 350w" sizes="(max-width: 631px) 100vw, 631px" /></div>
<div>
<p data-start="0" data-end="422">&nbsp;</p>
<p data-start="0" data-end="422">Wydarzenie znane&nbsp; jako Marzec &#8217;68 to&nbsp; antysemicka kampania propagandowa, maskowana jako „antysyjonistyczna”, rozpoczęła się w lutym 1968 r. od ulotek piętnujących „niewłaściwe” pochodzenie części studentów. Wkrótce stała się jednym z głównych wątków propagandy, oskarżając Żydów o inspirowanie protestów. W prasie i na masowych wiecach podkreślano ich rzekome powiązania z Izraelem oraz Zachodem, oskarżając o „zdradę interesów narodu polskiego”.</p>
<p data-start="424" data-end="830" data-is-last-node="" data-is-only-node="">„Syjonistów” usuwano z PZPR i urzędów, piętnowano publicznie, a słowa „Żyd” unikano, zastępując je eufemizmami. W atmosferze nagonki organizowano wielogodzinne zebrania, podczas których padały zarówno prawdziwe, jak i fałszywe oskarżenia. Polityczna czystka objęła także środowiska akademickie i kulturalne. W efekcie ponad 13 tys. osób zostało zmuszonych do emigracji, tracąc obywatelstwo i dorobek życia.</p>
<p data-start="424" data-end="830" data-is-last-node="" data-is-only-node="">8 marca wspomnimy tych, którzy zostali zmuszeni do opuszczenia wszystkiego, co znali i kochali &#8211; by z dokumentem podróży na zawsze opuścić Polskę.&nbsp;</p>
</div>

<p>Z okazji 57. rocznicy Marca &#8217;68 Gołda Tencer wraz z Fundacją Shalom, Teatrem Żydowskim i Centrum Kultury Jidysz zapraszają wszystkich [&hellip;]</p>
