{"id":21623,"date":"2025-02-18T18:25:58","date_gmt":"2025-02-18T17:25:58","guid":{"rendered":"https:\/\/shalom.org.pl\/?post_type=tribe_events&#038;p=21623"},"modified":"2025-02-18T18:26:58","modified_gmt":"2025-02-18T17:26:58","slug":"nie-zyje-marian-turski","status":"publish","type":"tribe_events","link":"https:\/\/shalom.org.pl\/en\/event\/nie-zyje-marian-turski\/","title":{"rendered":"Nie \u017cyje Marian Turski"},"content":{"rendered":"<p>\u017begnaj, Marianie\u2026<\/p>\n<p>Jak po\u017cegna\u0107 kogo\u015b, bez kogo nie wyobra\u017camy sobie naszego \u015bwiata? Jak pozwoli\u0107 odej\u015b\u0107 Przyjacielowi, z kt\u00f3rym odchodzi ca\u0142a epoka?<\/p>\n<p>Nie ma s\u0142\u00f3w, kt\u00f3re odda\u0142yby b\u00f3l tej straty. Nie wyobra\u017camy sobie Festiwalu bez Twojego nazwiska, naszych rozm\u00f3w bez Twojej m\u0105dro\u015bci, spotka\u0144 bez Twojej \u017cyczliwo\u015bci.<\/p>\n<p>Dzi\u015b p\u0142aczemy, ale te\u017c jeste\u015bmy wdzi\u0119czni \u2013 za to, \u017ce mogli\u015bmy Ci\u0119 zna\u0107, czerpa\u0107 z Twojej wiedzy i do\u015bwiadczenia. Odszed\u0142 wielki cz\u0142owiek, wybitny dziennikarz, historyk, ocala\u0142y z Auschwitz.<\/p>\n<p>Rodzinie i bliskim sk\u0142adamy najszczersze wyrazy wsp\u00f3\u0142czucia<\/p>\n","protected":false},"excerpt":{"rendered":"<p>\u017begnaj, Marianie\u2026 Jak po\u017cegna\u0107 kogo\u015b, bez kogo nie wyobra\u017camy sobie naszego \u015bwiata? Jak pozwoli\u0107 odej\u015b\u0107 Przyjacielowi, z kt\u00f3rym odchodzi ca\u0142a [&hellip;]<\/p>\n","protected":false},"author":8,"featured_media":14978,"comment_status":"open","ping_status":"closed","template":"","meta":{"_acf_changed":false,"ngg_post_thumbnail":0,"_tribe_events_status":"","_tribe_events_status_reason":"","footnotes":""},"tags":[],"tribe_events_cat":[8,362],"class_list":["post-21623","tribe_events","type-tribe_events","status-publish","has-post-thumbnail","hentry","tribe_events_cat-pamiec","tribe_events_cat-pamiec-pl","cat_pamiec","cat_pamiec-pl"],"acf":[],"_links":{"self":[{"href":"https:\/\/shalom.org.pl\/en\/wp-json\/wp\/v2\/tribe_events\/21623","targetHints":{"allow":["GET"]}}],"collection":[{"href":"https:\/\/shalom.org.pl\/en\/wp-json\/wp\/v2\/tribe_events"}],"about":[{"href":"https:\/\/shalom.org.pl\/en\/wp-json\/wp\/v2\/types\/tribe_events"}],"author":[{"embeddable":true,"href":"https:\/\/shalom.org.pl\/en\/wp-json\/wp\/v2\/users\/8"}],"replies":[{"embeddable":true,"href":"https:\/\/shalom.org.pl\/en\/wp-json\/wp\/v2\/comments?post=21623"}],"version-history":[{"count":1,"href":"https:\/\/shalom.org.pl\/en\/wp-json\/wp\/v2\/tribe_events\/21623\/revisions"}],"predecessor-version":[{"id":21624,"href":"https:\/\/shalom.org.pl\/en\/wp-json\/wp\/v2\/tribe_events\/21623\/revisions\/21624"}],"wp:featuredmedia":[{"embeddable":true,"href":"https:\/\/shalom.org.pl\/en\/wp-json\/wp\/v2\/media\/14978"}],"wp:attachment":[{"href":"https:\/\/shalom.org.pl\/en\/wp-json\/wp\/v2\/media?parent=21623"}],"wp:term":[{"taxonomy":"post_tag","embeddable":true,"href":"https:\/\/shalom.org.pl\/en\/wp-json\/wp\/v2\/tags?post=21623"},{"taxonomy":"tribe_events_cat","embeddable":true,"href":"https:\/\/shalom.org.pl\/en\/wp-json\/wp\/v2\/tribe_events_cat?post=21623"}],"curies":[{"name":"wp","href":"https:\/\/api.w.org\/{rel}","templated":true}]}}

Nie żyje Marian Turski

<p>Żegnaj, Marianie…</p>
<p>Jak pożegnać kogoś, bez kogo nie wyobrażamy sobie naszego świata? Jak pozwolić odejść Przyjacielowi, z którym odchodzi cała epoka?</p>
<p>Nie ma słów, które oddałyby ból tej straty. Nie wyobrażamy sobie Festiwalu bez Twojego nazwiska, naszych rozmów bez Twojej mądrości, spotkań bez Twojej życzliwości.</p>
<p>Dziś płaczemy, ale też jesteśmy wdzięczni – za to, że mogliśmy Cię znać, czerpać z Twojej wiedzy i doświadczenia. Odszedł wielki człowiek, wybitny dziennikarz, historyk, ocalały z Auschwitz.</p>
<p>Rodzinie i bliskim składamy najszczersze wyrazy współczucia</p>

<p>Żegnaj, Marianie… Jak pożegnać kogoś, bez kogo nie wyobrażamy sobie naszego świata? Jak pozwolić odejść Przyjacielowi, z którym odchodzi cała [&hellip;]</p>
