{"id":2085,"date":"2012-01-28T22:09:03","date_gmt":"2012-01-28T21:09:03","guid":{"rendered":"http:\/\/cesin.net.pl\/Blog\/?post_type=tribe_events&#038;p=2085"},"modified":"2020-11-06T13:31:50","modified_gmt":"2020-11-06T12:31:50","slug":"vii-miedzynarodowy-dzien-pamieci-o-ofiarach-holokaustu","status":"publish","type":"tribe_events","link":"https:\/\/shalom.org.pl\/en\/event\/vii-miedzynarodowy-dzien-pamieci-o-ofiarach-holokaustu\/","title":{"rendered":"VII Mi\u0119dzynarodowy Dzie\u0144 Pami\u0119ci o Ofiarach Holokaustu"},"content":{"rendered":"<p>\t\t\t\t<\/p>\n<\/p>\n<p>\t\t<\/p>","protected":false},"excerpt":{"rendered":"","protected":false},"author":1,"featured_media":2099,"comment_status":"closed","ping_status":"closed","template":"","meta":{"_acf_changed":false,"ngg_post_thumbnail":0,"_tribe_events_status":"","_tribe_events_status_reason":"","footnotes":""},"tags":[],"tribe_events_cat":[362],"class_list":["post-2085","tribe_events","type-tribe_events","status-publish","has-post-thumbnail","hentry","tribe_events_cat-pamiec-pl","cat_pamiec-pl"],"acf":[],"_links":{"self":[{"href":"https:\/\/shalom.org.pl\/en\/wp-json\/wp\/v2\/tribe_events\/2085","targetHints":{"allow":["GET"]}}],"collection":[{"href":"https:\/\/shalom.org.pl\/en\/wp-json\/wp\/v2\/tribe_events"}],"about":[{"href":"https:\/\/shalom.org.pl\/en\/wp-json\/wp\/v2\/types\/tribe_events"}],"author":[{"embeddable":true,"href":"https:\/\/shalom.org.pl\/en\/wp-json\/wp\/v2\/users\/1"}],"replies":[{"embeddable":true,"href":"https:\/\/shalom.org.pl\/en\/wp-json\/wp\/v2\/comments?post=2085"}],"version-history":[{"count":1,"href":"https:\/\/shalom.org.pl\/en\/wp-json\/wp\/v2\/tribe_events\/2085\/revisions"}],"predecessor-version":[{"id":5977,"href":"https:\/\/shalom.org.pl\/en\/wp-json\/wp\/v2\/tribe_events\/2085\/revisions\/5977"}],"wp:featuredmedia":[{"embeddable":true,"href":"https:\/\/shalom.org.pl\/en\/wp-json\/wp\/v2\/media\/2099"}],"wp:attachment":[{"href":"https:\/\/shalom.org.pl\/en\/wp-json\/wp\/v2\/media?parent=2085"}],"wp:term":[{"taxonomy":"post_tag","embeddable":true,"href":"https:\/\/shalom.org.pl\/en\/wp-json\/wp\/v2\/tags?post=2085"},{"taxonomy":"tribe_events_cat","embeddable":true,"href":"https:\/\/shalom.org.pl\/en\/wp-json\/wp\/v2\/tribe_events_cat?post=2085"}],"curies":[{"name":"wp","href":"https:\/\/api.w.org\/{rel}","templated":true}]}}

VII Międzynarodowy Dzień Pamięci o Ofiarach Holokaustu
