{"id":20560,"date":"2024-07-15T00:09:05","date_gmt":"2024-07-14T22:09:05","guid":{"rendered":"https:\/\/shalom.org.pl\/?post_type=tribe_events&#038;p=20560"},"modified":"2025-05-10T22:32:21","modified_gmt":"2025-05-10T20:32:21","slug":"kipiacy-energia-ara-malikian-i-szlachetne-mury-teatru-wielkiego-i-to-bedzie-final-godny-tegorocznego-festiwalu","status":"publish","type":"tribe_events","link":"https:\/\/shalom.org.pl\/en\/event\/kipiacy-energia-ara-malikian-i-szlachetne-mury-teatru-wielkiego-i-to-bedzie-final-godny-tegorocznego-festiwalu\/","title":{"rendered":"Energetyczny Malikian i szlachetne mury Teatru Wielkiego. To b\u0119dzie fina\u0142!"},"content":{"rendered":"<p>Gdy s\u0142uchamy a mo\u017ce raczej ch\u0142oniemy koncerty Ary Malikinan to to mamy wra\u017cenie, \u017ce jego skrzypce graj\u0105 milion nut na sekund\u0119.&nbsp;<\/p>\n<p>Talent odziedziczy\u0142 po dziadku, kt\u00f3remu skrzypce umo\u017cliwi\u0142y ucieczk\u0119 przed ludob\u00f3jstwem Ormian.&nbsp; Jednak sam talent to za ma\u0142o w Malikianie jest tak\u017ce pasja, kt\u00f3ra towarzyszy\u0142a mu od zawsze. Wyobra\u017amy sobie ma\u0142ego ch\u0142opca, kt\u00f3ry zapami\u0119tale \u0107wiczy w schronach przeciwbombowych, gdy\u017c naoko\u0142o szaleje liba\u0144ska wojna domowa.<\/p>\n<p>To po\u0142\u0105czenie zdolno\u015bci, determinacji, nami\u0119tno\u015bci sprawi\u0142o, \u017ce Malikian pierwszy du\u017cy koncert zagra\u0142 w wieku zaledwie 12 lat, a dwa lata p\u00f3\u017aniej us\u0142ysza\u0142 go dyrygent Hans Herbert-J\u00f6ris, kt\u00f3ry przyzna\u0142 mu stypendium rz\u0105du niemieckiego na studia w Hochschule f\u00fcr Musik und Theater w Hanowerze. Potem by\u0142o jeszcze wiele presti\u017cowych szk\u00f3\u0142 i najlepszych profesor\u00f3w. Na szcz\u0119\u015bcie nikt nie utemperowa\u0142 jego niezwyk\u0142ego temperamentu i dlatego przed nami niezwyk\u0142e widowisko.<\/p>\n<p>Wiemy, \u017ce nie mo\u017cna niczego przewidzie\u0107 podczas jego koncert\u00f3w, ale gwarantujemy, \u017ce na scenie b\u0119dzie gor\u0105co i na pewno nikt nie zostanie oboj\u0119tny na to zderzenie z energi\u0105 muzyki Malikiana!<\/p>\n<p>&nbsp;<\/p>\n<p>Bilety do nabycia na: www.kicket.com\/warszawa, www.teatr-zydowski.art.pl, w Biurze Organizacji Widowni tel. 48 602 534 270; 22 850 64 50 lub 51 oraz w kasach Teatru \u017bydowskiego: przy ul. Senatorskiej 35, tel. 22 850 64 35 lub w Klubie<br \/>\nDow\u00f3dztwa Garnizonu Warszawa, al. Niepodleg\u0142o\u015bci 141a, tel. 22 850 56 56 oraz w kasach Teatru Wielkiego \u2013 Opery Narodowej i na stronie www.teatrwielki.pl<\/p>\n<p><em>Partner koncertu: Teatr Wielki \u2013 Opera Narodowa<\/em><\/p>\n","protected":false},"excerpt":{"rendered":"<p>Malikian przypomina, \u017ce najwa\u017cniejsza w muzyce jest rado\u015b\u0107 i ta niezwyk\u0142a energia, kt\u00f3ra \u0142\u0105czy artyst\u0119 z publiczno\u015bci\u0105 !<\/p>\n","protected":false},"author":8,"featured_media":19317,"comment_status":"open","ping_status":"closed","template":"","meta":{"_acf_changed":false,"ngg_post_thumbnail":0,"_tribe_events_status":"","_tribe_events_status_reason":"","footnotes":""},"tags":[],"tribe_events_cat":[14,356],"class_list":["post-20560","tribe_events","type-tribe_events","status-publish","has-post-thumbnail","hentry","tribe_events_cat-festiwal","tribe_events_cat-festiwal-pl","cat_festiwal","cat_festiwal-pl"],"acf":[],"_links":{"self":[{"href":"https:\/\/shalom.org.pl\/en\/wp-json\/wp\/v2\/tribe_events\/20560","targetHints":{"allow":["GET"]}}],"collection":[{"href":"https:\/\/shalom.org.pl\/en\/wp-json\/wp\/v2\/tribe_events"}],"about":[{"href":"https:\/\/shalom.org.pl\/en\/wp-json\/wp\/v2\/types\/tribe_events"}],"author":[{"embeddable":true,"href":"https:\/\/shalom.org.pl\/en\/wp-json\/wp\/v2\/users\/8"}],"replies":[{"embeddable":true,"href":"https:\/\/shalom.org.pl\/en\/wp-json\/wp\/v2\/comments?post=20560"}],"version-history":[{"count":8,"href":"https:\/\/shalom.org.pl\/en\/wp-json\/wp\/v2\/tribe_events\/20560\/revisions"}],"predecessor-version":[{"id":20568,"href":"https:\/\/shalom.org.pl\/en\/wp-json\/wp\/v2\/tribe_events\/20560\/revisions\/20568"}],"wp:featuredmedia":[{"embeddable":true,"href":"https:\/\/shalom.org.pl\/en\/wp-json\/wp\/v2\/media\/19317"}],"wp:attachment":[{"href":"https:\/\/shalom.org.pl\/en\/wp-json\/wp\/v2\/media?parent=20560"}],"wp:term":[{"taxonomy":"post_tag","embeddable":true,"href":"https:\/\/shalom.org.pl\/en\/wp-json\/wp\/v2\/tags?post=20560"},{"taxonomy":"tribe_events_cat","embeddable":true,"href":"https:\/\/shalom.org.pl\/en\/wp-json\/wp\/v2\/tribe_events_cat?post=20560"}],"curies":[{"name":"wp","href":"https:\/\/api.w.org\/{rel}","templated":true}]}}

Energetyczny Malikian i szlachetne mury Teatru Wielkiego. To będzie finał!

<p>Gdy słuchamy a może raczej chłoniemy koncerty Ary Malikinan to to mamy wrażenie, że jego skrzypce grają milion nut na sekundę.&nbsp;</p>
<p>Talent odziedziczył po dziadku, któremu skrzypce umożliwiły ucieczkę przed ludobójstwem Ormian.&nbsp; Jednak sam talent to za mało w Malikianie jest także pasja, która towarzyszyła mu od zawsze. Wyobraźmy sobie małego chłopca, który zapamiętale ćwiczy w schronach przeciwbombowych, gdyż naokoło szaleje libańska wojna domowa.</p>
<p>To połączenie zdolności, determinacji, namiętności sprawiło, że Malikian pierwszy duży koncert zagrał w wieku zaledwie 12 lat, a dwa lata później usłyszał go dyrygent Hans Herbert-Jöris, który przyznał mu stypendium rządu niemieckiego na studia w Hochschule für Musik und Theater w Hanowerze. Potem było jeszcze wiele prestiżowych szkół i najlepszych profesorów. Na szczęście nikt nie utemperował jego niezwykłego temperamentu i dlatego przed nami niezwykłe widowisko.</p>
<p>Wiemy, że nie można niczego przewidzieć podczas jego koncertów, ale gwarantujemy, że na scenie będzie gorąco i na pewno nikt nie zostanie obojętny na to zderzenie z energią muzyki Malikiana!</p>
<p>&nbsp;</p>
<p>Bilety do nabycia na: www.kicket.com/warszawa, www.teatr-zydowski.art.pl, w Biurze Organizacji Widowni tel. 48 602 534 270; 22 850 64 50 lub 51 oraz w kasach Teatru Żydowskiego: przy ul. Senatorskiej 35, tel. 22 850 64 35 lub w Klubie<br />
Dowództwa Garnizonu Warszawa, al. Niepodległości 141a, tel. 22 850 56 56 oraz w kasach Teatru Wielkiego – Opery Narodowej i na stronie www.teatrwielki.pl</p>
<p><em>Partner koncertu: Teatr Wielki – Opera Narodowa</em></p>

<p>Malikian przypomina, że najważniejsza w muzyce jest radość i ta niezwykła energia, która łączy artystę z publicznością !</p>
