{"id":15012,"date":"2022-02-28T13:22:38","date_gmt":"2022-02-28T12:22:38","guid":{"rendered":"http:\/\/shalom.org.pl\/?post_type=tribe_events&#038;p=15012"},"modified":"2022-02-28T13:22:38","modified_gmt":"2022-02-28T12:22:38","slug":"20-miedzynarodowe-letnie-seminarium-jezyka-i-kultury-jidysz","status":"publish","type":"tribe_events","link":"https:\/\/shalom.org.pl\/en\/event\/20-miedzynarodowe-letnie-seminarium-jezyka-i-kultury-jidysz\/","title":{"rendered":"20. Mi\u0119dzynarodowe Letnie Seminarium J\u0119zyka i Kultury Jidysz"},"content":{"rendered":"<p>Fundacja Shalom i Centrum Kultury Jidysz zapraszaj\u0105 wszystkich mi\u0142o\u015bnik\u00f3w j\u0119zyka jidysz na trzytygodniowe spotkanie z j\u0119zykiem \u017cydowskim oraz z \u017cydowsk\u0105 histori\u0105, literatur\u0105, kultur\u0105 i sztuk\u0105. 20. Mi\u0119dzynarodowe Letnie Seminarium J\u0119zyka i Kultury Jidysz odb\u0119dzie si\u0119 zar\u00f3wno stacjonarnie jak i online<strong>&nbsp;w dniach 27 czerwca \u2013 15 lipca 2022.<\/strong><\/p>\n<p>Wieloletnia tradycja i do\u015bwiadczenie zwi\u0105zane z warszawskim seminarium zosta\u0142a w tym roku wzbogacona o formu\u0142\u0119 online, by mimo niesprzyjaj\u0105cych warunk\u00f3w ka\u017cdy m\u00f3g\u0142 zanurzy\u0107 si\u0119 w j\u0119zykowy i kulturowy \u015bwiat jidysz poprzez intensywne lektoraty, a tak\u017ce tutoriale, konwersatoria, wyk\u0142ady i warsztaty. Z zacisza w\u0142asnego domu, ale w otoczeniu uczestniczek i uczestnik\u00f3w z ca\u0142ego \u015bwiata i pod okiem najlepszych specjalist\u00f3w po raz kolejny zag\u0142\u0119bimy si\u0119 w niezwyk\u0142y \u015bwiat historii i tradycji zwi\u0105zany z j\u0119zykiem i kultur\u0105 \u017byd\u00f3w aszkenazyjskich.<\/p>\n<p>W programie: kursy j\u0119zykowe oraz szereg tematycznych wyk\u0142ad\u00f3w i specjalistycznych warsztat\u00f3w.<\/p>\n<p>Wi\u0119cej szczeg\u00f3\u0142\u00f3w <a href=\"http:\/\/jidyszland.pl\/pl\/seminarium-jidysz\/\">TUTAJ<\/a><\/p>\n","protected":false},"excerpt":{"rendered":"<p>Fundacja Shalom i Centrum Kultury Jidysz zapraszaj\u0105 wszystkich mi\u0142o\u015bnik\u00f3w j\u0119zyka jidysz na trzytygodniowe spotkanie z j\u0119zykiem \u017cydowskim oraz z \u017cydowsk\u0105 [&hellip;]<\/p>\n","protected":false},"author":5,"featured_media":15005,"comment_status":"open","ping_status":"closed","template":"","meta":{"_acf_changed":false,"ngg_post_thumbnail":0,"_tribe_events_status":"","_tribe_events_status_reason":"","footnotes":""},"tags":[],"tribe_events_cat":[],"class_list":["post-15012","tribe_events","type-tribe_events","status-publish","has-post-thumbnail","hentry"],"acf":[],"_links":{"self":[{"href":"https:\/\/shalom.org.pl\/en\/wp-json\/wp\/v2\/tribe_events\/15012","targetHints":{"allow":["GET"]}}],"collection":[{"href":"https:\/\/shalom.org.pl\/en\/wp-json\/wp\/v2\/tribe_events"}],"about":[{"href":"https:\/\/shalom.org.pl\/en\/wp-json\/wp\/v2\/types\/tribe_events"}],"author":[{"embeddable":true,"href":"https:\/\/shalom.org.pl\/en\/wp-json\/wp\/v2\/users\/5"}],"replies":[{"embeddable":true,"href":"https:\/\/shalom.org.pl\/en\/wp-json\/wp\/v2\/comments?post=15012"}],"version-history":[{"count":1,"href":"https:\/\/shalom.org.pl\/en\/wp-json\/wp\/v2\/tribe_events\/15012\/revisions"}],"predecessor-version":[{"id":15013,"href":"https:\/\/shalom.org.pl\/en\/wp-json\/wp\/v2\/tribe_events\/15012\/revisions\/15013"}],"wp:featuredmedia":[{"embeddable":true,"href":"https:\/\/shalom.org.pl\/en\/wp-json\/wp\/v2\/media\/15005"}],"wp:attachment":[{"href":"https:\/\/shalom.org.pl\/en\/wp-json\/wp\/v2\/media?parent=15012"}],"wp:term":[{"taxonomy":"post_tag","embeddable":true,"href":"https:\/\/shalom.org.pl\/en\/wp-json\/wp\/v2\/tags?post=15012"},{"taxonomy":"tribe_events_cat","embeddable":true,"href":"https:\/\/shalom.org.pl\/en\/wp-json\/wp\/v2\/tribe_events_cat?post=15012"}],"curies":[{"name":"wp","href":"https:\/\/api.w.org\/{rel}","templated":true}]}}

20. Międzynarodowe Letnie Seminarium Języka i Kultury Jidysz

<p>Fundacja Shalom i Centrum Kultury Jidysz zapraszają wszystkich miłośników języka jidysz na trzytygodniowe spotkanie z językiem żydowskim oraz z żydowską historią, literaturą, kulturą i sztuką. 20. Międzynarodowe Letnie Seminarium Języka i Kultury Jidysz odbędzie się zarówno stacjonarnie jak i online<strong>&nbsp;w dniach 27 czerwca – 15 lipca 2022.</strong></p>
<p>Wieloletnia tradycja i doświadczenie związane z warszawskim seminarium została w tym roku wzbogacona o formułę online, by mimo niesprzyjających warunków każdy mógł zanurzyć się w językowy i kulturowy świat jidysz poprzez intensywne lektoraty, a także tutoriale, konwersatoria, wykłady i warsztaty. Z zacisza własnego domu, ale w otoczeniu uczestniczek i uczestników z całego świata i pod okiem najlepszych specjalistów po raz kolejny zagłębimy się w niezwykły świat historii i tradycji związany z językiem i kulturą Żydów aszkenazyjskich.</p>
<p>W programie: kursy językowe oraz szereg tematycznych wykładów i specjalistycznych warsztatów.</p>
<p>Więcej szczegółów <a href="http://jidyszland.pl/pl/seminarium-jidysz/">TUTAJ</a></p>

<p>Fundacja Shalom i Centrum Kultury Jidysz zapraszają wszystkich miłośników języka jidysz na trzytygodniowe spotkanie z językiem żydowskim oraz z żydowską [&hellip;]</p>
