{"id":14963,"date":"2022-01-07T11:35:59","date_gmt":"2022-01-07T10:35:59","guid":{"rendered":"http:\/\/shalom.org.pl\/?post_type=tribe_events&#038;p=14963"},"modified":"2022-01-07T11:35:59","modified_gmt":"2022-01-07T10:35:59","slug":"koncert-on-line-sanatorium-pod-klepsydra-zorn-bester-zajfert-auguscik-miskiewicz-lenczowski","status":"publish","type":"tribe_events","link":"https:\/\/shalom.org.pl\/en\/event\/koncert-on-line-sanatorium-pod-klepsydra-zorn-bester-zajfert-auguscik-miskiewicz-lenczowski\/","title":{"rendered":"Koncert ON-LINE: SANATORIUM POD KLEPSYDR\u0104 &#8211; Zorn\/Bester\/Zajfert\/Augu\u015bcik\/Mi\u015bkiewicz\/Lenczowski"},"content":{"rendered":"<p>Tchn\u0105ce geniuszem tematy muzyczne stworzone ponad dwie dekady temu przez wybitnego ameryka\u0144skiego kompozytora Johna Zorna, w przygotowanej specjalnie na Festiwal Warszawa Singera aran\u017cacji znakomitego akordeonisty, kompozytora i aran\u017cera Jaros\u0142awa Bestera. W po\u0142\u0105czeniu z wokalem Doroty Mi\u015bkiewicz i Gra\u017cyny Augu\u015bcik, przy akompaniamencie Bester Quartet z go\u015bcinnym udzia\u0142em wiolonczelisty Krzysztofa Lenczowskiego, to wprost uczta dla koneser\u00f3w dobrego brzmienia z dusz\u0105 literack\u0105.<\/p>\n<p>Po raz pierwszy nasza publiczno\u015b\u0107 mia\u0142a okazj\u0119 pos\u0142ucha\u0107 tego koncertu 23 sierpnia 2021 r., podczas ostatniej, 18. edycji Festiwalu Warszawa Singera. Powt\u00f3rka koncertu b\u0119dzie do obejrzenia <strong>19 stycznia o godz. 19.00<\/strong>&nbsp;na stronie Festiwalu na Facebooku:&nbsp;<a href=\"https:\/\/www.facebook.com\/FestiwalWarszawaSingera.\">https:\/\/www.facebook.com\/FestiwalWarszawaSingera.<\/a><\/p>\n<p><img fetchpriority=\"high\" decoding=\"async\" class=\"alignnone wp-image-14964 size-large\" src=\"http:\/\/shalom.org.pl\/wp-content\/uploads\/2022\/01\/DSC_9163-1024x683.jpg\" alt=\"\" width=\"1024\" height=\"683\" srcset=\"https:\/\/shalom.org.pl\/wp-content\/uploads\/2022\/01\/DSC_9163-1024x683.jpg 1024w, https:\/\/shalom.org.pl\/wp-content\/uploads\/2022\/01\/DSC_9163-300x200.jpg 300w, https:\/\/shalom.org.pl\/wp-content\/uploads\/2022\/01\/DSC_9163-768x512.jpg 768w, https:\/\/shalom.org.pl\/wp-content\/uploads\/2022\/01\/DSC_9163-383x255.jpg 383w, https:\/\/shalom.org.pl\/wp-content\/uploads\/2022\/01\/DSC_9163-350x233.jpg 350w\" sizes=\"(max-width: 1024px) 100vw, 1024px\" \/><\/p>\n<p>Zamkni\u0119te w dedykowany pami\u0119ci Bruno Schulza cykl \u201eSanatorium pod klepsydr\u0105\u201d, zjawiskowe aran\u017cacje \u201ezornowskich\u201d temat\u00f3w, idealnie uzupe\u0142niaj\u0105 tajemniczy \u015bwiat zmys\u0142owych, literackich fantazji genialnego tw\u00f3rcy z Drohobycza. Jaros\u0142aw Bester po mistrzowsku po\u0142\u0105czy\u0142 nostalgi\u0119 za przesz\u0142o\u015bci\u0105 z odwa\u017cnym spojrzeniem na tera\u017aniejszo\u015b\u0107. Powsta\u0142a nadzwyczaj sp\u00f3jna i nowatorska muzycznie ca\u0142o\u015b\u0107. Wype\u0142niaj\u0105 j\u0105 zawieszone na granicy snu i jawy, brzmieniowe wizje, bezb\u0142\u0119dnie nawi\u0105zuj\u0105ce do wielkiej prozy. \u201eSanatorium pod klepsydr\u0105\u201d to urzekaj\u0105co pi\u0119kna, magiczna podr\u00f3\u017c, w kt\u00f3rej \u015bwiat Schulza nie przestaje zdumiewa\u0107 i fascynowa\u0107. Jej symbolicznym fina\u0142em jest wiersz \u201eLibe-lid\u201d, wielkiej przyjaci\u00f3\u0142ki Schulza Debory Vogel, z autorsk\u0105 muzyk\u0105 Bestera.<\/p>\n<p>Muzyka: John Zorn, Jaros\u0142aw Bester, aran\u017cacja: Jaros\u0142aw Bester, scenariusz i re\u017cyseria: Miron Zajfert<\/p>\n<p>Wyst\u0105pili: Bester Quartet w sk\u0142adzie &#8211; Jaros\u0142aw Bester (akordeon), Dawid Lubowicz (skrzypce), Maciej Adamczak (kontrabas), Ryszard Pa\u0142ka (perkusja) oraz Gra\u017cyna Augu\u015bcik (\u015bpiew), Dorota Mi\u015bkiewicz (\u015bpiew), Krzysztof Lenczowski (wiolonczela)<\/p>\n","protected":false},"excerpt":{"rendered":"<p>Tchn\u0105ce geniuszem tematy muzyczne stworzone ponad dwie dekady temu przez wybitnego ameryka\u0144skiego kompozytora Johna Zorna, w przygotowanej specjalnie na Festiwal [&hellip;]<\/p>\n","protected":false},"author":5,"featured_media":14964,"comment_status":"open","ping_status":"closed","template":"","meta":{"_acf_changed":false,"ngg_post_thumbnail":0,"_tribe_events_status":"","_tribe_events_status_reason":"","footnotes":""},"tags":[],"tribe_events_cat":[360],"class_list":["post-14963","tribe_events","type-tribe_events","status-publish","has-post-thumbnail","hentry","tribe_events_cat-muzyka-pl","cat_muzyka-pl"],"acf":[],"_links":{"self":[{"href":"https:\/\/shalom.org.pl\/en\/wp-json\/wp\/v2\/tribe_events\/14963","targetHints":{"allow":["GET"]}}],"collection":[{"href":"https:\/\/shalom.org.pl\/en\/wp-json\/wp\/v2\/tribe_events"}],"about":[{"href":"https:\/\/shalom.org.pl\/en\/wp-json\/wp\/v2\/types\/tribe_events"}],"author":[{"embeddable":true,"href":"https:\/\/shalom.org.pl\/en\/wp-json\/wp\/v2\/users\/5"}],"replies":[{"embeddable":true,"href":"https:\/\/shalom.org.pl\/en\/wp-json\/wp\/v2\/comments?post=14963"}],"version-history":[{"count":1,"href":"https:\/\/shalom.org.pl\/en\/wp-json\/wp\/v2\/tribe_events\/14963\/revisions"}],"predecessor-version":[{"id":14965,"href":"https:\/\/shalom.org.pl\/en\/wp-json\/wp\/v2\/tribe_events\/14963\/revisions\/14965"}],"wp:featuredmedia":[{"embeddable":true,"href":"https:\/\/shalom.org.pl\/en\/wp-json\/wp\/v2\/media\/14964"}],"wp:attachment":[{"href":"https:\/\/shalom.org.pl\/en\/wp-json\/wp\/v2\/media?parent=14963"}],"wp:term":[{"taxonomy":"post_tag","embeddable":true,"href":"https:\/\/shalom.org.pl\/en\/wp-json\/wp\/v2\/tags?post=14963"},{"taxonomy":"tribe_events_cat","embeddable":true,"href":"https:\/\/shalom.org.pl\/en\/wp-json\/wp\/v2\/tribe_events_cat?post=14963"}],"curies":[{"name":"wp","href":"https:\/\/api.w.org\/{rel}","templated":true}]}}

Koncert ON-LINE: SANATORIUM POD KLEPSYDRĄ &#8211; Zorn/Bester/Zajfert/Auguścik/Miśkiewicz/Lenczowski

<p>Tchnące geniuszem tematy muzyczne stworzone ponad dwie dekady temu przez wybitnego amerykańskiego kompozytora Johna Zorna, w przygotowanej specjalnie na Festiwal Warszawa Singera aranżacji znakomitego akordeonisty, kompozytora i aranżera Jarosława Bestera. W połączeniu z wokalem Doroty Miśkiewicz i Grażyny Auguścik, przy akompaniamencie Bester Quartet z gościnnym udziałem wiolonczelisty Krzysztofa Lenczowskiego, to wprost uczta dla koneserów dobrego brzmienia z duszą literacką.</p>
<p>Po raz pierwszy nasza publiczność miała okazję posłuchać tego koncertu 23 sierpnia 2021 r., podczas ostatniej, 18. edycji Festiwalu Warszawa Singera. Powtórka koncertu będzie do obejrzenia <strong>19 stycznia o godz. 19.00</strong>&nbsp;na stronie Festiwalu na Facebooku:&nbsp;<a href="https://www.facebook.com/FestiwalWarszawaSingera.">https://www.facebook.com/FestiwalWarszawaSingera.</a></p>
<p><img fetchpriority="high" decoding="async" class="alignnone wp-image-14964 size-large" src="http://shalom.org.pl/wp-content/uploads/2022/01/DSC_9163-1024x683.jpg" alt="" width="1024" height="683" srcset="https://shalom.org.pl/wp-content/uploads/2022/01/DSC_9163-1024x683.jpg 1024w, https://shalom.org.pl/wp-content/uploads/2022/01/DSC_9163-300x200.jpg 300w, https://shalom.org.pl/wp-content/uploads/2022/01/DSC_9163-768x512.jpg 768w, https://shalom.org.pl/wp-content/uploads/2022/01/DSC_9163-383x255.jpg 383w, https://shalom.org.pl/wp-content/uploads/2022/01/DSC_9163-350x233.jpg 350w" sizes="(max-width: 1024px) 100vw, 1024px" /></p>
<p>Zamknięte w dedykowany pamięci Bruno Schulza cykl „Sanatorium pod klepsydrą”, zjawiskowe aranżacje „zornowskich” tematów, idealnie uzupełniają tajemniczy świat zmysłowych, literackich fantazji genialnego twórcy z Drohobycza. Jarosław Bester po mistrzowsku połączył nostalgię za przeszłością z odważnym spojrzeniem na teraźniejszość. Powstała nadzwyczaj spójna i nowatorska muzycznie całość. Wypełniają ją zawieszone na granicy snu i jawy, brzmieniowe wizje, bezbłędnie nawiązujące do wielkiej prozy. „Sanatorium pod klepsydrą” to urzekająco piękna, magiczna podróż, w której świat Schulza nie przestaje zdumiewać i fascynować. Jej symbolicznym finałem jest wiersz „Libe-lid”, wielkiej przyjaciółki Schulza Debory Vogel, z autorską muzyką Bestera.</p>
<p>Muzyka: John Zorn, Jarosław Bester, aranżacja: Jarosław Bester, scenariusz i reżyseria: Miron Zajfert</p>
<p>Wystąpili: Bester Quartet w składzie &#8211; Jarosław Bester (akordeon), Dawid Lubowicz (skrzypce), Maciej Adamczak (kontrabas), Ryszard Pałka (perkusja) oraz Grażyna Auguścik (śpiew), Dorota Miśkiewicz (śpiew), Krzysztof Lenczowski (wiolonczela)</p>

<p>Tchnące geniuszem tematy muzyczne stworzone ponad dwie dekady temu przez wybitnego amerykańskiego kompozytora Johna Zorna, w przygotowanej specjalnie na Festiwal [&hellip;]</p>
