{"id":14944,"date":"2021-12-24T11:06:17","date_gmt":"2021-12-24T10:06:17","guid":{"rendered":"http:\/\/shalom.org.pl\/?post_type=tribe_events&#038;p=14944"},"modified":"2021-12-24T11:07:47","modified_gmt":"2021-12-24T10:07:47","slug":"wesolych-swiat-2","status":"publish","type":"tribe_events","link":"https:\/\/shalom.org.pl\/en\/event\/wesolych-swiat-2\/","title":{"rendered":"Weso\u0142ych \u015awi\u0105t!"},"content":{"rendered":"<p><img fetchpriority=\"high\" decoding=\"async\" class=\"alignnone size-medium wp-image-14945 aligncenter\" src=\"http:\/\/shalom.org.pl\/wp-content\/uploads\/2021\/12\/stars-4664313__340-300x200.jpg\" alt=\"\" width=\"300\" height=\"200\" srcset=\"https:\/\/shalom.org.pl\/wp-content\/uploads\/2021\/12\/stars-4664313__340-300x200.jpg 300w, https:\/\/shalom.org.pl\/wp-content\/uploads\/2021\/12\/stars-4664313__340-383x255.jpg 383w, https:\/\/shalom.org.pl\/wp-content\/uploads\/2021\/12\/stars-4664313__340-350x233.jpg 350w, https:\/\/shalom.org.pl\/wp-content\/uploads\/2021\/12\/stars-4664313__340.jpg 510w\" sizes=\"(max-width: 300px) 100vw, 300px\" \/><\/p>\n<p style=\"text-align: center;\">&nbsp;<\/p>\n<p style=\"text-align: center;\"><em><span style=\"color: #821b1b; font-size: 18pt;\">Wszystkim naszym Przyjacio\u0142om<\/span><\/em><\/p>\n<p style=\"text-align: center;\"><em><span style=\"color: #821b1b; font-size: 18pt;\">\u017cyczymy du\u017co zdrowia<\/span><\/em><\/p>\n<p style=\"text-align: center;\"><em><span style=\"color: #821b1b; font-size: 18pt;\">i wielu cudownych chwil<\/span><\/em><\/p>\n<p style=\"text-align: center;\"><em><span style=\"color: #821b1b; font-size: 18pt;\">sp\u0119dzonych w gronie najbli\u017cszych.<\/span><\/em><\/p>\n<p style=\"text-align: center;\"><em><span style=\"color: #821b1b; font-size: 18pt;\">Niech ten \u015bwi\u0105teczny czas <\/span><\/em><\/p>\n<p style=\"text-align: center;\"><em><span style=\"color: #821b1b; font-size: 18pt;\">b\u0119dzie dla Was czasem spokoju, <\/span><\/em><\/p>\n<p style=\"text-align: center;\"><em><span style=\"color: #821b1b; font-size: 18pt;\">rado\u015bci i mi\u0142o\u015bci.<\/span><\/em><\/p>\n<p style=\"text-align: center;\">&nbsp;<\/p>\n<p style=\"text-align: center;\"><span style=\"color: #821b1b; font-size: 14pt;\">Zesp\u00f3\u0142 Fundacji Shalom<\/span><\/p>\n","protected":false},"excerpt":{"rendered":"<p>&nbsp; Wszystkim naszym Przyjacio\u0142om \u017cyczymy du\u017co zdrowia i wielu cudownych chwil sp\u0119dzonych w gronie najbli\u017cszych. Niech ten \u015bwi\u0105teczny czas b\u0119dzie [&hellip;]<\/p>\n","protected":false},"author":5,"featured_media":14945,"comment_status":"open","ping_status":"closed","template":"","meta":{"_acf_changed":false,"ngg_post_thumbnail":0,"_tribe_events_status":"","_tribe_events_status_reason":"","footnotes":""},"tags":[],"tribe_events_cat":[350],"class_list":["post-14944","tribe_events","type-tribe_events","status-publish","has-post-thumbnail","hentry","tribe_events_cat-instytucja-pl","cat_instytucja-pl"],"acf":[],"_links":{"self":[{"href":"https:\/\/shalom.org.pl\/en\/wp-json\/wp\/v2\/tribe_events\/14944","targetHints":{"allow":["GET"]}}],"collection":[{"href":"https:\/\/shalom.org.pl\/en\/wp-json\/wp\/v2\/tribe_events"}],"about":[{"href":"https:\/\/shalom.org.pl\/en\/wp-json\/wp\/v2\/types\/tribe_events"}],"author":[{"embeddable":true,"href":"https:\/\/shalom.org.pl\/en\/wp-json\/wp\/v2\/users\/5"}],"replies":[{"embeddable":true,"href":"https:\/\/shalom.org.pl\/en\/wp-json\/wp\/v2\/comments?post=14944"}],"version-history":[{"count":3,"href":"https:\/\/shalom.org.pl\/en\/wp-json\/wp\/v2\/tribe_events\/14944\/revisions"}],"predecessor-version":[{"id":14948,"href":"https:\/\/shalom.org.pl\/en\/wp-json\/wp\/v2\/tribe_events\/14944\/revisions\/14948"}],"wp:featuredmedia":[{"embeddable":true,"href":"https:\/\/shalom.org.pl\/en\/wp-json\/wp\/v2\/media\/14945"}],"wp:attachment":[{"href":"https:\/\/shalom.org.pl\/en\/wp-json\/wp\/v2\/media?parent=14944"}],"wp:term":[{"taxonomy":"post_tag","embeddable":true,"href":"https:\/\/shalom.org.pl\/en\/wp-json\/wp\/v2\/tags?post=14944"},{"taxonomy":"tribe_events_cat","embeddable":true,"href":"https:\/\/shalom.org.pl\/en\/wp-json\/wp\/v2\/tribe_events_cat?post=14944"}],"curies":[{"name":"wp","href":"https:\/\/api.w.org\/{rel}","templated":true}]}}

Wesołych Świąt!

<p><img fetchpriority="high" decoding="async" class="alignnone size-medium wp-image-14945 aligncenter" src="http://shalom.org.pl/wp-content/uploads/2021/12/stars-4664313__340-300x200.jpg" alt="" width="300" height="200" srcset="https://shalom.org.pl/wp-content/uploads/2021/12/stars-4664313__340-300x200.jpg 300w, https://shalom.org.pl/wp-content/uploads/2021/12/stars-4664313__340-383x255.jpg 383w, https://shalom.org.pl/wp-content/uploads/2021/12/stars-4664313__340-350x233.jpg 350w, https://shalom.org.pl/wp-content/uploads/2021/12/stars-4664313__340.jpg 510w" sizes="(max-width: 300px) 100vw, 300px" /></p>
<p style="text-align: center;">&nbsp;</p>
<p style="text-align: center;"><em><span style="color: #821b1b; font-size: 18pt;">Wszystkim naszym Przyjaciołom</span></em></p>
<p style="text-align: center;"><em><span style="color: #821b1b; font-size: 18pt;">życzymy dużo zdrowia</span></em></p>
<p style="text-align: center;"><em><span style="color: #821b1b; font-size: 18pt;">i wielu cudownych chwil</span></em></p>
<p style="text-align: center;"><em><span style="color: #821b1b; font-size: 18pt;">spędzonych w gronie najbliższych.</span></em></p>
<p style="text-align: center;"><em><span style="color: #821b1b; font-size: 18pt;">Niech ten świąteczny czas </span></em></p>
<p style="text-align: center;"><em><span style="color: #821b1b; font-size: 18pt;">będzie dla Was czasem spokoju, </span></em></p>
<p style="text-align: center;"><em><span style="color: #821b1b; font-size: 18pt;">radości i miłości.</span></em></p>
<p style="text-align: center;">&nbsp;</p>
<p style="text-align: center;"><span style="color: #821b1b; font-size: 14pt;">Zespół Fundacji Shalom</span></p>

<p>&nbsp; Wszystkim naszym Przyjaciołom życzymy dużo zdrowia i wielu cudownych chwil spędzonych w gronie najbliższych. Niech ten świąteczny czas będzie [&hellip;]</p>
