{"id":14938,"date":"2021-12-20T09:00:11","date_gmt":"2021-12-20T08:00:11","guid":{"rendered":"http:\/\/shalom.org.pl\/?post_type=tribe_events&#038;p=14938"},"modified":"2021-12-20T09:03:31","modified_gmt":"2021-12-20T08:03:31","slug":"obchody-miedzynarodowego-dnia-pamieci-o-ofiarach-holokaustu","status":"publish","type":"tribe_events","link":"https:\/\/shalom.org.pl\/en\/event\/obchody-miedzynarodowego-dnia-pamieci-o-ofiarach-holokaustu\/","title":{"rendered":"Obchody Mi\u0119dzynarodowego Dnia Pami\u0119ci o Ofiarach Holokaustu"},"content":{"rendered":"<p>W nadchodz\u0105cym roku, 27 stycznia ju\u017c po raz 17. obchodzi\u0107 b\u0119dziemy Mi\u0119dzynarodowy Dzie\u0144 Pami\u0119ci o Ofiarach Holokaustu.<\/p>\n<p>Fundacja Shalom jak co roku przygotowuje si\u0119 do godnego uczczenia tego szczeg\u00f3lnego dnia pami\u0119ci.<\/p>\n<p>Wi\u0119cej szczeg\u00f3\u0142\u00f3w podamy ju\u017c wkr\u00f3tce.<\/p>\n","protected":false},"excerpt":{"rendered":"<p>W nadchodz\u0105cym roku, 27 stycznia ju\u017c po raz 17. obchodzi\u0107 b\u0119dziemy Mi\u0119dzynarodowy Dzie\u0144 Pami\u0119ci o Ofiarach Holokaustu. Fundacja Shalom jak [&hellip;]<\/p>\n","protected":false},"author":5,"featured_media":14942,"comment_status":"open","ping_status":"closed","template":"","meta":{"_acf_changed":false,"ngg_post_thumbnail":0,"_tribe_events_status":"","_tribe_events_status_reason":"","footnotes":""},"tags":[],"tribe_events_cat":[350,362],"class_list":["post-14938","tribe_events","type-tribe_events","status-publish","has-post-thumbnail","hentry","tribe_events_cat-instytucja-pl","tribe_events_cat-pamiec-pl","cat_instytucja-pl","cat_pamiec-pl"],"acf":[],"_links":{"self":[{"href":"https:\/\/shalom.org.pl\/en\/wp-json\/wp\/v2\/tribe_events\/14938","targetHints":{"allow":["GET"]}}],"collection":[{"href":"https:\/\/shalom.org.pl\/en\/wp-json\/wp\/v2\/tribe_events"}],"about":[{"href":"https:\/\/shalom.org.pl\/en\/wp-json\/wp\/v2\/types\/tribe_events"}],"author":[{"embeddable":true,"href":"https:\/\/shalom.org.pl\/en\/wp-json\/wp\/v2\/users\/5"}],"replies":[{"embeddable":true,"href":"https:\/\/shalom.org.pl\/en\/wp-json\/wp\/v2\/comments?post=14938"}],"version-history":[{"count":1,"href":"https:\/\/shalom.org.pl\/en\/wp-json\/wp\/v2\/tribe_events\/14938\/revisions"}],"predecessor-version":[{"id":14940,"href":"https:\/\/shalom.org.pl\/en\/wp-json\/wp\/v2\/tribe_events\/14938\/revisions\/14940"}],"wp:featuredmedia":[{"embeddable":true,"href":"https:\/\/shalom.org.pl\/en\/wp-json\/wp\/v2\/media\/14942"}],"wp:attachment":[{"href":"https:\/\/shalom.org.pl\/en\/wp-json\/wp\/v2\/media?parent=14938"}],"wp:term":[{"taxonomy":"post_tag","embeddable":true,"href":"https:\/\/shalom.org.pl\/en\/wp-json\/wp\/v2\/tags?post=14938"},{"taxonomy":"tribe_events_cat","embeddable":true,"href":"https:\/\/shalom.org.pl\/en\/wp-json\/wp\/v2\/tribe_events_cat?post=14938"}],"curies":[{"name":"wp","href":"https:\/\/api.w.org\/{rel}","templated":true}]}}

Obchody Międzynarodowego Dnia Pamięci o Ofiarach Holokaustu

<p>W nadchodzącym roku, 27 stycznia już po raz 17. obchodzić będziemy Międzynarodowy Dzień Pamięci o Ofiarach Holokaustu.</p>
<p>Fundacja Shalom jak co roku przygotowuje się do godnego uczczenia tego szczególnego dnia pamięci.</p>
<p>Więcej szczegółów podamy już wkrótce.</p>

<p>W nadchodzącym roku, 27 stycznia już po raz 17. obchodzić będziemy Międzynarodowy Dzień Pamięci o Ofiarach Holokaustu. Fundacja Shalom jak [&hellip;]</p>
