{"id":14923,"date":"2021-12-15T22:58:27","date_gmt":"2021-12-15T21:58:27","guid":{"rendered":"http:\/\/shalom.org.pl\/?post_type=tribe_events&#038;p=14923"},"modified":"2021-12-15T23:00:09","modified_gmt":"2021-12-15T22:00:09","slug":"concert-online-unfinished-journey-of-janusz-tencer-dedicated-to-the-memory-of-szymon-szurmiej-and-janusz-sent","status":"publish","type":"tribe_events","link":"https:\/\/shalom.org.pl\/en\/event\/concert-online-unfinished-journey-of-janusz-tencer-dedicated-to-the-memory-of-szymon-szurmiej-and-janusz-sent\/","title":{"rendered":"Concert ONLINE: \u201cUnfinished journey of Janusz Tencer\u201d \u2013 dedicated to the memory of Szymon Szurmiej and Janusz Sent"},"content":{"rendered":"<p>This Sunday, <strong>December 19, at 19:00<\/strong> we invite you to a repetition of the concert from the last, 18th edition of the Singer&#8217;s Warsaw Festival: <strong>&#8220;Unfinished journey of Janusz Tencer&#8221; &#8211; a concert dedicated to the memory of Szymon Szurmiej and Janusz Sent<\/strong><\/p>\n<p>The concert will be available on the Festival website on Facebook: <a href=\"https:\/\/www.facebook.com\/FestiwalWarszawaSingera\">https:\/\/www.facebook.com\/FestiwalWarszawaSingera<\/a>.<\/p>\n<p><img fetchpriority=\"high\" decoding=\"async\" class=\"alignnone wp-image-14920 size-large\" src=\"http:\/\/shalom.org.pl\/wp-content\/uploads\/2021\/12\/FS_2021_\u015broda_fot.MartaKu\u015bmierz_6_1600x1067-1024x683.jpg\" alt=\"\" width=\"1024\" height=\"683\" srcset=\"https:\/\/shalom.org.pl\/wp-content\/uploads\/2021\/12\/FS_2021_\u015broda_fot.MartaKu\u015bmierz_6_1600x1067-1024x683.jpg 1024w, https:\/\/shalom.org.pl\/wp-content\/uploads\/2021\/12\/FS_2021_\u015broda_fot.MartaKu\u015bmierz_6_1600x1067-300x200.jpg 300w, https:\/\/shalom.org.pl\/wp-content\/uploads\/2021\/12\/FS_2021_\u015broda_fot.MartaKu\u015bmierz_6_1600x1067-768x512.jpg 768w, https:\/\/shalom.org.pl\/wp-content\/uploads\/2021\/12\/FS_2021_\u015broda_fot.MartaKu\u015bmierz_6_1600x1067-382x255.jpg 382w, https:\/\/shalom.org.pl\/wp-content\/uploads\/2021\/12\/FS_2021_\u015broda_fot.MartaKu\u015bmierz_6_1600x1067-350x233.jpg 350w, https:\/\/shalom.org.pl\/wp-content\/uploads\/2021\/12\/FS_2021_\u015broda_fot.MartaKu\u015bmierz_6_1600x1067.jpg 1600w\" sizes=\"(max-width: 1024px) 100vw, 1024px\" \/><\/p>\n<p>Lyrics and the show written by: Janusz Tencer, directed by: Go\u0142da Tencer, stage designed by: Ewa \u0141aniecka, music compiled by: Janusz Tylman, choreography: Katarzyna Ma\u0142achowska<\/p>\n<p>Line-up:&nbsp;Go\u0142da Tencer,&nbsp;Janusz Tencer,&nbsp;Dawid Szurmiej,&nbsp;Monika Chrz\u0105stowska,&nbsp;Izabella Rzeszowska,&nbsp;Joanna Przyby\u0142owska,&nbsp;Ma\u0142gorzata Majewska,&nbsp;Marcin B\u0142aszak,&nbsp;Sylwia Najah,&nbsp;Piotr Sierecki,&nbsp;Marek W\u0119glarski,&nbsp;Henryk Rajfer,&nbsp;Ewa D\u0105browska,&nbsp;Ben Erlich,&nbsp;Marek Werbart,&nbsp;Magdalena Stoltz,&nbsp;Gwidon Jakowlew, Jurek Wajnblom<\/p>\n","protected":false},"excerpt":{"rendered":"<p>This Sunday, December 19, at 19:00 we invite you to a repetition of the concert from the last, 18th edition [&hellip;]<\/p>\n","protected":false},"author":5,"featured_media":14920,"comment_status":"open","ping_status":"closed","template":"","meta":{"_acf_changed":false,"ngg_post_thumbnail":0,"_tribe_events_status":"","_tribe_events_status_reason":"","footnotes":""},"tags":[],"tribe_events_cat":[],"class_list":["post-14923","tribe_events","type-tribe_events","status-publish","has-post-thumbnail","hentry"],"acf":[],"_links":{"self":[{"href":"https:\/\/shalom.org.pl\/en\/wp-json\/wp\/v2\/tribe_events\/14923","targetHints":{"allow":["GET"]}}],"collection":[{"href":"https:\/\/shalom.org.pl\/en\/wp-json\/wp\/v2\/tribe_events"}],"about":[{"href":"https:\/\/shalom.org.pl\/en\/wp-json\/wp\/v2\/types\/tribe_events"}],"author":[{"embeddable":true,"href":"https:\/\/shalom.org.pl\/en\/wp-json\/wp\/v2\/users\/5"}],"replies":[{"embeddable":true,"href":"https:\/\/shalom.org.pl\/en\/wp-json\/wp\/v2\/comments?post=14923"}],"version-history":[{"count":4,"href":"https:\/\/shalom.org.pl\/en\/wp-json\/wp\/v2\/tribe_events\/14923\/revisions"}],"predecessor-version":[{"id":14926,"href":"https:\/\/shalom.org.pl\/en\/wp-json\/wp\/v2\/tribe_events\/14923\/revisions\/14926"}],"wp:featuredmedia":[{"embeddable":true,"href":"https:\/\/shalom.org.pl\/en\/wp-json\/wp\/v2\/media\/14920"}],"wp:attachment":[{"href":"https:\/\/shalom.org.pl\/en\/wp-json\/wp\/v2\/media?parent=14923"}],"wp:term":[{"taxonomy":"post_tag","embeddable":true,"href":"https:\/\/shalom.org.pl\/en\/wp-json\/wp\/v2\/tags?post=14923"},{"taxonomy":"tribe_events_cat","embeddable":true,"href":"https:\/\/shalom.org.pl\/en\/wp-json\/wp\/v2\/tribe_events_cat?post=14923"}],"curies":[{"name":"wp","href":"https:\/\/api.w.org\/{rel}","templated":true}]}}

<p>This Sunday, <strong>December 19, at 19:00</strong> we invite you to a repetition of the concert from the last, 18th edition of the Singer&#8217;s Warsaw Festival: <strong>&#8220;Unfinished journey of Janusz Tencer&#8221; &#8211; a concert dedicated to the memory of Szymon Szurmiej and Janusz Sent</strong></p>
<p>The concert will be available on the Festival website on Facebook: <a href="https://www.facebook.com/FestiwalWarszawaSingera">https://www.facebook.com/FestiwalWarszawaSingera</a>.</p>
<p><img fetchpriority="high" decoding="async" class="alignnone wp-image-14920 size-large" src="http://shalom.org.pl/wp-content/uploads/2021/12/FS_2021_środa_fot.MartaKuśmierz_6_1600x1067-1024x683.jpg" alt="" width="1024" height="683" srcset="https://shalom.org.pl/wp-content/uploads/2021/12/FS_2021_środa_fot.MartaKuśmierz_6_1600x1067-1024x683.jpg 1024w, https://shalom.org.pl/wp-content/uploads/2021/12/FS_2021_środa_fot.MartaKuśmierz_6_1600x1067-300x200.jpg 300w, https://shalom.org.pl/wp-content/uploads/2021/12/FS_2021_środa_fot.MartaKuśmierz_6_1600x1067-768x512.jpg 768w, https://shalom.org.pl/wp-content/uploads/2021/12/FS_2021_środa_fot.MartaKuśmierz_6_1600x1067-382x255.jpg 382w, https://shalom.org.pl/wp-content/uploads/2021/12/FS_2021_środa_fot.MartaKuśmierz_6_1600x1067-350x233.jpg 350w, https://shalom.org.pl/wp-content/uploads/2021/12/FS_2021_środa_fot.MartaKuśmierz_6_1600x1067.jpg 1600w" sizes="(max-width: 1024px) 100vw, 1024px" /></p>
<p>Lyrics and the show written by: Janusz Tencer, directed by: Gołda Tencer, stage designed by: Ewa Łaniecka, music compiled by: Janusz Tylman, choreography: Katarzyna Małachowska</p>
<p>Line-up:&nbsp;Gołda Tencer,&nbsp;Janusz Tencer,&nbsp;Dawid Szurmiej,&nbsp;Monika Chrząstowska,&nbsp;Izabella Rzeszowska,&nbsp;Joanna Przybyłowska,&nbsp;Małgorzata Majewska,&nbsp;Marcin Błaszak,&nbsp;Sylwia Najah,&nbsp;Piotr Sierecki,&nbsp;Marek Węglarski,&nbsp;Henryk Rajfer,&nbsp;Ewa Dąbrowska,&nbsp;Ben Erlich,&nbsp;Marek Werbart,&nbsp;Magdalena Stoltz,&nbsp;Gwidon Jakowlew, Jurek Wajnblom</p>
