{"id":13815,"date":"2021-07-18T21:48:42","date_gmt":"2021-07-18T19:48:42","guid":{"rendered":"http:\/\/shalom.org.pl\/?post_type=tribe_events&#038;p=13815"},"modified":"2021-07-18T21:48:42","modified_gmt":"2021-07-18T19:48:42","slug":"marsz-pamieci-w-rocznice-rozpoczecia-wielkiej-deportacji-z-getta-warszawskiego-22-lipca-1942","status":"publish","type":"tribe_events","link":"https:\/\/shalom.org.pl\/en\/event\/marsz-pamieci-w-rocznice-rozpoczecia-wielkiej-deportacji-z-getta-warszawskiego-22-lipca-1942\/","title":{"rendered":"Marsz Pami\u0119ci w rocznic\u0119 rozpocz\u0119cia wielkiej deportacji z getta warszawskiego 22 Lipca 1942"},"content":{"rendered":"<p><em><strong>Wychowawcy ofiarnie szli ra<\/strong><\/em><em><strong>zem z dzie\u0107mi<\/strong><\/em><\/p>\n<p>Tegoroczny Marsz, organizowany przez \u017bydowski Instytut Historyczny, jest dedykowany nauczycielom. W ekstremalnych warunkach getta nie stracili wiary w warto\u015b\u0107 edukacji i wzorc\u00f3w moralnych, kt\u00f3re starali si\u0119 przekaza\u0107 uczniom. Do ostatnich dni przed wyw\u00f3zk\u0105 towarzyszyli swoim podopiecznym w nauce czytania i pisania czy przygotowaniach do matury.<\/p>\n<p>Wielu z nich posz\u0142o wraz z uczniami na Umschlagplatz \u2013 tak o bohaterach Marszu Pami\u0119ci 22 Lipca m\u00f3wi Monika Krawczyk, dyrektor \u017bydowskiego Instytutu Historycznego im. Emanuela Ringelbluma.<\/p>\n<p><strong>Marsz rozpocznie si\u0119 o godz. 18:00 pod pomnikiem Umschlagplatz przy ul. Stawki 10.<\/strong><\/p>\n<div id=\"attachment_13816\" style=\"width: 1034px\" class=\"wp-caption alignnone\"><img fetchpriority=\"high\" decoding=\"async\" aria-describedby=\"caption-attachment-13816\" class=\"wp-image-13816 size-large\" src=\"http:\/\/shalom.org.pl\/wp-content\/uploads\/2021\/07\/Fotografia-W-szk\u00f3\u0142ce-ARG-I-683-ze-zbior\u00f3w-\u017bydowskiego-Instytutu-Historycznego-1024x709.jpg\" alt=\"\" width=\"1024\" height=\"709\" srcset=\"https:\/\/shalom.org.pl\/wp-content\/uploads\/2021\/07\/Fotografia-W-szk\u00f3\u0142ce-ARG-I-683-ze-zbior\u00f3w-\u017bydowskiego-Instytutu-Historycznego-1024x709.jpg 1024w, https:\/\/shalom.org.pl\/wp-content\/uploads\/2021\/07\/Fotografia-W-szk\u00f3\u0142ce-ARG-I-683-ze-zbior\u00f3w-\u017bydowskiego-Instytutu-Historycznego-300x208.jpg 300w, https:\/\/shalom.org.pl\/wp-content\/uploads\/2021\/07\/Fotografia-W-szk\u00f3\u0142ce-ARG-I-683-ze-zbior\u00f3w-\u017bydowskiego-Instytutu-Historycznego-768x532.jpg 768w, https:\/\/shalom.org.pl\/wp-content\/uploads\/2021\/07\/Fotografia-W-szk\u00f3\u0142ce-ARG-I-683-ze-zbior\u00f3w-\u017bydowskiego-Instytutu-Historycznego-368x255.jpg 368w, https:\/\/shalom.org.pl\/wp-content\/uploads\/2021\/07\/Fotografia-W-szk\u00f3\u0142ce-ARG-I-683-ze-zbior\u00f3w-\u017bydowskiego-Instytutu-Historycznego-350x242.jpg 350w, https:\/\/shalom.org.pl\/wp-content\/uploads\/2021\/07\/Fotografia-W-szk\u00f3\u0142ce-ARG-I-683-ze-zbior\u00f3w-\u017bydowskiego-Instytutu-Historycznego.jpg 2002w\" sizes=\"(max-width: 1024px) 100vw, 1024px\" \/><p id=\"caption-attachment-13816\" class=\"wp-caption-text\">Fot. ze zbior\u00f3w \u017bydowskiego Instytutu Historycznego<\/p><\/div>\n<p>Po raz dziesi\u0105ty w Marszu Pami\u0119ci 22 Lipca wspominamy blisko 300 tysi\u0119cy \u017cydowskich mieszka\u0144c\u00f3w Warszawy, kt\u00f3rzy w lecie 1942 roku zostali wywiezieni do obozu zag\u0142ady w Treblince. Szczeg\u00f3lnie przywo\u0142amy pami\u0119\u0107 o nauczycielach zwi\u0105zanych z grup\u0105 Oneg Szabat, m.in. o Abrahamie Lewinie, Emanuelu Ringelblumie, Eliaszu Gutkowskim, Izraelu Lichtensztajnie czy o Stefanii Szwajgier, kierowniczce gimnazjum dla dziewcz\u0105t przy ul. D\u0142ugiej 55, a tak\u017ce polskich nauczycielach, kt\u00f3rzy udzielali pomocy przyjacio\u0142om z drugiej strony muru.<\/p>\n<p>Wsp\u00f3lnie przejdziemy symboliczn\u0105 tras\u0119 \u201eod \u015bmierci do \u017cycia\u201d. Marsz wyruszy o godz. 18:00 spod pomnika Umschlagplatz przy ul. Stawki 10, a zako\u0144czy przy ul. Stare Nalewki, w pobli\u017cu Ogrodu Krasi\u0144skich. Stanie tam specjalnie przygotowana na to wydarzenie instalacja artystyczna \u201e\u0141awki\u201d zaprojektowana przez architekta Jakuba Szcz\u0119snego, kt\u00f3r\u0105 b\u0119dzie mo\u017cna ogl\u0105da\u0107 do 31 sierpnia br.<\/p>\n<p>\u2013 <em>Na tym obszarze przed wojn\u0105 znajdowa\u0142<\/em><em>o si\u0119 wiele szk\u00f3\u0142 \u017cydowskich funkcjonuj\u0105cych w ramach powszechnego systemu o\u015bwiaty. By\u0142y te\u017c w okolicy liczne chedery, Talmud-Tory, jesziwy i inne miejsca, gdzie trwa\u0142a \u017cydowska edukacja religijna <\/em>\u2013 zaznacza dyrektor \u017bIH, Monika Krawczyk.<\/p>\n<p>Na zako\u0144czenie Marszu przygotowali\u015bmy &#8211; we wsp\u00f3\u0142pracy z Instytutem Mieczys\u0142awa Wajnberga &#8211; premier\u0119 utworu elektroakustycznego&nbsp;&#8220;Nie zasz\u0142o u nas nic nowego&#8221;&nbsp;na podstawie \u201eDziennika\u201d Abrahama Lewina w kameralnej obsadzie na skrzypce (Maria S\u0142awek), flet (Ania Karpowicz), g\u0142os (Marta Grzywacz) i syntezator (Krzysztof Koz\u0142owski).<\/p>\n<p>\u017bydowski Instytut Historyczny przygotowa\u0142 tak\u017ce specjalnie na t\u0119 okazj\u0119 audiobook <em>Dziennika <\/em>Abrahama Lewina. W nagraniu wyre\u017cyserowanym przez Agnieszk\u0119 Olsten us\u0142yszymy aktora Jerzego Radziwi\u0142owicza.<\/p>\n<p><strong>&nbsp;<\/strong><strong>Trasa Marszu<\/strong>: pomnik Umschlagplatz (ul. Stawki r\u00f3g ul. Dzikiej) \u2013 ul. Stawki \u2013 ul. Dubois \u2013 ul. Anielewicza \u2013 ul. \u015awi\u0119tojerska \u2013 wzd\u0142u\u017c Ogrodu Krasi\u0144skich \u2013 ul. Stare Nalewki.<\/p>\n<p>Na pocz\u0105tku wydarzenia wolontariusze b\u0119d\u0105 rozdawa\u0107 Wst\u0105\u017cki Pami\u0119ci z imionami, kt\u00f3re pod koniec pochodu zostan\u0105 przywi\u0105zane do ogrodzenia Ogrodu Krasi\u0144skich.<\/p>\n","protected":false},"excerpt":{"rendered":"<p>Wychowawcy ofiarnie szli razem z dzie\u0107mi Tegoroczny Marsz, organizowany przez \u017bydowski Instytut Historyczny, jest dedykowany nauczycielom. W ekstremalnych warunkach getta [&hellip;]<\/p>\n","protected":false},"author":5,"featured_media":13818,"comment_status":"open","ping_status":"closed","template":"","meta":{"_acf_changed":false,"ngg_post_thumbnail":0,"_tribe_events_status":"","_tribe_events_status_reason":"","footnotes":""},"tags":[],"tribe_events_cat":[362],"class_list":["post-13815","tribe_events","type-tribe_events","status-publish","has-post-thumbnail","hentry","tribe_events_cat-pamiec-pl","cat_pamiec-pl"],"acf":[],"_links":{"self":[{"href":"https:\/\/shalom.org.pl\/en\/wp-json\/wp\/v2\/tribe_events\/13815","targetHints":{"allow":["GET"]}}],"collection":[{"href":"https:\/\/shalom.org.pl\/en\/wp-json\/wp\/v2\/tribe_events"}],"about":[{"href":"https:\/\/shalom.org.pl\/en\/wp-json\/wp\/v2\/types\/tribe_events"}],"author":[{"embeddable":true,"href":"https:\/\/shalom.org.pl\/en\/wp-json\/wp\/v2\/users\/5"}],"replies":[{"embeddable":true,"href":"https:\/\/shalom.org.pl\/en\/wp-json\/wp\/v2\/comments?post=13815"}],"version-history":[{"count":1,"href":"https:\/\/shalom.org.pl\/en\/wp-json\/wp\/v2\/tribe_events\/13815\/revisions"}],"predecessor-version":[{"id":13819,"href":"https:\/\/shalom.org.pl\/en\/wp-json\/wp\/v2\/tribe_events\/13815\/revisions\/13819"}],"wp:featuredmedia":[{"embeddable":true,"href":"https:\/\/shalom.org.pl\/en\/wp-json\/wp\/v2\/media\/13818"}],"wp:attachment":[{"href":"https:\/\/shalom.org.pl\/en\/wp-json\/wp\/v2\/media?parent=13815"}],"wp:term":[{"taxonomy":"post_tag","embeddable":true,"href":"https:\/\/shalom.org.pl\/en\/wp-json\/wp\/v2\/tags?post=13815"},{"taxonomy":"tribe_events_cat","embeddable":true,"href":"https:\/\/shalom.org.pl\/en\/wp-json\/wp\/v2\/tribe_events_cat?post=13815"}],"curies":[{"name":"wp","href":"https:\/\/api.w.org\/{rel}","templated":true}]}}

Marsz Pamięci w rocznicę rozpoczęcia wielkiej deportacji z getta warszawskiego 22 Lipca 1942

<p><em><strong>Wychowawcy ofiarnie szli ra</strong></em><em><strong>zem z dziećmi</strong></em></p>
<p>Tegoroczny Marsz, organizowany przez Żydowski Instytut Historyczny, jest dedykowany nauczycielom. W ekstremalnych warunkach getta nie stracili wiary w wartość edukacji i wzorców moralnych, które starali się przekazać uczniom. Do ostatnich dni przed wywózką towarzyszyli swoim podopiecznym w nauce czytania i pisania czy przygotowaniach do matury.</p>
<p>Wielu z nich poszło wraz z uczniami na Umschlagplatz – tak o bohaterach Marszu Pamięci 22 Lipca mówi Monika Krawczyk, dyrektor Żydowskiego Instytutu Historycznego im. Emanuela Ringelbluma.</p>
<p><strong>Marsz rozpocznie się o godz. 18:00 pod pomnikiem Umschlagplatz przy ul. Stawki 10.</strong></p>
<div id="attachment_13816" style="width: 1034px" class="wp-caption alignnone"><img fetchpriority="high" decoding="async" aria-describedby="caption-attachment-13816" class="wp-image-13816 size-large" src="http://shalom.org.pl/wp-content/uploads/2021/07/Fotografia-W-szkółce-ARG-I-683-ze-zbiorów-Żydowskiego-Instytutu-Historycznego-1024x709.jpg" alt="" width="1024" height="709" srcset="https://shalom.org.pl/wp-content/uploads/2021/07/Fotografia-W-szkółce-ARG-I-683-ze-zbiorów-Żydowskiego-Instytutu-Historycznego-1024x709.jpg 1024w, https://shalom.org.pl/wp-content/uploads/2021/07/Fotografia-W-szkółce-ARG-I-683-ze-zbiorów-Żydowskiego-Instytutu-Historycznego-300x208.jpg 300w, https://shalom.org.pl/wp-content/uploads/2021/07/Fotografia-W-szkółce-ARG-I-683-ze-zbiorów-Żydowskiego-Instytutu-Historycznego-768x532.jpg 768w, https://shalom.org.pl/wp-content/uploads/2021/07/Fotografia-W-szkółce-ARG-I-683-ze-zbiorów-Żydowskiego-Instytutu-Historycznego-368x255.jpg 368w, https://shalom.org.pl/wp-content/uploads/2021/07/Fotografia-W-szkółce-ARG-I-683-ze-zbiorów-Żydowskiego-Instytutu-Historycznego-350x242.jpg 350w, https://shalom.org.pl/wp-content/uploads/2021/07/Fotografia-W-szkółce-ARG-I-683-ze-zbiorów-Żydowskiego-Instytutu-Historycznego.jpg 2002w" sizes="(max-width: 1024px) 100vw, 1024px" /><p id="caption-attachment-13816" class="wp-caption-text">Fot. ze zbiorów Żydowskiego Instytutu Historycznego</p></div>
<p>Po raz dziesiąty w Marszu Pamięci 22 Lipca wspominamy blisko 300 tysięcy żydowskich mieszkańców Warszawy, którzy w lecie 1942 roku zostali wywiezieni do obozu zagłady w Treblince. Szczególnie przywołamy pamięć o nauczycielach związanych z grupą Oneg Szabat, m.in. o Abrahamie Lewinie, Emanuelu Ringelblumie, Eliaszu Gutkowskim, Izraelu Lichtensztajnie czy o Stefanii Szwajgier, kierowniczce gimnazjum dla dziewcząt przy ul. Długiej 55, a także polskich nauczycielach, którzy udzielali pomocy przyjaciołom z drugiej strony muru.</p>
<p>Wspólnie przejdziemy symboliczną trasę „od śmierci do życia”. Marsz wyruszy o godz. 18:00 spod pomnika Umschlagplatz przy ul. Stawki 10, a zakończy przy ul. Stare Nalewki, w pobliżu Ogrodu Krasińskich. Stanie tam specjalnie przygotowana na to wydarzenie instalacja artystyczna „Ławki” zaprojektowana przez architekta Jakuba Szczęsnego, którą będzie można oglądać do 31 sierpnia br.</p>
<p>– <em>Na tym obszarze przed wojną znajdował</em><em>o się wiele szkół żydowskich funkcjonujących w ramach powszechnego systemu oświaty. Były też w okolicy liczne chedery, Talmud-Tory, jesziwy i inne miejsca, gdzie trwała żydowska edukacja religijna </em>– zaznacza dyrektor ŻIH, Monika Krawczyk.</p>
<p>Na zakończenie Marszu przygotowaliśmy &#8211; we współpracy z Instytutem Mieczysława Wajnberga &#8211; premierę utworu elektroakustycznego&nbsp;&#8220;Nie zaszło u nas nic nowego&#8221;&nbsp;na podstawie „Dziennika” Abrahama Lewina w kameralnej obsadzie na skrzypce (Maria Sławek), flet (Ania Karpowicz), głos (Marta Grzywacz) i syntezator (Krzysztof Kozłowski).</p>
<p>Żydowski Instytut Historyczny przygotował także specjalnie na tę okazję audiobook <em>Dziennika </em>Abrahama Lewina. W nagraniu wyreżyserowanym przez Agnieszkę Olsten usłyszymy aktora Jerzego Radziwiłowicza.</p>
<p><strong>&nbsp;</strong><strong>Trasa Marszu</strong>: pomnik Umschlagplatz (ul. Stawki róg ul. Dzikiej) – ul. Stawki – ul. Dubois – ul. Anielewicza – ul. Świętojerska – wzdłuż Ogrodu Krasińskich – ul. Stare Nalewki.</p>
<p>Na początku wydarzenia wolontariusze będą rozdawać Wstążki Pamięci z imionami, które pod koniec pochodu zostaną przywiązane do ogrodzenia Ogrodu Krasińskich.</p>

<p>Wychowawcy ofiarnie szli razem z dziećmi Tegoroczny Marsz, organizowany przez Żydowski Instytut Historyczny, jest dedykowany nauczycielom. W ekstremalnych warunkach getta [&hellip;]</p>
