{"id":13131,"date":"2021-06-20T07:57:47","date_gmt":"2021-06-20T05:57:47","guid":{"rendered":"http:\/\/shalom.org.pl\/?post_type=tribe_events&#038;p=13131"},"modified":"2021-06-20T07:57:47","modified_gmt":"2021-06-20T05:57:47","slug":"18-odslona-festiwalu-kultury-zydowskiej-warszawa-singera-ktory-w-tym-roku-wchodzi-w-pelnoletniosc","status":"publish","type":"tribe_events","link":"https:\/\/shalom.org.pl\/en\/event\/18-odslona-festiwalu-kultury-zydowskiej-warszawa-singera-ktory-w-tym-roku-wchodzi-w-pelnoletniosc\/","title":{"rendered":"18. ods\u0142ona Festiwalu Kultury \u017bydowskiej Warszawa Singera, kt\u00f3ry w tym roku wchodzi w pe\u0142noletnio\u015b\u0107"},"content":{"rendered":"<p>\u201eA co na to ceg\u0142a?\u201d Jak\u017ce intryguj\u0105co jest zapowiada\u0107 osiemnast\u0105, pe\u0142noletni\u0105 ju\u017c ods\u0142on\u0119 festiwalu zwi\u0105zanego z \u017cydowsk\u0105 kultur\u0105, pytaniem z ksi\u0105\u017cki samego Isaaca Bashevisa Singera \u201eCertyfikat\u201d. Ile\u017c to podobie\u0144stw w nas samych, naszych wspania\u0142ych go\u015bciach, przyjacio\u0142ach i tak t\u0142umnie uczestnicz\u0105cej w wydarzeniach publiczno\u015bci, do Dawida wykreowanego przez Singera. M\u0142odzieniec ten, targany niepokojem wchodzenia w doros\u0142e \u017cycie, m\u00f3wi mi\u0119dzy innymi tak:<\/p>\n<p>\u201ePrzez chwil\u0119 przygl\u0105da\u0142em si\u0119 ceg\u0142om i zastanawia\u0142em si\u0119, jakie my\u015bli mo\u017ce mie\u0107 taka ceg\u0142a. Je\u015bli traktowa\u0107 dos\u0142ownie twierdzenie Spinozy, \u017ce B\u00f3g jest rozci\u0105g\u0142o\u015bci\u0105 i my\u015bleniem, to nawet przedmioty materialne musz\u0105 mie\u0107 swoje \u201eidee\u201d i ducha. Ceg\u0142a nie ma ceglanych my\u015bli, tylko takie same jak B\u00f3g. Rzecz w tym, \u017ce ceg\u0142a nie umie opowiada\u0107 historyjek rodem z podr\u0119cznik\u00f3w szkolnych.\u201d (cytat z \u201eCertyfikat\u201d, Isaac Bashevis Singer, wyd. Muza, 2004).<\/p>\n<p>Skoro nie jeste\u015bmy t\u0105 singerowsk\u0105 ceg\u0142\u0105, skoro mamy si\u0142\u0119 i moc m\u00f3wienia, to chcemy opowiedzie\u0107 Pa\u0144stwu o bogatym programie tegorocznej ods\u0142ony festiwalu, kt\u00f3ry rozpocznie si\u0119 21 i potrwa do 29 sierpnia 2021 roku.<\/p>\n<p>&nbsp;<\/p>\n<p>C\u00f3\u017c zatem b\u0119dzie mo\u017cna us\u0142ysze\u0107 w samym sercu miasta? D\u017awi\u0119ki ze sceny Teatru \u017bydowskiego w Ogrodzie Saskim, w\u015br\u00f3d zieleni drzew, fontann i tajemniczych alei, przywo\u0142aj\u0105 nas w imieniu artyst\u00f3w i wydarze\u0144 uwielbianych przez publiczno\u015b\u0107, takich jak \u201eW kuchni mamy Soni\u201d przygotowane przez wyj\u0105tkow\u0105 posta\u0107, szefow\u0105 festiwalu <strong>Go\u0142d\u0119 <\/strong><strong>Tencer<\/strong>. Na kameralnej Scenie Letniej nie zabraknie te\u017c innych wielkich wydarze\u0144, o kt\u00f3rych mogliby\u015bmy opowiada\u0107 bez ko\u0144ca. W\u015br\u00f3d nich mi\u0119dzy innymi koncerty <strong>Micha<\/strong><strong>\u0142a Hochmana<\/strong> czy <strong>Karoliny Lizer<\/strong>. Nasze serca i dusze wype\u0142ni\u0105 te\u017c polskie tanga hebrajskie i orientalne fokstroty w wykonaniu <strong>Olgi Mieleszczuk-Avigail<\/strong> z zespo\u0142em <strong>Tango Attack<\/strong>. Przed nami tak\u017ce najwi\u0119ksze premiery Teatru \u017bydowskiego z sezonu 2020\/21, w\u015br\u00f3d kt\u00f3rych zobaczymy mi\u0119dzy innymi spektakl <strong>\u201e<\/strong><strong>Circus Kafka<\/strong><strong>\u201d<\/strong> wed\u0142ug scenariusza i w re\u017cyserii <strong>Micha\u0142a Walczaka<\/strong>, <strong>\u201eDer Szturem. Cwiszyn \/ Burza. Pomi\u0119dzy\u201d <\/strong>przygotowany przez <strong>Damiana Josefa Necia <\/strong>czy <strong>\u201e<\/strong><strong>Mykwa<\/strong><strong>\u201d<\/strong> w re\u017cyserii<strong> Karoliny Kirsz<\/strong>.<\/p>\n<p>&nbsp;<\/p>\n<p>Przed nami r\u00f3wnie\u017c wiele innych muzycznych wydarze\u0144. W go\u015bcinnych murach Teatru Kwadrat zobaczymy dedykowany pami\u0119ci wspania\u0142ego pisarza Bruno Schulza muzyczny spektakl <strong>\u201e<\/strong><strong>Sanatorium pod Klepsydr\u0105\u201d<\/strong> w re\u017cyserii<strong> Mirona Zajferta<\/strong>. Tchn\u0105ce geniuszem tematy muzyczne do tego wydarzenia stworzy\u0142 dwadzie\u015bcia lat temu uznany ameryka\u0144ski kompozytor John Zorn. Aran\u017cacje specjalnie na festiwal przygotowa\u0142 <strong>Jaros\u0142<\/strong><strong>aw Beste<\/strong><strong>r<\/strong>, a wokal <strong>Doroty Mi\u015bkiewicz <\/strong>i <strong>Gra\u017cyny Augu\u015bcik <\/strong>przy akompaniamencie <strong>Bester Quartet<\/strong> z go\u015bcinnym udzia\u0142em wiolonczelisty <strong>Krzysztofa Lenczowskiego<\/strong>, to wprost uczta dla koneser\u00f3w dobrego brzmienia z dusz\u0105 literack\u0105. Jako wisienka na muzycznym torcie urodzinowym festiwalu, czeka nas udzia\u0142 w koncercie zespo\u0142u <strong>Shofar<\/strong>, kt\u00f3ry w sk\u0142adzie <strong>Raphael Rogi<\/strong><strong>\u0144ski, Miko\u0142aj Trzaska <\/strong>i<strong> Macio Moretti<\/strong> zapewni nam podr\u00f3\u017c do \u015bwiata muzycznej mistyki z nut\u0105 tajemnicy.<\/p>\n<p>&nbsp;<\/p>\n<p>A cho\u0107 ods\u0142onili\u015bmy, niczym ceg\u0142a po cegle, tak wiele, to nadal nie wszystko. W tej edycji, podobnie jak w poprzednich, zapowiada si\u0119 bogaty i r\u00f3\u017cnorodny program jazzowy. Wyst\u0105pi <strong>Paul Brody<\/strong>, \u015bwiatowej s\u0142awy ameryka\u0144ski tr\u0119bacz, kompozytor i aran\u017cer, kt\u00f3ry na festiwal przygotowa\u0142 trzy premierowe koncerty z polskimi zespo\u0142ami jazzowymi <strong>Radek Wo<\/strong><strong>\u015bko Chamber Trio<\/strong>, <strong>Piotr Lema\u0144czyk Elecric Trio<\/strong> oraz <strong>Polski Piach<\/strong>, a tak\u017ce premierowy koncert zespo\u0142u <strong>RGG <\/strong>w sk\u0142adzie <strong>\u0141ukasz Ojdana<\/strong>,<strong> Maciej Garbowski<\/strong>,<strong> Krzysztof Gradziuk<\/strong>.<\/p>\n<p>&nbsp;<\/p>\n<p>Sta\u0142e miejsce w programie festiwalu zajmuje muzyka klasyczna. Ju\u017c dzi\u015b zapowiedzie\u0107 mo\u017cemy niezwyk\u0142y koncert mistrz\u00f3w klasyki <strong>Berlin String Quartet <\/strong>pod kierownictwem muzycznym<strong> prof. Tomasza Tomaszewskiego <\/strong>w repertuarze Mieczys\u0142awa Wajnberga i Piotra Mossa.<\/p>\n<p>&nbsp;<\/p>\n<p>Podczas tegorocznej edycji nie zabraknie r\u00f3wnie\u017c przyjaciela festiwalu, wielkiego nowojorskiego artysty <strong>Franka Londona<\/strong>, kt\u00f3ry wsp\u00f3lnie z <strong>Eleanor Reiss\u0105<\/strong> zaprezentuje online koncert \u201eNight green tsurik \u2013 No Turning Back\u201d.<\/p>\n<p>&nbsp;<\/p>\n<p>Uroczy\u015bcie b\u0119dzie tak\u017ce podczas otwarcia festiwalu w Synagodze im. No\u017cyk\u00f3w. Tam bowiem pos\u0142uchamy m\u0142odych kantor\u00f3w z Izraela, <strong>Chaima Sterna<\/strong> i <strong>Israela Nachmana<\/strong>, kt\u00f3rzy przyjad\u0105 do Warszawy po raz pierwszy, specjalnie na t\u0119 okazj\u0119. Ich koncert pod nazw\u0105 \u201cNext generation\u201d, jest wspania\u0142ym symbolem nie tylko urodzin festiwalu, ale tak\u017ce wielkiej si\u0142y m\u0142odo\u015bci i pasji, jaka przy\u015bwieca nam od pocz\u0105tku istnienia.<\/p>\n<p>&nbsp;<\/p>\n<p>Nie mniej emocji przyniesie w tym roku tak\u017ce udzia\u0142 w wydarzeniach \u017bydowskiego Salonu Literackiego. Gospodarz cyklu <strong>Remigiusz Grzela<\/strong> przygotowa\u0142 mi\u0119dzy innymi spotkanie po\u015bwi\u0119cone wspomnianemu na wst\u0119pie Isaacowi Bashevisowi Singerowi, kt\u00f3rego 30 rocznica \u015bmierci przypada w\u0142a\u015bnie w tym roku. Udzia\u0142 w wyj\u0105tkowych wydarzeniach autorskich, muzycznych i filmowych zapowiedzieli mi\u0119dzy innymi <strong>Shira Karmon<\/strong>, <strong>Monika Krajewska<\/strong>, <strong>Andrzej Krakowski<\/strong>, <strong>Bella Szwarcman-Czarnota<\/strong> czy <strong>Andrzej Titkow<\/strong>.<\/p>\n<p>&nbsp;<\/p>\n<p>18. urodziny to czas magii i zupe\u0142nie nowych, g\u0142\u0119bokich do\u015bwiadcze\u0144. Mamy nadziej\u0119, \u017ce kolejny Festiwal Kultury \u017bydowskiej przyniesie naszej publiczno\u015bci wiele wra\u017ce\u0144 i prze\u017cy\u0107 artystycznych po\u015br\u00f3d magicznych cegie\u0142 wielokulturowej Warszawy.<\/p>\n<p>&nbsp;<\/p>\n<p>Do zobaczenia podczas 18. Festiwalu Kultury \u017bydowskiej!<\/p>\n<p>&nbsp;<\/p>\n<p>Foto: Paul Brody, fot. Dirk Hasskarl<\/p>\n","protected":false},"excerpt":{"rendered":"<p>\u201eA co na to ceg\u0142a?\u201d Jak\u017ce intryguj\u0105co jest zapowiada\u0107 osiemnast\u0105, pe\u0142noletni\u0105 ju\u017c ods\u0142on\u0119 festiwalu zwi\u0105zanego z \u017cydowsk\u0105 kultur\u0105, pytaniem z [&hellip;]<\/p>\n","protected":false},"author":5,"featured_media":12997,"comment_status":"open","ping_status":"closed","template":"","meta":{"_acf_changed":false,"ngg_post_thumbnail":0,"_tribe_events_status":"","_tribe_events_status_reason":"","footnotes":""},"tags":[],"tribe_events_cat":[14,356],"class_list":["post-13131","tribe_events","type-tribe_events","status-publish","has-post-thumbnail","hentry","tribe_events_cat-festiwal","tribe_events_cat-festiwal-pl","cat_festiwal","cat_festiwal-pl"],"acf":[],"_links":{"self":[{"href":"https:\/\/shalom.org.pl\/en\/wp-json\/wp\/v2\/tribe_events\/13131","targetHints":{"allow":["GET"]}}],"collection":[{"href":"https:\/\/shalom.org.pl\/en\/wp-json\/wp\/v2\/tribe_events"}],"about":[{"href":"https:\/\/shalom.org.pl\/en\/wp-json\/wp\/v2\/types\/tribe_events"}],"author":[{"embeddable":true,"href":"https:\/\/shalom.org.pl\/en\/wp-json\/wp\/v2\/users\/5"}],"replies":[{"embeddable":true,"href":"https:\/\/shalom.org.pl\/en\/wp-json\/wp\/v2\/comments?post=13131"}],"version-history":[{"count":2,"href":"https:\/\/shalom.org.pl\/en\/wp-json\/wp\/v2\/tribe_events\/13131\/revisions"}],"predecessor-version":[{"id":13136,"href":"https:\/\/shalom.org.pl\/en\/wp-json\/wp\/v2\/tribe_events\/13131\/revisions\/13136"}],"wp:featuredmedia":[{"embeddable":true,"href":"https:\/\/shalom.org.pl\/en\/wp-json\/wp\/v2\/media\/12997"}],"wp:attachment":[{"href":"https:\/\/shalom.org.pl\/en\/wp-json\/wp\/v2\/media?parent=13131"}],"wp:term":[{"taxonomy":"post_tag","embeddable":true,"href":"https:\/\/shalom.org.pl\/en\/wp-json\/wp\/v2\/tags?post=13131"},{"taxonomy":"tribe_events_cat","embeddable":true,"href":"https:\/\/shalom.org.pl\/en\/wp-json\/wp\/v2\/tribe_events_cat?post=13131"}],"curies":[{"name":"wp","href":"https:\/\/api.w.org\/{rel}","templated":true}]}}

18. odsłona Festiwalu Kultury Żydowskiej Warszawa Singera, który w tym roku wchodzi w pełnoletniość

<p>„A co na to cegła?” Jakże intrygująco jest zapowiadać osiemnastą, pełnoletnią już odsłonę festiwalu związanego z żydowską kulturą, pytaniem z książki samego Isaaca Bashevisa Singera „Certyfikat”. Ileż to podobieństw w nas samych, naszych wspaniałych gościach, przyjaciołach i tak tłumnie uczestniczącej w wydarzeniach publiczności, do Dawida wykreowanego przez Singera. Młodzieniec ten, targany niepokojem wchodzenia w dorosłe życie, mówi między innymi tak:</p>
<p>„Przez chwilę przyglądałem się cegłom i zastanawiałem się, jakie myśli może mieć taka cegła. Jeśli traktować dosłownie twierdzenie Spinozy, że Bóg jest rozciągłością i myśleniem, to nawet przedmioty materialne muszą mieć swoje „idee” i ducha. Cegła nie ma ceglanych myśli, tylko takie same jak Bóg. Rzecz w tym, że cegła nie umie opowiadać historyjek rodem z podręczników szkolnych.” (cytat z „Certyfikat”, Isaac Bashevis Singer, wyd. Muza, 2004).</p>
<p>Skoro nie jesteśmy tą singerowską cegłą, skoro mamy siłę i moc mówienia, to chcemy opowiedzieć Państwu o bogatym programie tegorocznej odsłony festiwalu, który rozpocznie się 21 i potrwa do 29 sierpnia 2021 roku.</p>
<p>&nbsp;</p>
<p>Cóż zatem będzie można usłyszeć w samym sercu miasta? Dźwięki ze sceny Teatru Żydowskiego w Ogrodzie Saskim, wśród zieleni drzew, fontann i tajemniczych alei, przywołają nas w imieniu artystów i wydarzeń uwielbianych przez publiczność, takich jak „W kuchni mamy Soni” przygotowane przez wyjątkową postać, szefową festiwalu <strong>Gołdę </strong><strong>Tencer</strong>. Na kameralnej Scenie Letniej nie zabraknie też innych wielkich wydarzeń, o których moglibyśmy opowiadać bez końca. Wśród nich między innymi koncerty <strong>Micha</strong><strong>ła Hochmana</strong> czy <strong>Karoliny Lizer</strong>. Nasze serca i dusze wypełnią też polskie tanga hebrajskie i orientalne fokstroty w wykonaniu <strong>Olgi Mieleszczuk-Avigail</strong> z zespołem <strong>Tango Attack</strong>. Przed nami także największe premiery Teatru Żydowskiego z sezonu 2020/21, wśród których zobaczymy między innymi spektakl <strong>„</strong><strong>Circus Kafka</strong><strong>”</strong> według scenariusza i w reżyserii <strong>Michała Walczaka</strong>, <strong>„Der Szturem. Cwiszyn / Burza. Pomiędzy” </strong>przygotowany przez <strong>Damiana Josefa Necia </strong>czy <strong>„</strong><strong>Mykwa</strong><strong>”</strong> w reżyserii<strong> Karoliny Kirsz</strong>.</p>
<p>&nbsp;</p>
<p>Przed nami również wiele innych muzycznych wydarzeń. W gościnnych murach Teatru Kwadrat zobaczymy dedykowany pamięci wspaniałego pisarza Bruno Schulza muzyczny spektakl <strong>„</strong><strong>Sanatorium pod Klepsydrą”</strong> w reżyserii<strong> Mirona Zajferta</strong>. Tchnące geniuszem tematy muzyczne do tego wydarzenia stworzył dwadzieścia lat temu uznany amerykański kompozytor John Zorn. Aranżacje specjalnie na festiwal przygotował <strong>Jarosł</strong><strong>aw Beste</strong><strong>r</strong>, a wokal <strong>Doroty Miśkiewicz </strong>i <strong>Grażyny Auguścik </strong>przy akompaniamencie <strong>Bester Quartet</strong> z gościnnym udziałem wiolonczelisty <strong>Krzysztofa Lenczowskiego</strong>, to wprost uczta dla koneserów dobrego brzmienia z duszą literacką. Jako wisienka na muzycznym torcie urodzinowym festiwalu, czeka nas udział w koncercie zespołu <strong>Shofar</strong>, który w składzie <strong>Raphael Rogi</strong><strong>ński, Mikołaj Trzaska </strong>i<strong> Macio Moretti</strong> zapewni nam podróż do świata muzycznej mistyki z nutą tajemnicy.</p>
<p>&nbsp;</p>
<p>A choć odsłoniliśmy, niczym cegła po cegle, tak wiele, to nadal nie wszystko. W tej edycji, podobnie jak w poprzednich, zapowiada się bogaty i różnorodny program jazzowy. Wystąpi <strong>Paul Brody</strong>, światowej sławy amerykański trębacz, kompozytor i aranżer, który na festiwal przygotował trzy premierowe koncerty z polskimi zespołami jazzowymi <strong>Radek Wo</strong><strong>śko Chamber Trio</strong>, <strong>Piotr Lemańczyk Elecric Trio</strong> oraz <strong>Polski Piach</strong>, a także premierowy koncert zespołu <strong>RGG </strong>w składzie <strong>Łukasz Ojdana</strong>,<strong> Maciej Garbowski</strong>,<strong> Krzysztof Gradziuk</strong>.</p>
<p>&nbsp;</p>
<p>Stałe miejsce w programie festiwalu zajmuje muzyka klasyczna. Już dziś zapowiedzieć możemy niezwykły koncert mistrzów klasyki <strong>Berlin String Quartet </strong>pod kierownictwem muzycznym<strong> prof. Tomasza Tomaszewskiego </strong>w repertuarze Mieczysława Wajnberga i Piotra Mossa.</p>
<p>&nbsp;</p>
<p>Podczas tegorocznej edycji nie zabraknie również przyjaciela festiwalu, wielkiego nowojorskiego artysty <strong>Franka Londona</strong>, który wspólnie z <strong>Eleanor Reissą</strong> zaprezentuje online koncert „Night green tsurik – No Turning Back”.</p>
<p>&nbsp;</p>
<p>Uroczyście będzie także podczas otwarcia festiwalu w Synagodze im. Nożyków. Tam bowiem posłuchamy młodych kantorów z Izraela, <strong>Chaima Sterna</strong> i <strong>Israela Nachmana</strong>, którzy przyjadą do Warszawy po raz pierwszy, specjalnie na tę okazję. Ich koncert pod nazwą “Next generation”, jest wspaniałym symbolem nie tylko urodzin festiwalu, ale także wielkiej siły młodości i pasji, jaka przyświeca nam od początku istnienia.</p>
<p>&nbsp;</p>
<p>Nie mniej emocji przyniesie w tym roku także udział w wydarzeniach Żydowskiego Salonu Literackiego. Gospodarz cyklu <strong>Remigiusz Grzela</strong> przygotował między innymi spotkanie poświęcone wspomnianemu na wstępie Isaacowi Bashevisowi Singerowi, którego 30 rocznica śmierci przypada właśnie w tym roku. Udział w wyjątkowych wydarzeniach autorskich, muzycznych i filmowych zapowiedzieli między innymi <strong>Shira Karmon</strong>, <strong>Monika Krajewska</strong>, <strong>Andrzej Krakowski</strong>, <strong>Bella Szwarcman-Czarnota</strong> czy <strong>Andrzej Titkow</strong>.</p>
<p>&nbsp;</p>
<p>18. urodziny to czas magii i zupełnie nowych, głębokich doświadczeń. Mamy nadzieję, że kolejny Festiwal Kultury Żydowskiej przyniesie naszej publiczności wiele wrażeń i przeżyć artystycznych pośród magicznych cegieł wielokulturowej Warszawy.</p>
<p>&nbsp;</p>
<p>Do zobaczenia podczas 18. Festiwalu Kultury Żydowskiej!</p>
<p>&nbsp;</p>
<p>Foto: Paul Brody, fot. Dirk Hasskarl</p>

<p>„A co na to cegła?” Jakże intrygująco jest zapowiadać osiemnastą, pełnoletnią już odsłonę festiwalu związanego z żydowską kulturą, pytaniem z [&hellip;]</p>
