{"id":12908,"date":"2021-03-26T15:55:30","date_gmt":"2021-03-26T14:55:30","guid":{"rendered":"http:\/\/shalom.org.pl\/?post_type=tribe_events&#038;p=12908"},"modified":"2021-03-26T15:55:30","modified_gmt":"2021-03-26T14:55:30","slug":"polecamy-nie-masz-juz-w-polsce-zydowskich-miasteczek-koncert-z-okazji-miedzynarodowego-dnia-teatru","status":"publish","type":"tribe_events","link":"https:\/\/shalom.org.pl\/en\/event\/polecamy-nie-masz-juz-w-polsce-zydowskich-miasteczek-koncert-z-okazji-miedzynarodowego-dnia-teatru\/","title":{"rendered":"Polecamy: &#8220;Nie masz ju\u017c w Polsce \u017cydowskich miasteczek&#8221; &#8211; koncert z okazji Mi\u0119dzynarodowego Dnia Teatru"},"content":{"rendered":"<p>Z okazji Mi\u0119dzynarodowego Dnia Teatru obchodzonego 27 marca Teatr \u017bydowski w godzinach 19.00-24.00 udost\u0119pni na swoim profilu FB rejestracj\u0119 koncertu &#8220;Nie masz ju\u017c w Polsce \u017cydowskich miasteczek&#8221; wed\u0142ug scenariusza i w re\u017cyserii Go\u0142dy Tencer i Szymona Szurmieja, kt\u00f3ry odby\u0142 si\u0119 w 1993 roku w Teatrze Polskim.<\/p>\n<p>Link do wydarzenia: https:\/\/www.facebook.com\/events\/5275614199177599\/<\/p>\n","protected":false},"excerpt":{"rendered":"<p>Z okazji Mi\u0119dzynarodowego Dnia Teatru obchodzonego 27 marca Teatr \u017bydowski w godzinach 19.00-24.00 udost\u0119pni na swoim profilu FB rejestracj\u0119 koncertu [&hellip;]<\/p>\n","protected":false},"author":5,"featured_media":12909,"comment_status":"open","ping_status":"closed","template":"","meta":{"_acf_changed":false,"ngg_post_thumbnail":0,"_tribe_events_status":"","_tribe_events_status_reason":"","footnotes":""},"tags":[],"tribe_events_cat":[358,348],"class_list":["post-12908","tribe_events","type-tribe_events","status-publish","has-post-thumbnail","hentry","tribe_events_cat-kultura-pl","tribe_events_cat-polecamy-pl","cat_kultura-pl","cat_polecamy-pl"],"acf":[],"_links":{"self":[{"href":"https:\/\/shalom.org.pl\/en\/wp-json\/wp\/v2\/tribe_events\/12908","targetHints":{"allow":["GET"]}}],"collection":[{"href":"https:\/\/shalom.org.pl\/en\/wp-json\/wp\/v2\/tribe_events"}],"about":[{"href":"https:\/\/shalom.org.pl\/en\/wp-json\/wp\/v2\/types\/tribe_events"}],"author":[{"embeddable":true,"href":"https:\/\/shalom.org.pl\/en\/wp-json\/wp\/v2\/users\/5"}],"replies":[{"embeddable":true,"href":"https:\/\/shalom.org.pl\/en\/wp-json\/wp\/v2\/comments?post=12908"}],"version-history":[{"count":1,"href":"https:\/\/shalom.org.pl\/en\/wp-json\/wp\/v2\/tribe_events\/12908\/revisions"}],"predecessor-version":[{"id":12910,"href":"https:\/\/shalom.org.pl\/en\/wp-json\/wp\/v2\/tribe_events\/12908\/revisions\/12910"}],"wp:featuredmedia":[{"embeddable":true,"href":"https:\/\/shalom.org.pl\/en\/wp-json\/wp\/v2\/media\/12909"}],"wp:attachment":[{"href":"https:\/\/shalom.org.pl\/en\/wp-json\/wp\/v2\/media?parent=12908"}],"wp:term":[{"taxonomy":"post_tag","embeddable":true,"href":"https:\/\/shalom.org.pl\/en\/wp-json\/wp\/v2\/tags?post=12908"},{"taxonomy":"tribe_events_cat","embeddable":true,"href":"https:\/\/shalom.org.pl\/en\/wp-json\/wp\/v2\/tribe_events_cat?post=12908"}],"curies":[{"name":"wp","href":"https:\/\/api.w.org\/{rel}","templated":true}]}}

Polecamy: &#8220;Nie masz już w Polsce żydowskich miasteczek&#8221; &#8211; koncert z okazji Międzynarodowego Dnia Teatru

<p>Z okazji Międzynarodowego Dnia Teatru obchodzonego 27 marca Teatr Żydowski w godzinach 19.00-24.00 udostępni na swoim profilu FB rejestrację koncertu &#8220;Nie masz już w Polsce żydowskich miasteczek&#8221; według scenariusza i w reżyserii Gołdy Tencer i Szymona Szurmieja, który odbył się w 1993 roku w Teatrze Polskim.</p>
<p>Link do wydarzenia: https://www.facebook.com/events/5275614199177599/</p>

<p>Z okazji Międzynarodowego Dnia Teatru obchodzonego 27 marca Teatr Żydowski w godzinach 19.00-24.00 udostępni na swoim profilu FB rejestrację koncertu [&hellip;]</p>
