{"id":12032,"date":"2020-09-12T16:01:05","date_gmt":"2020-09-12T14:01:05","guid":{"rendered":"http:\/\/shalom.org.pl\/?post_type=tribe_events&#038;p=12032"},"modified":"2020-11-06T13:29:22","modified_gmt":"2020-11-06T12:29:22","slug":"fundacja-shalom-z-nagroda-specjalna-prezydenta-miasta-st-warszawy-grand-s3ktor","status":"publish","type":"tribe_events","link":"https:\/\/shalom.org.pl\/en\/event\/fundacja-shalom-z-nagroda-specjalna-prezydenta-miasta-st-warszawy-grand-s3ktor\/","title":{"rendered":"Fundacja Shalom z Nagrod\u0105 Specjaln\u0105 Prezydenta Miasta St. Warszawy GRAND S3KTOR"},"content":{"rendered":"<div class=\"o9v6fnle cxmmr5t8 oygrvhab hcukyx3x c1et5uql ii04i59q\">\n<div dir=\"auto\">&#8220;Bardzo jestem szcz\u0119\u015bliwa, to dla nas wszystkich wielki zaszczyt&#8221; &#8211; brzmia\u0142y pierwsze s\u0142owa Go\u0142dy Tencer po us\u0142yszeniu wyniku konkursu S3KTOR organizowanego przez Miasto Sto\u0142eczne Warszaw\u0119 i nagradzaj\u0105cego najlepsze zrealizowane inicjatywy pozarz\u0105dowe.<\/div>\n<div dir=\"auto\">&nbsp;<\/div>\n<div dir=\"auto\">Aldona Machnowska-G\u00f3ra, Dyrektor Koordynator ds. Kultury i Komunikacji Spo\u0142ecznej, Przewodnicz\u0105ca Zespo\u0142u Roboczego ds. Nagrody za Ca\u0142okszta\u0142t GRAND S3KTOR 2019 tak na gali Konkursu S3KTOR uzasadni\u0142a przyznanie tej wa\u017cnej dla nas nagrody: &#8220;W uznaniu zas\u0142ug Fundacji w zakresie historycznej i kulturalnej edukacji mieszka\u0144c\u00f3w Warszawy, w dziedzinie rozwoju relacji polsko-\u017cydowskich na rzecz praworz\u0105dno\u015bci i r\u00f3wno\u015bci wobec prawa oraz poszanowania godno\u015bci i odmienno\u015bci kulturowej narodowo\u015bciowej obywateli Polski w ca\u0142ym \u015bwiecie przyznaje si\u0119 nagrod\u0119 specjaln\u0105 na rzecz Fundacji Shalom\u201d. Wyr\u00f3\u017cnienie zosta\u0142o przyznane na wniosek Warszawskiej Rady Dzia\u0142alno\u015bci Po\u017cytku Publicznego.<\/div>\n<\/div>\n<div class=\"o9v6fnle cxmmr5t8 oygrvhab hcukyx3x c1et5uql ii04i59q\">\n<div dir=\"auto\">&nbsp;<\/div>\n<div dir=\"auto\">&#8220;Fundacja Shalom od trzydziestu lat zajmuje si\u0119 pami\u0119ci\u0105, przywraca Warszawie jej wielokulturow\u0105 to\u017csamo\u015b\u0107. Festiwal Warszawa Singera, kt\u00f3ry w tym roku odby\u0142 si\u0119 po raz siedemnasty jest mark\u0105 sam\u0105 w sobie, sta\u0142 si\u0119 najwi\u0119kszym w Polsce festiwalem kultury \u017cydowskiej. Bardzo jestem wzruszona i dumna. Dzi\u0119kuj\u0119 Miastu Sto\u0142ecznemu Warszawa. Dzi\u0119kuj\u0119 Pracownikom i Wsp\u00f3\u0142pracownikom Fundacji, a tak\u017ce Wolontariuszom, kt\u00f3rzy oddaj\u0105 Fundacji i Festiwalowi Warszawa Singera swoje serce i zaanga\u017cowanie&#8221; &#8211; powiedzia\u0142a jeszcze Go\u0142da Tencer.<\/div>\n<\/div>\n","protected":false},"excerpt":{"rendered":"<p>&#8220;Bardzo jestem szcz\u0119\u015bliwa, to dla nas wszystkich wielki zaszczyt&#8221; &#8211; brzmia\u0142y pierwsze s\u0142owa Go\u0142dy Tencer po us\u0142yszeniu wyniku konkursu S3KTOR [&hellip;]<\/p>\n","protected":false},"author":5,"featured_media":12033,"comment_status":"open","ping_status":"closed","template":"","meta":{"_acf_changed":false,"ngg_post_thumbnail":0,"_tribe_events_status":"","_tribe_events_status_reason":"","footnotes":""},"tags":[],"tribe_events_cat":[354,346,356,350,358,360,362,352],"class_list":["post-12032","tribe_events","type-tribe_events","status-publish","has-post-thumbnail","hentry","tribe_events_cat-dobroczynnosc-pl","tribe_events_cat-edukacja-pl","tribe_events_cat-festiwal-pl","tribe_events_cat-instytucja-pl","tribe_events_cat-kultura-pl","tribe_events_cat-muzyka-pl","tribe_events_cat-pamiec-pl","tribe_events_cat-slider-pl","cat_dobroczynnosc-pl","cat_edukacja-pl","cat_festiwal-pl","cat_instytucja-pl","cat_kultura-pl","cat_muzyka-pl","cat_pamiec-pl","cat_slider-pl"],"acf":[],"_links":{"self":[{"href":"https:\/\/shalom.org.pl\/en\/wp-json\/wp\/v2\/tribe_events\/12032","targetHints":{"allow":["GET"]}}],"collection":[{"href":"https:\/\/shalom.org.pl\/en\/wp-json\/wp\/v2\/tribe_events"}],"about":[{"href":"https:\/\/shalom.org.pl\/en\/wp-json\/wp\/v2\/types\/tribe_events"}],"author":[{"embeddable":true,"href":"https:\/\/shalom.org.pl\/en\/wp-json\/wp\/v2\/users\/5"}],"replies":[{"embeddable":true,"href":"https:\/\/shalom.org.pl\/en\/wp-json\/wp\/v2\/comments?post=12032"}],"version-history":[{"count":2,"href":"https:\/\/shalom.org.pl\/en\/wp-json\/wp\/v2\/tribe_events\/12032\/revisions"}],"predecessor-version":[{"id":12035,"href":"https:\/\/shalom.org.pl\/en\/wp-json\/wp\/v2\/tribe_events\/12032\/revisions\/12035"}],"wp:featuredmedia":[{"embeddable":true,"href":"https:\/\/shalom.org.pl\/en\/wp-json\/wp\/v2\/media\/12033"}],"wp:attachment":[{"href":"https:\/\/shalom.org.pl\/en\/wp-json\/wp\/v2\/media?parent=12032"}],"wp:term":[{"taxonomy":"post_tag","embeddable":true,"href":"https:\/\/shalom.org.pl\/en\/wp-json\/wp\/v2\/tags?post=12032"},{"taxonomy":"tribe_events_cat","embeddable":true,"href":"https:\/\/shalom.org.pl\/en\/wp-json\/wp\/v2\/tribe_events_cat?post=12032"}],"curies":[{"name":"wp","href":"https:\/\/api.w.org\/{rel}","templated":true}]}}

Fundacja Shalom z Nagrodą Specjalną Prezydenta Miasta St. Warszawy GRAND S3KTOR

<div class="o9v6fnle cxmmr5t8 oygrvhab hcukyx3x c1et5uql ii04i59q">
<div dir="auto">&#8220;Bardzo jestem szczęśliwa, to dla nas wszystkich wielki zaszczyt&#8221; &#8211; brzmiały pierwsze słowa Gołdy Tencer po usłyszeniu wyniku konkursu S3KTOR organizowanego przez Miasto Stołeczne Warszawę i nagradzającego najlepsze zrealizowane inicjatywy pozarządowe.</div>
<div dir="auto">&nbsp;</div>
<div dir="auto">Aldona Machnowska-Góra, Dyrektor Koordynator ds. Kultury i Komunikacji Społecznej, Przewodnicząca Zespołu Roboczego ds. Nagrody za Całokształt GRAND S3KTOR 2019 tak na gali Konkursu S3KTOR uzasadniła przyznanie tej ważnej dla nas nagrody: &#8220;W uznaniu zasług Fundacji w zakresie historycznej i kulturalnej edukacji mieszkańców Warszawy, w dziedzinie rozwoju relacji polsko-żydowskich na rzecz praworządności i równości wobec prawa oraz poszanowania godności i odmienności kulturowej narodowościowej obywateli Polski w całym świecie przyznaje się nagrodę specjalną na rzecz Fundacji Shalom”. Wyróżnienie zostało przyznane na wniosek Warszawskiej Rady Działalności Pożytku Publicznego.</div>
</div>
<div class="o9v6fnle cxmmr5t8 oygrvhab hcukyx3x c1et5uql ii04i59q">
<div dir="auto">&nbsp;</div>
<div dir="auto">&#8220;Fundacja Shalom od trzydziestu lat zajmuje się pamięcią, przywraca Warszawie jej wielokulturową tożsamość. Festiwal Warszawa Singera, który w tym roku odbył się po raz siedemnasty jest marką samą w sobie, stał się największym w Polsce festiwalem kultury żydowskiej. Bardzo jestem wzruszona i dumna. Dziękuję Miastu Stołecznemu Warszawa. Dziękuję Pracownikom i Współpracownikom Fundacji, a także Wolontariuszom, którzy oddają Fundacji i Festiwalowi Warszawa Singera swoje serce i zaangażowanie&#8221; &#8211; powiedziała jeszcze Gołda Tencer.</div>
</div>

<p>&#8220;Bardzo jestem szczęśliwa, to dla nas wszystkich wielki zaszczyt&#8221; &#8211; brzmiały pierwsze słowa Gołdy Tencer po usłyszeniu wyniku konkursu S3KTOR [&hellip;]</p>
