{"id":10378,"date":"2020-07-18T12:06:58","date_gmt":"2020-07-18T10:06:58","guid":{"rendered":"http:\/\/shalom.org.pl\/?post_type=tribe_events&#038;p=10378"},"modified":"2020-11-06T13:29:23","modified_gmt":"2020-11-06T12:29:23","slug":"zakonczenie-18-miedzynarodowego-seminarium-jezyka-i-kultury-jidysz","status":"publish","type":"tribe_events","link":"https:\/\/shalom.org.pl\/en\/event\/zakonczenie-18-miedzynarodowego-seminarium-jezyka-i-kultury-jidysz\/","title":{"rendered":"Zako\u0144czenie 18. Mi\u0119dzynarodowego Seminarium J\u0119zyka i Kultury Jidysz"},"content":{"rendered":"<p>Pi\u0105tkowy wiecz\u00f3r w CKJ by\u0142 wyj\u0105tkowy &#8211; kilkadziesi\u0105t os\u00f3b z kraj\u00f3w na kilku kontynentach spotka\u0142o si\u0119 online, by podsumowa\u0107 18. Mi\u0119dzynarodowe Seminarium J\u0119zyka i Kultury Jidysz, kt\u00f3re trwa\u0142o od 29 czerwca do 17 lipca. To pierwszy kurs, kt\u00f3ry odbywa\u0142 si\u0119 ca\u0142kowicie zdalnie. Dzi\u0119ki determinacji nauczycieli, organizator\u00f3w oraz s\u0142uchaczy, okaza\u0142 si\u0119 niebywa\u0142ym sukcesem.<\/p>\n<div>Studenci z Australii, Europy i Ameryki prezentowali zdobyte w ci\u0105gu trzech tygodni umiej\u0119tno\u015bci. Za ich wysi\u0142ek podzi\u0119kowa\u0142a im Hanna Pa\u0142uba, wicedyrektor Teatru \u017bydowskiego. &#8211; Mam nadziej\u0119, \u017ce spotkamy si\u0119 w Warszawie w kolejnym roku. Nauka online przez trzy tygodnie by\u0142a dla wszystkich wyzwaniem &#8211; powiedzia\u0142a.<\/div>\n<div>\n<p>R\u00f3wnie\u017c dla Go\u0142dy Tencer jest bardzo wa\u017cne, \u017ce tak wiele os\u00f3b zdecydowa\u0142o si\u0119 bra\u0107 udzia\u0142 w kursie. Dyrektor Teatru \u017bydowskiego i za\u0142o\u017cycielka Fundacji Shalom planuje ju\u017c kolejny projekt mi\u0119dzynarodowy, w kt\u00f3ry mieliby zosta\u0107 w\u0142\u0105czeni absolwenci Seminarium.- Nauka w tym roku by\u0142a dla nas technicznym wyzwaniem. Robili\u015bmy to po raz pierwszy. To dla nas lekcja na kolejny rok, chocia\u017c mam nadziej\u0119, \u017ce spotkamy si\u0119 w Warszawie &#8211; zapewnia Hanna Pa\u0142uba. &#8211; Dzi\u0119kuj\u0119 za ci\u0119\u017ck\u0105 prac\u0119 i bycie z nami.<\/p>\n<\/div>\n<div>&nbsp;<\/div>\n<div>\n\n\t\t<style type=\"text\/css\">\n\t\t\t#gallery-1 {\n\t\t\t\tmargin: auto;\n\t\t\t}\n\t\t\t#gallery-1 .gallery-item {\n\t\t\t\tfloat: left;\n\t\t\t\tmargin-top: 10px;\n\t\t\t\ttext-align: center;\n\t\t\t\twidth: 33%;\n\t\t\t}\n\t\t\t#gallery-1 img {\n\t\t\t\tborder: 2px solid #cfcfcf;\n\t\t\t}\n\t\t\t#gallery-1 .gallery-caption {\n\t\t\t\tmargin-left: 0;\n\t\t\t}\n\t\t\t\/* see gallery_shortcode() in wp-includes\/media.php *\/\n\t\t<\/style>\n\t\t<div id='gallery-1' class='gallery galleryid-10378 gallery-columns-3 gallery-size-thumbnail'><dl class='gallery-item'>\n\t\t\t<dt class='gallery-icon landscape'>\n\t\t\t\t<a href='https:\/\/shalom.org.pl\/en\/event\/zakonczenie-18-miedzynarodowego-seminarium-jezyka-i-kultury-jidysz\/seminarium-zakonczenie-2020-2\/'><img fetchpriority=\"high\" decoding=\"async\" width=\"300\" height=\"300\" src=\"https:\/\/shalom.org.pl\/wp-content\/uploads\/2020\/07\/Seminarium-zakonczenie-2020-2-300x300.jpg\" class=\"attachment-thumbnail size-thumbnail\" alt=\"\" \/><\/a>\n\t\t\t<\/dt><\/dl><dl class='gallery-item'>\n\t\t\t<dt class='gallery-icon landscape'>\n\t\t\t\t<a href='https:\/\/shalom.org.pl\/en\/event\/zakonczenie-18-miedzynarodowego-seminarium-jezyka-i-kultury-jidysz\/seminarium-zakonczenie-2020-3\/'><img decoding=\"async\" width=\"300\" height=\"300\" src=\"https:\/\/shalom.org.pl\/wp-content\/uploads\/2020\/07\/Seminarium-zakonczenie-2020-3-300x300.jpg\" class=\"attachment-thumbnail size-thumbnail\" alt=\"\" \/><\/a>\n\t\t\t<\/dt><\/dl><dl class='gallery-item'>\n\t\t\t<dt class='gallery-icon landscape'>\n\t\t\t\t<a href='https:\/\/shalom.org.pl\/en\/event\/zakonczenie-18-miedzynarodowego-seminarium-jezyka-i-kultury-jidysz\/seminarium-zakonczenie-2020\/'><img decoding=\"async\" width=\"300\" height=\"300\" src=\"https:\/\/shalom.org.pl\/wp-content\/uploads\/2020\/07\/Seminarium-zakonczenie-2020-300x300.jpg\" class=\"attachment-thumbnail size-thumbnail\" alt=\"\" \/><\/a>\n\t\t\t<\/dt><\/dl><br style=\"clear: both\" \/>\n\t\t<\/div>\n\n<p>Uczniowie Reyze Turner zaprezentowali napisane w ramach zaj\u0119\u0107 eseje. Uczestnicy warsztat\u00f3w tw\u00f3rczego pisania w jidysz prowadzonych przez Ethel Niborski przeczytali stworzone przez siebie utwory. Byli r\u00f3wnie\u017c studenci, kt\u00f3rzy pochwalili si\u0119 swoim talentem wokalnym, \u015bpiewaj\u0105c w jidysz. Ka\u017cdy mia\u0142 okazj\u0119 podzieli\u0107 si\u0119 wra\u017ceniami z zaj\u0119\u0107 i pokaza\u0107 najciekawsze prace.<\/p>\n<p>Na zako\u0144czenie uroczysto\u015bci uczestnicy wsp\u00f3lnie obejrzeli spektakl &#8220;Mazl Tov&#8221; w re\u017cyserii Go\u0142dy Tencer.<\/p>\n<p>Do zobaczenia na kolejnym Seminarium za rok!<\/p>\n<\/div>\n<div>&nbsp;<\/div>\n<div>&nbsp;<\/div>\n<div>\n<hr>\n<\/div>\n<div>&nbsp;<\/div>\n<div>\n<p><span style=\"font-size: 10pt;\"><i>Organizatorem Mi\u0119dzynarodowego Seminarium J\u0119zyka i Kultury Jidysz jest Fundacja Shalom we wsp\u00f3\u0142pracy z Centrum Kultury Jidysz<\/i><\/span><\/p>\n<p>Projekt wsp\u00f3\u0142finansowany przez Ministra Spraw Wewn\u0119trznych i Administracji, Ministra Kultury i Dziedzictwa Narodowego oraz Stowarzyszenie \u017bydowski Instytut Historyczny<\/p>\n<\/div>\n<div><span style=\"font-size: 10pt;\"><i><br \/>\nPatronat nad projektem: Muzeum Historii \u017byd\u00f3w Polskich Polin i \u017bydowski Instytut Historyczny<\/i><\/span><\/div>\n","protected":false},"excerpt":{"rendered":"<p>Pi\u0105tkowy wiecz\u00f3r w CKJ by\u0142 wyj\u0105tkowy &#8211; kilkadziesi\u0105t os\u00f3b z kraj\u00f3w na kilku kontynentach spotka\u0142o si\u0119 online, by podsumowa\u0107 18. [&hellip;]<\/p>\n","protected":false},"author":5,"featured_media":10379,"comment_status":"open","ping_status":"closed","template":"","meta":{"_acf_changed":false,"ngg_post_thumbnail":0,"_tribe_events_status":"","_tribe_events_status_reason":"","footnotes":""},"tags":[],"tribe_events_cat":[346,358],"class_list":["post-10378","tribe_events","type-tribe_events","status-publish","has-post-thumbnail","hentry","tribe_events_cat-edukacja-pl","tribe_events_cat-kultura-pl","cat_edukacja-pl","cat_kultura-pl"],"acf":[],"_links":{"self":[{"href":"https:\/\/shalom.org.pl\/en\/wp-json\/wp\/v2\/tribe_events\/10378","targetHints":{"allow":["GET"]}}],"collection":[{"href":"https:\/\/shalom.org.pl\/en\/wp-json\/wp\/v2\/tribe_events"}],"about":[{"href":"https:\/\/shalom.org.pl\/en\/wp-json\/wp\/v2\/types\/tribe_events"}],"author":[{"embeddable":true,"href":"https:\/\/shalom.org.pl\/en\/wp-json\/wp\/v2\/users\/5"}],"replies":[{"embeddable":true,"href":"https:\/\/shalom.org.pl\/en\/wp-json\/wp\/v2\/comments?post=10378"}],"version-history":[{"count":3,"href":"https:\/\/shalom.org.pl\/en\/wp-json\/wp\/v2\/tribe_events\/10378\/revisions"}],"predecessor-version":[{"id":10385,"href":"https:\/\/shalom.org.pl\/en\/wp-json\/wp\/v2\/tribe_events\/10378\/revisions\/10385"}],"wp:featuredmedia":[{"embeddable":true,"href":"https:\/\/shalom.org.pl\/en\/wp-json\/wp\/v2\/media\/10379"}],"wp:attachment":[{"href":"https:\/\/shalom.org.pl\/en\/wp-json\/wp\/v2\/media?parent=10378"}],"wp:term":[{"taxonomy":"post_tag","embeddable":true,"href":"https:\/\/shalom.org.pl\/en\/wp-json\/wp\/v2\/tags?post=10378"},{"taxonomy":"tribe_events_cat","embeddable":true,"href":"https:\/\/shalom.org.pl\/en\/wp-json\/wp\/v2\/tribe_events_cat?post=10378"}],"curies":[{"name":"wp","href":"https:\/\/api.w.org\/{rel}","templated":true}]}}

Zakończenie 18. Międzynarodowego Seminarium Języka i Kultury Jidysz

<p>Piątkowy wieczór w CKJ był wyjątkowy &#8211; kilkadziesiąt osób z krajów na kilku kontynentach spotkało się online, by podsumować 18. Międzynarodowe Seminarium Języka i Kultury Jidysz, które trwało od 29 czerwca do 17 lipca. To pierwszy kurs, który odbywał się całkowicie zdalnie. Dzięki determinacji nauczycieli, organizatorów oraz słuchaczy, okazał się niebywałym sukcesem.</p>
<div>Studenci z Australii, Europy i Ameryki prezentowali zdobyte w ciągu trzech tygodni umiejętności. Za ich wysiłek podziękowała im Hanna Pałuba, wicedyrektor Teatru Żydowskiego. &#8211; Mam nadzieję, że spotkamy się w Warszawie w kolejnym roku. Nauka online przez trzy tygodnie była dla wszystkich wyzwaniem &#8211; powiedziała.</div>
<div>
<p>Również dla Gołdy Tencer jest bardzo ważne, że tak wiele osób zdecydowało się brać udział w kursie. Dyrektor Teatru Żydowskiego i założycielka Fundacji Shalom planuje już kolejny projekt międzynarodowy, w który mieliby zostać włączeni absolwenci Seminarium.- Nauka w tym roku była dla nas technicznym wyzwaniem. Robiliśmy to po raz pierwszy. To dla nas lekcja na kolejny rok, chociaż mam nadzieję, że spotkamy się w Warszawie &#8211; zapewnia Hanna Pałuba. &#8211; Dziękuję za ciężką pracę i bycie z nami.</p>
</div>
<div>&nbsp;</div>
<div>

		<style type="text/css">
			#gallery-1 {
				margin: auto;
			}
			#gallery-1 .gallery-item {
				float: left;
				margin-top: 10px;
				text-align: center;
				width: 33%;
			}
			#gallery-1 img {
				border: 2px solid #cfcfcf;
			}
			#gallery-1 .gallery-caption {
				margin-left: 0;
			}
			/* see gallery_shortcode() in wp-includes/media.php */
		</style>
		<div id='gallery-1' class='gallery galleryid-10378 gallery-columns-3 gallery-size-thumbnail'><dl class='gallery-item'>
			<dt class='gallery-icon landscape'>
				<a href='https://shalom.org.pl/en/event/zakonczenie-18-miedzynarodowego-seminarium-jezyka-i-kultury-jidysz/seminarium-zakonczenie-2020-2/'><img fetchpriority="high" decoding="async" width="300" height="300" src="https://shalom.org.pl/wp-content/uploads/2020/07/Seminarium-zakonczenie-2020-2-300x300.jpg" class="attachment-thumbnail size-thumbnail" alt="" /></a>
			</dt></dl><dl class='gallery-item'>
			<dt class='gallery-icon landscape'>
				<a href='https://shalom.org.pl/en/event/zakonczenie-18-miedzynarodowego-seminarium-jezyka-i-kultury-jidysz/seminarium-zakonczenie-2020-3/'><img decoding="async" width="300" height="300" src="https://shalom.org.pl/wp-content/uploads/2020/07/Seminarium-zakonczenie-2020-3-300x300.jpg" class="attachment-thumbnail size-thumbnail" alt="" /></a>
			</dt></dl><dl class='gallery-item'>
			<dt class='gallery-icon landscape'>
				<a href='https://shalom.org.pl/en/event/zakonczenie-18-miedzynarodowego-seminarium-jezyka-i-kultury-jidysz/seminarium-zakonczenie-2020/'><img decoding="async" width="300" height="300" src="https://shalom.org.pl/wp-content/uploads/2020/07/Seminarium-zakonczenie-2020-300x300.jpg" class="attachment-thumbnail size-thumbnail" alt="" /></a>
			</dt></dl><br style="clear: both" />
		</div>

<p>Uczniowie Reyze Turner zaprezentowali napisane w ramach zajęć eseje. Uczestnicy warsztatów twórczego pisania w jidysz prowadzonych przez Ethel Niborski przeczytali stworzone przez siebie utwory. Byli również studenci, którzy pochwalili się swoim talentem wokalnym, śpiewając w jidysz. Każdy miał okazję podzielić się wrażeniami z zajęć i pokazać najciekawsze prace.</p>
<p>Na zakończenie uroczystości uczestnicy wspólnie obejrzeli spektakl &#8220;Mazl Tov&#8221; w reżyserii Gołdy Tencer.</p>
<p>Do zobaczenia na kolejnym Seminarium za rok!</p>
</div>
<div>&nbsp;</div>
<div>&nbsp;</div>
<div>
<hr>
</div>
<div>&nbsp;</div>
<div>
<p><span style="font-size: 10pt;"><i>Organizatorem Międzynarodowego Seminarium Języka i Kultury Jidysz jest Fundacja Shalom we współpracy z Centrum Kultury Jidysz</i></span></p>
<p>Projekt współfinansowany przez Ministra Spraw Wewnętrznych i Administracji, Ministra Kultury i Dziedzictwa Narodowego oraz Stowarzyszenie Żydowski Instytut Historyczny</p>
</div>
<div><span style="font-size: 10pt;"><i><br />
Patronat nad projektem: Muzeum Historii Żydów Polskich Polin i Żydowski Instytut Historyczny</i></span></div>

<p>Piątkowy wieczór w CKJ był wyjątkowy &#8211; kilkadziesiąt osób z krajów na kilku kontynentach spotkało się online, by podsumować 18. [&hellip;]</p>
