{"id":10372,"date":"2020-06-29T21:56:37","date_gmt":"2020-06-29T19:56:37","guid":{"rendered":"http:\/\/shalom.org.pl\/?post_type=tribe_events&#038;p=10372"},"modified":"2020-11-06T13:29:23","modified_gmt":"2020-11-06T12:29:23","slug":"rozpoczelo-sie-18-miedzynarodowe-seminarium-jezyka-i-kultury-jidysz","status":"publish","type":"tribe_events","link":"https:\/\/shalom.org.pl\/en\/event\/rozpoczelo-sie-18-miedzynarodowe-seminarium-jezyka-i-kultury-jidysz\/","title":{"rendered":"Rozpocz\u0119\u0142o si\u0119 18. Mi\u0119dzynarodowe Seminarium J\u0119zyka i Kultury Jidysz"},"content":{"rendered":"<p class=\"gwp62d1344f_MsoNormal\">J\u0119zyki jidysz jak co roku \u017cyje w Warszawie, tym razem w wersji on-line. Ponad 90 os\u00f3b zapisa\u0142o si\u0119 na 18. Mi\u0119dzynarodowe Seminarium J\u0119zyka i Kultury Jidysz organizowane przez Fundacj\u0119 Shalom przy wsp\u00f3\u0142pracy CKJ.<\/p>\n<p class=\"gwp62d1344f_MsoNormal\">Lekcje trwaj\u0105 od poniedzia\u0142ku, ale dzi\u015b spotkali\u015bmy si\u0119 na uroczystym rozpocz\u0119ciu. Przez platform\u0119 ZOOM mogli\u015bmy si\u0119 zobaczy\u0107, pozna\u0107 nauczycieli i wymieni\u0107 ze sob\u0105 kilka uwag.<\/p>\n<p><img fetchpriority=\"high\" decoding=\"async\" class=\"alignnone wp-image-10373 size-large\" src=\"http:\/\/shalom.org.pl\/wp-content\/uploads\/2020\/06\/powitanie1-1024x604.png\" alt=\"\" width=\"1024\" height=\"604\" srcset=\"https:\/\/shalom.org.pl\/wp-content\/uploads\/2020\/06\/powitanie1-1024x604.png 1024w, https:\/\/shalom.org.pl\/wp-content\/uploads\/2020\/06\/powitanie1-300x177.png 300w, https:\/\/shalom.org.pl\/wp-content\/uploads\/2020\/06\/powitanie1-768x453.png 768w, https:\/\/shalom.org.pl\/wp-content\/uploads\/2020\/06\/powitanie1-432x255.png 432w, https:\/\/shalom.org.pl\/wp-content\/uploads\/2020\/06\/powitanie1-350x207.png 350w, https:\/\/shalom.org.pl\/wp-content\/uploads\/2020\/06\/powitanie1.png 1261w\" sizes=\"(max-width: 1024px) 100vw, 1024px\" \/><\/p>\n<p class=\"gwp62d1344f_MsoNormal\">Wszystkich uczestnik\u00f3w w j\u0119zyku jidysz przywita\u0142a Go\u0142da Tencer, pomys\u0142odawczyni Seminarium i za\u0142o\u017cycielka Fundacji Shalom. To dzi\u0119ki jej inicjatywie jidysz rozwija si\u0119 w Warszawie, a teraz i na ca\u0142ym \u015bwiecie.<\/p>\n<p>O dzia\u0142alno\u015bci Fundacji m\u00f3wi\u0142 Dawid Szurmiej. &#8211; Z jednej strony spotkania online nie zast\u0105pi\u0105 spotka\u0144 osobistych, ale z drugiej strony inaczej nie mieliby\u015bmy szansy pozna\u0107 tylu ciekawych ludzi &#8211; zapewnia\u0142, zapraszaj\u0105c jednocze\u015bnie wszystkich na Festiwal Singera, kt\u00f3ry r\u00f3wnie\u017c odb\u0119dzie si\u0119 cz\u0119\u015bciowo w formule zdalnej.<\/p>\n<div>\n<p class=\"gwp62d1344f_MsoNormal\">Nasi nauczyciele Magdalena Koz\u0142owska, Anna Szyba, Tal Hever-Chybowski, Karolina Szymaniak, Reyze Turner, Natalia Krynicka, Agata Kondrat, Anna Rozenfeld, Etel Niborski, Shloyme Lubartovsky opowiedizeli o swoich zaj\u0119ciach, na kt\u00f3re zapraszamy!&nbsp;<\/p>\n<\/div>\n<div>\n<p class=\"gwp62d1344f_MsoNormal\">W\u0142\u0105czcie #ZOOMnaJidysz i do\u0142\u0105czcie do nas!<\/p>\n<\/div>\n","protected":false},"excerpt":{"rendered":"<p>J\u0119zyki jidysz jak co roku \u017cyje w Warszawie, tym razem w wersji on-line. Ponad 90 os\u00f3b zapisa\u0142o si\u0119 na 18. [&hellip;]<\/p>\n","protected":false},"author":5,"featured_media":10374,"comment_status":"open","ping_status":"closed","template":"","meta":{"_acf_changed":false,"ngg_post_thumbnail":0,"_tribe_events_status":"","_tribe_events_status_reason":"","footnotes":""},"tags":[],"tribe_events_cat":[346,358],"class_list":["post-10372","tribe_events","type-tribe_events","status-publish","has-post-thumbnail","hentry","tribe_events_cat-edukacja-pl","tribe_events_cat-kultura-pl","cat_edukacja-pl","cat_kultura-pl"],"acf":[],"_links":{"self":[{"href":"https:\/\/shalom.org.pl\/en\/wp-json\/wp\/v2\/tribe_events\/10372","targetHints":{"allow":["GET"]}}],"collection":[{"href":"https:\/\/shalom.org.pl\/en\/wp-json\/wp\/v2\/tribe_events"}],"about":[{"href":"https:\/\/shalom.org.pl\/en\/wp-json\/wp\/v2\/types\/tribe_events"}],"author":[{"embeddable":true,"href":"https:\/\/shalom.org.pl\/en\/wp-json\/wp\/v2\/users\/5"}],"replies":[{"embeddable":true,"href":"https:\/\/shalom.org.pl\/en\/wp-json\/wp\/v2\/comments?post=10372"}],"version-history":[{"count":3,"href":"https:\/\/shalom.org.pl\/en\/wp-json\/wp\/v2\/tribe_events\/10372\/revisions"}],"predecessor-version":[{"id":10387,"href":"https:\/\/shalom.org.pl\/en\/wp-json\/wp\/v2\/tribe_events\/10372\/revisions\/10387"}],"wp:featuredmedia":[{"embeddable":true,"href":"https:\/\/shalom.org.pl\/en\/wp-json\/wp\/v2\/media\/10374"}],"wp:attachment":[{"href":"https:\/\/shalom.org.pl\/en\/wp-json\/wp\/v2\/media?parent=10372"}],"wp:term":[{"taxonomy":"post_tag","embeddable":true,"href":"https:\/\/shalom.org.pl\/en\/wp-json\/wp\/v2\/tags?post=10372"},{"taxonomy":"tribe_events_cat","embeddable":true,"href":"https:\/\/shalom.org.pl\/en\/wp-json\/wp\/v2\/tribe_events_cat?post=10372"}],"curies":[{"name":"wp","href":"https:\/\/api.w.org\/{rel}","templated":true}]}}

Rozpoczęło się 18. Międzynarodowe Seminarium Języka i Kultury Jidysz

<p class="gwp62d1344f_MsoNormal">Języki jidysz jak co roku żyje w Warszawie, tym razem w wersji on-line. Ponad 90 osób zapisało się na 18. Międzynarodowe Seminarium Języka i Kultury Jidysz organizowane przez Fundację Shalom przy współpracy CKJ.</p>
<p class="gwp62d1344f_MsoNormal">Lekcje trwają od poniedziałku, ale dziś spotkaliśmy się na uroczystym rozpoczęciu. Przez platformę ZOOM mogliśmy się zobaczyć, poznać nauczycieli i wymienić ze sobą kilka uwag.</p>
<p><img fetchpriority="high" decoding="async" class="alignnone wp-image-10373 size-large" src="http://shalom.org.pl/wp-content/uploads/2020/06/powitanie1-1024x604.png" alt="" width="1024" height="604" srcset="https://shalom.org.pl/wp-content/uploads/2020/06/powitanie1-1024x604.png 1024w, https://shalom.org.pl/wp-content/uploads/2020/06/powitanie1-300x177.png 300w, https://shalom.org.pl/wp-content/uploads/2020/06/powitanie1-768x453.png 768w, https://shalom.org.pl/wp-content/uploads/2020/06/powitanie1-432x255.png 432w, https://shalom.org.pl/wp-content/uploads/2020/06/powitanie1-350x207.png 350w, https://shalom.org.pl/wp-content/uploads/2020/06/powitanie1.png 1261w" sizes="(max-width: 1024px) 100vw, 1024px" /></p>
<p class="gwp62d1344f_MsoNormal">Wszystkich uczestników w języku jidysz przywitała Gołda Tencer, pomysłodawczyni Seminarium i założycielka Fundacji Shalom. To dzięki jej inicjatywie jidysz rozwija się w Warszawie, a teraz i na całym świecie.</p>
<p>O działalności Fundacji mówił Dawid Szurmiej. &#8211; Z jednej strony spotkania online nie zastąpią spotkań osobistych, ale z drugiej strony inaczej nie mielibyśmy szansy poznać tylu ciekawych ludzi &#8211; zapewniał, zapraszając jednocześnie wszystkich na Festiwal Singera, który również odbędzie się częściowo w formule zdalnej.</p>
<div>
<p class="gwp62d1344f_MsoNormal">Nasi nauczyciele Magdalena Kozłowska, Anna Szyba, Tal Hever-Chybowski, Karolina Szymaniak, Reyze Turner, Natalia Krynicka, Agata Kondrat, Anna Rozenfeld, Etel Niborski, Shloyme Lubartovsky opowiedizeli o swoich zajęciach, na które zapraszamy!&nbsp;</p>
</div>
<div>
<p class="gwp62d1344f_MsoNormal">Włączcie #ZOOMnaJidysz i dołączcie do nas!</p>
</div>

<p>Języki jidysz jak co roku żyje w Warszawie, tym razem w wersji on-line. Ponad 90 osób zapisało się na 18. [&hellip;]</p>
