{"id":10339,"date":"2020-04-07T12:53:26","date_gmt":"2020-04-07T10:53:26","guid":{"rendered":"http:\/\/shalom.org.pl\/?post_type=tribe_events&#038;p=10339"},"modified":"2020-11-06T13:29:23","modified_gmt":"2020-11-06T12:29:23","slug":"pogodnych-swiat-pesach-wesolego-alleluja","status":"publish","type":"tribe_events","link":"https:\/\/shalom.org.pl\/en\/event\/pogodnych-swiat-pesach-wesolego-alleluja\/","title":{"rendered":"Pogodnych \u015bwi\u0105t Pesach! Weso\u0142ego Alleluja!"},"content":{"rendered":"<p><em>W tym szczeg\u00f3lnym czasie <\/em><em>wszystkim Wam &#8211; naszym Przyjacio\u0142om,<\/em><\/p>\n<p><em>\u017cyczymy przede wszystkim zdrowia, nadziei i spokoju.<\/em><\/p>\n<p><em>I cho\u0107 w wi\u0119kszo\u015bci jeste\u015bmy teraz od siebie oddzieleni,<\/em><\/p>\n<p><em>sp\u0119d\u017amy ten \u015bwi\u0105teczny czas w poczuciu, \u017ce jeste\u015bmy blisko.<\/em><\/p>\n<p><em>\u017be to, co (miejmy nadziej\u0119) by\u0142o najgorsze w tym roku, wkr\u00f3tce przeminie, <\/em><\/p>\n<p><em>a w naszych domach i sercach <\/em><em>zn\u00f3w zagoszcz\u0105 rado\u015b\u0107 i szcz\u0119\u015bcie.<\/em><\/p>\n<p><em>Pogodnych \u015bwi\u0105t Pesach!<\/em><\/p>\n<p><em>Weso\u0142ego Alleluja!<\/em><\/p>\n<p>&nbsp;<\/p>\n","protected":false},"excerpt":{"rendered":"<p>W tym szczeg\u00f3lnym czasie wszystkim Wam &#8211; naszym Przyjacio\u0142om, \u017cyczymy przede wszystkim zdrowia, nadziei i spokoju. I cho\u0107 w wi\u0119kszo\u015bci [&hellip;]<\/p>\n","protected":false},"author":5,"featured_media":10342,"comment_status":"open","ping_status":"closed","template":"","meta":{"_acf_changed":false,"ngg_post_thumbnail":0,"_tribe_events_status":"","_tribe_events_status_reason":"","footnotes":""},"tags":[],"tribe_events_cat":[350,352],"class_list":["post-10339","tribe_events","type-tribe_events","status-publish","has-post-thumbnail","hentry","tribe_events_cat-instytucja-pl","tribe_events_cat-slider-pl","cat_instytucja-pl","cat_slider-pl"],"acf":[],"_links":{"self":[{"href":"https:\/\/shalom.org.pl\/en\/wp-json\/wp\/v2\/tribe_events\/10339","targetHints":{"allow":["GET"]}}],"collection":[{"href":"https:\/\/shalom.org.pl\/en\/wp-json\/wp\/v2\/tribe_events"}],"about":[{"href":"https:\/\/shalom.org.pl\/en\/wp-json\/wp\/v2\/types\/tribe_events"}],"author":[{"embeddable":true,"href":"https:\/\/shalom.org.pl\/en\/wp-json\/wp\/v2\/users\/5"}],"replies":[{"embeddable":true,"href":"https:\/\/shalom.org.pl\/en\/wp-json\/wp\/v2\/comments?post=10339"}],"version-history":[{"count":1,"href":"https:\/\/shalom.org.pl\/en\/wp-json\/wp\/v2\/tribe_events\/10339\/revisions"}],"predecessor-version":[{"id":10341,"href":"https:\/\/shalom.org.pl\/en\/wp-json\/wp\/v2\/tribe_events\/10339\/revisions\/10341"}],"wp:featuredmedia":[{"embeddable":true,"href":"https:\/\/shalom.org.pl\/en\/wp-json\/wp\/v2\/media\/10342"}],"wp:attachment":[{"href":"https:\/\/shalom.org.pl\/en\/wp-json\/wp\/v2\/media?parent=10339"}],"wp:term":[{"taxonomy":"post_tag","embeddable":true,"href":"https:\/\/shalom.org.pl\/en\/wp-json\/wp\/v2\/tags?post=10339"},{"taxonomy":"tribe_events_cat","embeddable":true,"href":"https:\/\/shalom.org.pl\/en\/wp-json\/wp\/v2\/tribe_events_cat?post=10339"}],"curies":[{"name":"wp","href":"https:\/\/api.w.org\/{rel}","templated":true}]}}

Pogodnych świąt Pesach! Wesołego Alleluja!

<p><em>W tym szczególnym czasie </em><em>wszystkim Wam &#8211; naszym Przyjaciołom,</em></p>
<p><em>życzymy przede wszystkim zdrowia, nadziei i spokoju.</em></p>
<p><em>I choć w większości jesteśmy teraz od siebie oddzieleni,</em></p>
<p><em>spędźmy ten świąteczny czas w poczuciu, że jesteśmy blisko.</em></p>
<p><em>Że to, co (miejmy nadzieję) było najgorsze w tym roku, wkrótce przeminie, </em></p>
<p><em>a w naszych domach i sercach </em><em>znów zagoszczą radość i szczęście.</em></p>
<p><em>Pogodnych świąt Pesach!</em></p>
<p><em>Wesołego Alleluja!</em></p>
<p>&nbsp;</p>

<p>W tym szczególnym czasie wszystkim Wam &#8211; naszym Przyjaciołom, życzymy przede wszystkim zdrowia, nadziei i spokoju. I choć w większości [&hellip;]</p>
