{"id":17699,"date":"2023-06-17T16:34:28","date_gmt":"2023-06-17T14:34:28","guid":{"rendered":"http:\/\/shalom.org.pl\/wp-content\/uploads\/2023\/05\/Ewa_Zi\u0119tek_fot.-Pawe\u0142-Matyka.jpg"},"modified":"2023-06-17T16:36:21","modified_gmt":"2023-06-17T14:36:21","slug":"ewa-zietek-tarnobrzeski-dom-kultury-grudzien-2001r","status":"inherit","type":"attachment","link":"https:\/\/shalom.org.pl\/en\/event\/spelnione-marzenie-festiwal-kultury-zydowskiej-warszawa-singera-po-raz-dwudziesty\/ewa-zietek-tarnobrzeski-dom-kultury-grudzien-2001r\/","title":{"rendered":"Ewa Zi\u00eatek.Tarnobrzeski Dom Kultury.grudzie\u00f1.2001r."},"author":5,"featured_media":0,"comment_status":"open","ping_status":"closed","template":"","meta":{"_acf_changed":false,"ngg_post_thumbnail":0},"class_list":["post-17699","attachment","type-attachment","status-inherit","hentry"],"acf":[],"description":{"rendered":"<p class=\"attachment\"><a href='https:\/\/shalom.org.pl\/wp-content\/uploads\/2023\/05\/Ewa_Zi\u0119tek_fot.-Pawe\u0142-Matyka.jpg'><img fetchpriority=\"high\" decoding=\"async\" width=\"200\" height=\"300\" src=\"https:\/\/shalom.org.pl\/wp-content\/uploads\/2023\/05\/Ewa_Zi\u0119tek_fot.-Pawe\u0142-Matyka-200x300.jpg\" class=\"attachment-medium size-medium\" alt=\"\" srcset=\"https:\/\/shalom.org.pl\/wp-content\/uploads\/2023\/05\/Ewa_Zi\u0119tek_fot.-Pawe\u0142-Matyka-200x300.jpg 200w, https:\/\/shalom.org.pl\/wp-content\/uploads\/2023\/05\/Ewa_Zi\u0119tek_fot.-Pawe\u0142-Matyka-170x255.jpg 170w, https:\/\/shalom.org.pl\/wp-content\/uploads\/2023\/05\/Ewa_Zi\u0119tek_fot.-Pawe\u0142-Matyka-350x525.jpg 350w, https:\/\/shalom.org.pl\/wp-content\/uploads\/2023\/05\/Ewa_Zi\u0119tek_fot.-Pawe\u0142-Matyka.jpg 667w\" sizes=\"(max-width: 200px) 100vw, 200px\" \/><\/a><\/p>\n"},"caption":{"rendered":"<p>Ewa Zi\u0119tek \/fot. Pawe\u0142 Matyka<\/p>\n"},"alt_text":"","media_type":"image","mime_type":"image\/jpeg","media_details":{"width":667,"height":1000,"file":"2023\/05\/Ewa_Zi\u0119tek_fot.-Pawe\u0142-Matyka.jpg","sizes":{"thumbnail":{"file":"Ewa_Zi\u0119tek_fot.-Pawe\u0142-Matyka-300x300.jpg","width":300,"height":300,"mime_type":"image\/jpeg","source_url":"https:\/\/shalom.org.pl\/wp-content\/uploads\/2023\/05\/Ewa_Zi\u0119tek_fot.-Pawe\u0142-Matyka-300x300.jpg"},"medium":{"file":"Ewa_Zi\u0119tek_fot.-Pawe\u0142-Matyka-200x300.jpg","width":200,"height":300,"mime_type":"image\/jpeg","source_url":"https:\/\/shalom.org.pl\/wp-content\/uploads\/2023\/05\/Ewa_Zi\u0119tek_fot.-Pawe\u0142-Matyka-200x300.jpg"},"post-thumbnail":{"file":"Ewa_Zi\u0119tek_fot.-Pawe\u0142-Matyka-170x255.jpg","width":170,"height":255,"mime_type":"image\/jpeg","source_url":"https:\/\/shalom.org.pl\/wp-content\/uploads\/2023\/05\/Ewa_Zi\u0119tek_fot.-Pawe\u0142-Matyka-170x255.jpg"},"blog-list-post-size":{"file":"Ewa_Zi\u0119tek_fot.-Pawe\u0142-Matyka-350x525.jpg","width":350,"height":525,"mime_type":"image\/jpeg","source_url":"https:\/\/shalom.org.pl\/wp-content\/uploads\/2023\/05\/Ewa_Zi\u0119tek_fot.-Pawe\u0142-Matyka-350x525.jpg"},"full":{"file":"Ewa_Zi\u0119tek_fot.-Pawe\u0142-Matyka.jpg","width":667,"height":1000,"mime_type":"image\/jpeg","source_url":"https:\/\/shalom.org.pl\/wp-content\/uploads\/2023\/05\/Ewa_Zi\u0119tek_fot.-Pawe\u0142-Matyka.jpg"}},"image_meta":{"aperture":"8","credit":"Pawe? Matyka.","camera":"Canon EOS 400D DIGITAL","caption":"Ewa Zi\u00eatek.Tarnobrzeski Dom Kultury.grudzie\u00f1.2001r.","created_timestamp":"1412704054","copyright":"","focal_length":"52","iso":"800","shutter_speed":"0.004","title":"Ewa Zi\u00eatek.Tarnobrzeski Dom Kultury.grudzie\u00f1.2001r.","orientation":"1","keywords":[]}},"post":17445,"source_url":"https:\/\/shalom.org.pl\/wp-content\/uploads\/2023\/05\/Ewa_Zi\u0119tek_fot.-Pawe\u0142-Matyka.jpg","_links":{"self":[{"href":"https:\/\/shalom.org.pl\/en\/wp-json\/wp\/v2\/media\/17699","targetHints":{"allow":["GET"]}}],"collection":[{"href":"https:\/\/shalom.org.pl\/en\/wp-json\/wp\/v2\/media"}],"about":[{"href":"https:\/\/shalom.org.pl\/en\/wp-json\/wp\/v2\/types\/attachment"}],"author":[{"embeddable":true,"href":"https:\/\/shalom.org.pl\/en\/wp-json\/wp\/v2\/users\/5"}],"replies":[{"embeddable":true,"href":"https:\/\/shalom.org.pl\/en\/wp-json\/wp\/v2\/comments?post=17699"}]}}

http://shalom.org.pl/wp-content/uploads/2023/05/Ewa_Ziętek_fot.-Paweł-Matyka.jpg

Ewa Ziêtek.Tarnobrzeski Dom Kultury.grudzieñ.2001r.

<p class="attachment"><a href='https://shalom.org.pl/wp-content/uploads/2023/05/Ewa_Ziętek_fot.-Paweł-Matyka.jpg'><img fetchpriority="high" decoding="async" width="200" height="300" src="https://shalom.org.pl/wp-content/uploads/2023/05/Ewa_Ziętek_fot.-Paweł-Matyka-200x300.jpg" class="attachment-medium size-medium" alt="" srcset="https://shalom.org.pl/wp-content/uploads/2023/05/Ewa_Ziętek_fot.-Paweł-Matyka-200x300.jpg 200w, https://shalom.org.pl/wp-content/uploads/2023/05/Ewa_Ziętek_fot.-Paweł-Matyka-170x255.jpg 170w, https://shalom.org.pl/wp-content/uploads/2023/05/Ewa_Ziętek_fot.-Paweł-Matyka-350x525.jpg 350w, https://shalom.org.pl/wp-content/uploads/2023/05/Ewa_Ziętek_fot.-Paweł-Matyka.jpg 667w" sizes="(max-width: 200px) 100vw, 200px" /></a></p>

<p>Ewa Ziętek /fot. Paweł Matyka</p>

2023/05/Ewa_Ziętek_fot.-Paweł-Matyka.jpg

Ewa_Ziętek_fot.-Paweł-Matyka-300x300.jpg

https://shalom.org.pl/wp-content/uploads/2023/05/Ewa_Ziętek_fot.-Paweł-Matyka-300x300.jpg

Ewa_Ziętek_fot.-Paweł-Matyka-200x300.jpg

https://shalom.org.pl/wp-content/uploads/2023/05/Ewa_Ziętek_fot.-Paweł-Matyka-200x300.jpg

Ewa_Ziętek_fot.-Paweł-Matyka-170x255.jpg

https://shalom.org.pl/wp-content/uploads/2023/05/Ewa_Ziętek_fot.-Paweł-Matyka-170x255.jpg

Ewa_Ziętek_fot.-Paweł-Matyka-350x525.jpg

https://shalom.org.pl/wp-content/uploads/2023/05/Ewa_Ziętek_fot.-Paweł-Matyka-350x525.jpg

Ewa_Ziętek_fot.-Paweł-Matyka.jpg

https://shalom.org.pl/wp-content/uploads/2023/05/Ewa_Ziętek_fot.-Paweł-Matyka.jpg
